{"id":19321,"date":"2026-04-10T19:59:41","date_gmt":"2026-04-10T17:59:41","guid":{"rendered":"https:\/\/www.lebens-qi.at\/qishop\/?post_type=product&#038;p=19321"},"modified":"2026-04-10T20:29:04","modified_gmt":"2026-04-10T18:29:04","slug":"teedose-artist-cats","status":"publish","type":"product","link":"https:\/\/www.lebens-qi.at\/qishop\/produkt\/teedose-artist-cats\/","title":{"rendered":"Teedose Artist Cats"},"content":{"rendered":"<p>Tee-Dose<\/p>\n<p><b>Artist Cats<\/b><\/p>\n<p>Einmal ein ber\u00fchmter K\u00fcnstler sein! Das dachten sich auch diese kreativen K\u00e4tzchen und nun erstrahlen sie im Stil weltbekannter Maler und Bildhauer. Erkennst du sie wieder?<\/p>\n<p>Ideal f\u00fcr Kunstliebhaber, Katzenfreunde oder als originelles Geschenk. Dezente schwarz-wei\u00df Optik in feiner Strichzeichnung, mit liebevollen, kleinen Details.<\/p>\n<p>Eckige Dosenform mit St\u00fclpdeckel und matter Oberfl\u00e4chenveredlung. Die Dose eignet sich ausgezeichnet zur Lagerung von ca. 100 g Tee. Auch als Geschenk oder f\u00fcr die Aufbewahrung s\u00fc\u00dfer Leckereien ist dieser Artikel die perfekte Wahl.<\/p>\n<p>Passend zu den Artist Cats <a href=\"https:\/\/www.lebens-qi.at\/qishop\/produkt\/kraeuterteetasse-artist-cats\/\">Kr\u00e4uterteetassen<\/a> und Tassen<\/p>\n<p>Material: Wei\u00dfblech<br \/>\nGr\u00f6\u00dfe: 7,3 x 7,3 x 10 cm (f\u00fcr ca. 100 g Tee)<br \/>\nLieferumfang: 1 Dose ohne Inhalt<br \/>\nHinweis: matte Oberfl\u00e4chenveredelung<\/p>\n","protected":false},"excerpt":{"rendered":"<p>das wahrscheinlich au\u00dfergew\u00f6hnlichste Katzenmotiv<\/p>\n","protected":false},"featured_media":19322,"comment_status":"open","ping_status":"closed","template":"","meta":{"_links_to":"","_links_to_target":""},"pwb-brand":[437],"product_brand":[],"product_cat":[439],"product_tag":[3170,2559,2558,901,1088,443,2560],"class_list":{"0":"post-19321","1":"product","2":"type-product","3":"status-publish","4":"has-post-thumbnail","6":"pwb-brand-chacult","7":"product_cat-teezubehoer","8":"product_tag-artist-cats","9":"product_tag-aufbewahrung","10":"product_tag-dose","11":"product_tag-katzen","12":"product_tag-kunst","13":"product_tag-tee","14":"product_tag-teedose","15":"pa_herkunft-china","17":"first","18":"instock","19":"taxable","20":"shipping-taxable","21":"purchasable","22":"product-type-simple"},"blog_post_layout_featured_media_urls":{"thumbnail":["https:\/\/www.lebens-qi.at\/qishop\/wp-content\/uploads\/71224-Dose-Artist-Cats-150x150.png",150,150,true],"full":["https:\/\/www.lebens-qi.at\/qishop\/wp-content\/uploads\/71224-Dose-Artist-Cats.png",670,670,false]},"categories":["437"],"categories_names":{"437":{"name":"ChaCult","link":"https:\/\/www.lebens-qi.at\/qishop\/brand\/chacult\/"}},"comments_number":"0","brands":[{"id":437,"name":"ChaCult","slug":"chacult"}],"_links":{"self":[{"href":"https:\/\/www.lebens-qi.at\/qishop\/wp-json\/wp\/v2\/product\/19321","targetHints":{"allow":["GET"]}}],"collection":[{"href":"https:\/\/www.lebens-qi.at\/qishop\/wp-json\/wp\/v2\/product"}],"about":[{"href":"https:\/\/www.lebens-qi.at\/qishop\/wp-json\/wp\/v2\/types\/product"}],"replies":[{"embeddable":true,"href":"https:\/\/www.lebens-qi.at\/qishop\/wp-json\/wp\/v2\/comments?post=19321"}],"wp:featuredmedia":[{"embeddable":true,"href":"https:\/\/www.lebens-qi.at\/qishop\/wp-json\/wp\/v2\/media\/19322"}],"wp:attachment":[{"href":"https:\/\/www.lebens-qi.at\/qishop\/wp-json\/wp\/v2\/media?parent=19321"}],"wp:term":[{"taxonomy":"pwb-brand","embeddable":true,"href":"https:\/\/www.lebens-qi.at\/qishop\/wp-json\/wp\/v2\/pwb-brand?post=19321"},{"taxonomy":"product_brand","embeddable":true,"href":"https:\/\/www.lebens-qi.at\/qishop\/wp-json\/wp\/v2\/product_brand?post=19321"},{"taxonomy":"product_cat","embeddable":true,"href":"https:\/\/www.lebens-qi.at\/qishop\/wp-json\/wp\/v2\/product_cat?post=19321"},{"taxonomy":"product_tag","embeddable":true,"href":"https:\/\/www.lebens-qi.at\/qishop\/wp-json\/wp\/v2\/product_tag?post=19321"}],"curies":[{"name":"wp","href":"https:\/\/api.w.org\/{rel}","templated":true}]}}