{"id":19325,"date":"2026-04-10T20:29:24","date_gmt":"2026-04-10T18:29:24","guid":{"rendered":"https:\/\/www.lebens-qi.at\/qishop\/?post_type=product&#038;p=19325"},"modified":"2026-04-10T20:45:58","modified_gmt":"2026-04-10T18:45:58","slug":"tasse-artist-cats","status":"publish","type":"product","link":"https:\/\/www.lebens-qi.at\/qishop\/produkt\/tasse-artist-cats\/","title":{"rendered":"Tasse Artist Cats"},"content":{"rendered":"<p>H\u00e4ferl\/Tasse\/Becher \ud83d\ude42<\/p>\n<p><b>Artist Cats<\/b><\/p>\n<p>Einmal ein ber\u00fchmter K\u00fcnstler sein! Das dachten sich auch diese kreativen K\u00e4tzchen und nun erstrahlen sie im Stil weltbekannter Maler und Bildhauer. Erkennst du sie wieder?<\/p>\n<p>Ideal f\u00fcr Kunstliebhaber, Katzenfreunde oder als originelles Geschenk. Dezente schwarz-wei\u00df Optik in feiner Strichzeichnung, mit liebevollen, kleinen Details.<\/p>\n<p>Mit einer F\u00fcllmenge von 0,4 l eignet sie sich optimal f\u00fcr den Genuss diverser Teespezialit\u00e4ten. Dazu passend gibt es auch eine <a href=\"https:\/\/www.lebens-qi.at\/qishop\/produkt\/teedose-artist-cats\/\">Artist Cats Teedose<\/a>.<\/p>\n<p>Material: New Bone China<br \/>\nInhalt: 0,4 l<br \/>\nGr\u00f6\u00dfe: H 8,7 cm, \u00d8 9 cm<br \/>\nLieferumfang: eine Tasse ohne Zubeh\u00f6r<br \/>\nHinweis: sp\u00fclmaschinen-\/mikrowellenfest<\/p>\n","protected":false},"excerpt":{"rendered":"<p>das wahrscheinlich au\u00dfergew\u00f6hnlichste Katzenmotiv<\/p>\n","protected":false},"featured_media":19326,"comment_status":"open","ping_status":"closed","template":"","meta":{"_links_to":"","_links_to_target":""},"pwb-brand":[437],"product_brand":[],"product_cat":[436],"product_tag":[3170,1641,901,1088,1897],"class_list":{"0":"post-19325","1":"product","2":"type-product","3":"status-publish","4":"has-post-thumbnail","6":"pwb-brand-chacult","7":"product_cat-tassen","8":"product_tag-artist-cats","9":"product_tag-haeferl","10":"product_tag-katzen","11":"product_tag-kunst","12":"product_tag-teetasse","13":"pa_herkunft-china","15":"first","16":"instock","17":"taxable","18":"shipping-taxable","19":"purchasable","20":"product-type-simple"},"blog_post_layout_featured_media_urls":{"thumbnail":["https:\/\/www.lebens-qi.at\/qishop\/wp-content\/uploads\/artist-cats-tasse-150x150.png",150,150,true],"full":["https:\/\/www.lebens-qi.at\/qishop\/wp-content\/uploads\/artist-cats-tasse.png",800,800,false]},"categories":["437"],"categories_names":{"437":{"name":"ChaCult","link":"https:\/\/www.lebens-qi.at\/qishop\/brand\/chacult\/"}},"comments_number":"0","brands":[{"id":437,"name":"ChaCult","slug":"chacult"}],"_links":{"self":[{"href":"https:\/\/www.lebens-qi.at\/qishop\/wp-json\/wp\/v2\/product\/19325","targetHints":{"allow":["GET"]}}],"collection":[{"href":"https:\/\/www.lebens-qi.at\/qishop\/wp-json\/wp\/v2\/product"}],"about":[{"href":"https:\/\/www.lebens-qi.at\/qishop\/wp-json\/wp\/v2\/types\/product"}],"replies":[{"embeddable":true,"href":"https:\/\/www.lebens-qi.at\/qishop\/wp-json\/wp\/v2\/comments?post=19325"}],"wp:featuredmedia":[{"embeddable":true,"href":"https:\/\/www.lebens-qi.at\/qishop\/wp-json\/wp\/v2\/media\/19326"}],"wp:attachment":[{"href":"https:\/\/www.lebens-qi.at\/qishop\/wp-json\/wp\/v2\/media?parent=19325"}],"wp:term":[{"taxonomy":"pwb-brand","embeddable":true,"href":"https:\/\/www.lebens-qi.at\/qishop\/wp-json\/wp\/v2\/pwb-brand?post=19325"},{"taxonomy":"product_brand","embeddable":true,"href":"https:\/\/www.lebens-qi.at\/qishop\/wp-json\/wp\/v2\/product_brand?post=19325"},{"taxonomy":"product_cat","embeddable":true,"href":"https:\/\/www.lebens-qi.at\/qishop\/wp-json\/wp\/v2\/product_cat?post=19325"},{"taxonomy":"product_tag","embeddable":true,"href":"https:\/\/www.lebens-qi.at\/qishop\/wp-json\/wp\/v2\/product_tag?post=19325"}],"curies":[{"name":"wp","href":"https:\/\/api.w.org\/{rel}","templated":true}]}}