{"id":19381,"date":"2026-04-14T16:39:22","date_gmt":"2026-04-14T14:39:22","guid":{"rendered":"https:\/\/www.lebens-qi.at\/qishop\/?post_type=product&#038;p=19381"},"modified":"2026-04-14T16:51:03","modified_gmt":"2026-04-14T14:51:03","slug":"tea4one-florentina-zarte-blueten","status":"publish","type":"product","link":"https:\/\/www.lebens-qi.at\/qishop\/produkt\/tea4one-florentina-zarte-blueten\/","title":{"rendered":"Tea4One &#8211; Florentina &#8211; zarte Bl\u00fcten"},"content":{"rendered":"<p><b>Teekanne mit Teetasse f\u00fcr eine Person<\/b><\/p>\n<p><b>Florentina <\/b><b>\u2013 zarte Wildblumenwiese\u00a0<\/b><\/p>\n<p>Bei diesem Tea4One-Set ist das Motiv von einer wilden Blumenwiese inspiriert: zarten Doldenbl\u00fcten, feinen Schmuckk\u00f6rbchen und fragilen Rispenblumen. Arrangiert in sanften Pastellt\u00f6nen wirkt das Design wie aus einer Phantasiewelt \u2013 ideal um sich aus dem stressigen Alltag herauszutr\u00e4umen. Das helle blau, lila und ros\u00e9 sind hierbei besonders harmonisch aufeinander abgestimmt. F\u00fcr eine besonders edle Optik sorgt die hochwertige Goldauflage. Das Tea-for-one Set, bestehend aus Kanne mit Deckel, Tasse und Untertasse, ist ideal geeignet f\u00fcr eine Person. Auch als besondere Geschenkidee geeignet. Jedes Set wird handbemalt und ist somit ein Unikat.<\/p>\n<p><strong>TIPP:<\/strong> der <a href=\"https:\/\/www.lebens-qi.at\/qishop\/produkt\/edelstahl-teefilter-klein\/\">Edelstahl Teefilter klein<\/a> passt perfekt zu diesem Tea4One-Set &#8211; bei Bedarf bitte mitbestellen!<\/p>\n<p>Material: Steinzeug mit Goldauflage, handbemalt<br \/>\nInhalt: Kanne 0,4 l, Tasse 0,2 l<br \/>\nLieferumfang: 1 Kanne mit Deckel, Tasse, Untertasse<br \/>\nQualit\u00e4t: aufgrund der Goldauflage ist dieses Tea4One-Set nicht sp\u00fclmaschinen-\/mikrowellenfest<\/p>\n","protected":false},"excerpt":{"rendered":"<p>stilvolle Tee-Kanne &amp; Tasse mit zartem Blumen-Motiv<\/p>\n","protected":false},"featured_media":19383,"comment_status":"open","ping_status":"closed","template":"","meta":{"_links_to":"","_links_to_target":""},"pwb-brand":[437],"product_brand":[],"product_cat":[3019,440],"product_tag":[1645,2650,1109,2654,443,2649,1897],"class_list":{"0":"post-19381","1":"product","2":"type-product","3":"status-publish","4":"has-post-thumbnail","6":"pwb-brand-chacult","7":"product_cat-ostern","8":"product_cat-tea4one","9":"product_tag-blueten","10":"product_tag-kanne","11":"product_tag-schmetterling","12":"product_tag-tea4one","13":"product_tag-tee","14":"product_tag-teekanne","15":"product_tag-teetasse","16":"pa_herkunft-thailand","18":"first","19":"instock","20":"taxable","21":"shipping-taxable","22":"purchasable","23":"product-type-simple"},"blog_post_layout_featured_media_urls":{"thumbnail":["https:\/\/www.lebens-qi.at\/qishop\/wp-content\/uploads\/80461-Tea-for-one-Set-Florentina-150x150.png",150,150,true],"full":["https:\/\/www.lebens-qi.at\/qishop\/wp-content\/uploads\/80461-Tea-for-one-Set-Florentina.png",713,712,false]},"categories":["437"],"categories_names":{"437":{"name":"ChaCult","link":"https:\/\/www.lebens-qi.at\/qishop\/brand\/chacult\/"}},"comments_number":"0","brands":[{"id":437,"name":"ChaCult","slug":"chacult"}],"_links":{"self":[{"href":"https:\/\/www.lebens-qi.at\/qishop\/wp-json\/wp\/v2\/product\/19381","targetHints":{"allow":["GET"]}}],"collection":[{"href":"https:\/\/www.lebens-qi.at\/qishop\/wp-json\/wp\/v2\/product"}],"about":[{"href":"https:\/\/www.lebens-qi.at\/qishop\/wp-json\/wp\/v2\/types\/product"}],"replies":[{"embeddable":true,"href":"https:\/\/www.lebens-qi.at\/qishop\/wp-json\/wp\/v2\/comments?post=19381"}],"wp:featuredmedia":[{"embeddable":true,"href":"https:\/\/www.lebens-qi.at\/qishop\/wp-json\/wp\/v2\/media\/19383"}],"wp:attachment":[{"href":"https:\/\/www.lebens-qi.at\/qishop\/wp-json\/wp\/v2\/media?parent=19381"}],"wp:term":[{"taxonomy":"pwb-brand","embeddable":true,"href":"https:\/\/www.lebens-qi.at\/qishop\/wp-json\/wp\/v2\/pwb-brand?post=19381"},{"taxonomy":"product_brand","embeddable":true,"href":"https:\/\/www.lebens-qi.at\/qishop\/wp-json\/wp\/v2\/product_brand?post=19381"},{"taxonomy":"product_cat","embeddable":true,"href":"https:\/\/www.lebens-qi.at\/qishop\/wp-json\/wp\/v2\/product_cat?post=19381"},{"taxonomy":"product_tag","embeddable":true,"href":"https:\/\/www.lebens-qi.at\/qishop\/wp-json\/wp\/v2\/product_tag?post=19381"}],"curies":[{"name":"wp","href":"https:\/\/api.w.org\/{rel}","templated":true}]}}