{"id":1988,"date":"2024-02-19T11:58:52","date_gmt":"2024-02-19T10:58:52","guid":{"rendered":"https:\/\/www.lebens-qi.at\/qishop\/produkt\/tasse-lalia-dreiecke\/"},"modified":"2026-03-25T16:22:42","modified_gmt":"2026-03-25T15:22:42","slug":"tasse-lalia-dreiecke","status":"publish","type":"product","link":"https:\/\/www.lebens-qi.at\/qishop\/produkt\/tasse-lalia-dreiecke\/","title":{"rendered":"Tasse Lalia Dreiecke"},"content":{"rendered":"<p>Tasse\/H\u00e4ferl\/Becher \ud83d\ude42<\/p>\n<p><b>LALIA<\/b><\/p>\n<p>unregelm\u00e4\u00dfig geformter Becher mit goldenem Henkel &#8211; auch im Inneren gemustert!<\/p>\n<p>Dieser au\u00dfergew\u00f6hnliche Keramikbecher im Handmade-Look \u00fcberzeugt durch sein besonderes Produktdesign. So hebt sich der Becher durch die breite und flache Form von anderen H\u00e4ferln ab und \u00fcberrascht zudem mit einer interessanten, welligen Oberfl\u00e4chen-Haptik. Das grafische Dekor mit unregelm\u00e4\u00dfigen Rechtecken greift Ethnoelemente auf und so verbinden sich Form und Design zu einer l\u00e4ssigen Optik. Der Henkel mit Goldauflage verleiht dem Becher einen hochwertigen und exklusiven Touch. Ein Hingucker in jeder K\u00fcche!<\/p>\n<p>Material: Keramik<br \/>\nInhalt: 0,2 l<br \/>\nLieferumfang: 1 Tasse in gew\u00e4hltem Design<br \/>\nHinweis: aufgrund der Goldauflage sind diese Tassen nicht sp\u00fclmaschinen-\/mikrowellenfest<\/p>\n","protected":false},"excerpt":{"rendered":"<p>Becher mit Goldhenkel<\/p>\n","protected":false},"featured_media":15613,"comment_status":"open","ping_status":"closed","template":"","meta":{"_links_to":"","_links_to_target":""},"pwb-brand":[437],"product_brand":[],"product_cat":[436],"product_tag":[1641,1640],"class_list":{"0":"post-1988","1":"product","2":"type-product","3":"status-publish","4":"has-post-thumbnail","6":"pwb-brand-chacult","7":"product_cat-tassen","8":"product_tag-haeferl","9":"product_tag-tasse","10":"pa_herkunft-china","12":"first","13":"instock","14":"taxable","15":"shipping-taxable","16":"purchasable","17":"product-type-simple"},"blog_post_layout_featured_media_urls":{"thumbnail":["https:\/\/www.lebens-qi.at\/qishop\/wp-content\/uploads\/31706-2-DE-lalia-150x150.jpg",150,150,true],"full":["https:\/\/www.lebens-qi.at\/qishop\/wp-content\/uploads\/31706-2-DE-lalia.jpg",418,418,false]},"categories":["437"],"categories_names":{"437":{"name":"ChaCult","link":"https:\/\/www.lebens-qi.at\/qishop\/brand\/chacult\/"}},"comments_number":"0","brands":[{"id":437,"name":"ChaCult","slug":"chacult"}],"_links":{"self":[{"href":"https:\/\/www.lebens-qi.at\/qishop\/wp-json\/wp\/v2\/product\/1988","targetHints":{"allow":["GET"]}}],"collection":[{"href":"https:\/\/www.lebens-qi.at\/qishop\/wp-json\/wp\/v2\/product"}],"about":[{"href":"https:\/\/www.lebens-qi.at\/qishop\/wp-json\/wp\/v2\/types\/product"}],"replies":[{"embeddable":true,"href":"https:\/\/www.lebens-qi.at\/qishop\/wp-json\/wp\/v2\/comments?post=1988"}],"wp:featuredmedia":[{"embeddable":true,"href":"https:\/\/www.lebens-qi.at\/qishop\/wp-json\/wp\/v2\/media\/15613"}],"wp:attachment":[{"href":"https:\/\/www.lebens-qi.at\/qishop\/wp-json\/wp\/v2\/media?parent=1988"}],"wp:term":[{"taxonomy":"pwb-brand","embeddable":true,"href":"https:\/\/www.lebens-qi.at\/qishop\/wp-json\/wp\/v2\/pwb-brand?post=1988"},{"taxonomy":"product_brand","embeddable":true,"href":"https:\/\/www.lebens-qi.at\/qishop\/wp-json\/wp\/v2\/product_brand?post=1988"},{"taxonomy":"product_cat","embeddable":true,"href":"https:\/\/www.lebens-qi.at\/qishop\/wp-json\/wp\/v2\/product_cat?post=1988"},{"taxonomy":"product_tag","embeddable":true,"href":"https:\/\/www.lebens-qi.at\/qishop\/wp-json\/wp\/v2\/product_tag?post=1988"}],"curies":[{"name":"wp","href":"https:\/\/api.w.org\/{rel}","templated":true}]}}