{"id":2271,"date":"2024-02-20T09:32:39","date_gmt":"2024-02-20T08:32:39","guid":{"rendered":"https:\/\/www.lebens-qi.at\/qishop\/produkt\/aether-5-elemente-weihrauch\/"},"modified":"2024-11-18T20:09:48","modified_gmt":"2024-11-18T19:09:48","slug":"aether-5-elemente-weihrauch","status":"publish","type":"product","link":"https:\/\/www.lebens-qi.at\/qishop\/produkt\/aether-5-elemente-weihrauch\/","title":{"rendered":"\u00c4ther &#8211; 5-Elemente-Weihrauch"},"content":{"rendered":"<p><b>Hildegard von Bingen &#8211; Kr\u00e4uter- u. Gew\u00fcrzweihrauche<\/b><\/p>\n<p>5 ELEMENTE-WEIHRAUCH &#8211; zur St\u00e4rkung der Seelenkr\u00e4fte<\/p>\n<p>Die Ausgewogenheit der ELEMENTE sind bei Hildegard von Bingen der Schl\u00fcssel f\u00fcr das Verst\u00e4ndnis der gesamten Heilkunde. Die Balance dieser Kr\u00e4fte sorgt f\u00fcr Harmonie und Gesundheit. Zus\u00e4tzlich zu den vier Basiselementen FEUER, WASSER, ERDE und LUFT war das Bestreben der Benediktinerin die Verbindung des Irdischen mit dem G\u00f6ttlichen. Das f\u00fcnfte Element \u00c4THER steht f\u00fcr die Verbindung zu Gott, zu tiefem Vertrauen und Anbindung an die Selbstheilungskr\u00e4fte.<\/p>\n<p>Hildegard von Bingen war eine der ersten, die auf die Zusammenh\u00e4nge<b> &#8222;Gesunde Seele &#8211; Gesunder K\u00f6rper&#8220; <\/b>hinwies. Ihre Literatur besch\u00e4ftigte sich mit den vielf\u00e4ltigsten Themen &#8211; so auch von den 35 Werten im Leben (Liber vitae meritorium). Diese &#8222;guten&#8220; Eigenschaften, eingebettet innerhalb der 5 Elemente, werden \u00fcber die zutreffende R\u00e4ucherung gest\u00e4rkt.<\/p>\n<p><b>Das Element \u00c4THER<br \/>\n<\/b>Glauben, Spiritualit\u00e4t, Frieden, Anbindung, Welt der Engel, G\u00f6ttliche F\u00fchrung, Vertrauen&#8230;<br \/>\n<b><br \/>\nSt\u00e4rkt folgende Seelenkr\u00e4fte nach Hildegard: <\/b><br \/>\nGlaube, Gottesverehrung, Ganzheit, Seelische Ausstrahlung, G\u00fcte, Gro\u00dfherzigkeit, Mitgef\u00fchl<\/p>\n<p><b>Zutaten: <\/b>Echter Weihrauch, Mastix, Diptam, Lorbeer u.v.a.<br \/>\n<strong>Inhalt:<\/strong> 50 ml<\/p>\n<p>Enth\u00e4lt hochschwingende Edelsteinessenzen!<br \/>\nAbgef\u00fcllt in hochwertigem Glasgef\u00e4\u00df.<\/p>\n<p><b>Herstellung:<\/b><\/p>\n<p>Basis der R\u00e4uchermischung ist das Harz des <b>echten Weihrauchbaums Boswellia carteri.<\/b> Dieser wundervolle Weihrauch entfaltet aufgrund seines sehr hohen Gehalts an \u00e4therischen \u00d6len einen sehr <b>aromatischen, balsamischen und w\u00fcrzigen Duft.<\/b> Gleichzeitig verstr\u00f6mt das Harz eine <b>zitronige Note. <\/b><\/p>\n<p>Anschlie\u00dfend werden je nach Thema und Element <b>Bl\u00fcten, Gew\u00fcrze, Kr\u00e4uter, H\u00f6lzer, Samen und Wurzeln mit ihren \u00e4therischen \u00d6len <\/b>sowie andere begleitenden <b>Baumharzen<\/b> zum Weihrauch dazu gemischt und sofort in Gl\u00e4ser abgef\u00fcllt.<\/p>\n<p><b><em>Gebete und positive Affirmationen begleiten den ganzen Produktionsvorgang.<\/em><\/b><\/p>\n","protected":false},"excerpt":{"rendered":"<p>Spiritualit\u00e4t &amp; Frieden<\/p>\n","protected":false},"featured_media":9652,"comment_status":"open","ping_status":"closed","template":"","meta":{"_links_to":"","_links_to_target":""},"pwb-brand":[166],"product_brand":[],"product_cat":[497],"product_tag":[1987,1986,163,1985,1971,1416,1970,467,403],"class_list":{"0":"post-2271","1":"product","2":"type-product","3":"status-publish","4":"has-post-thumbnail","6":"pwb-brand-engelalm","7":"product_cat-engelalm-raeucherungen","8":"product_tag-5-elemente","9":"product_tag-aether","10":"product_tag-engelalm","11":"product_tag-ganzheit","12":"product_tag-glaube","13":"product_tag-hildegard-von-bingen","14":"product_tag-mitgefuehl","15":"product_tag-raeuchermischung","16":"product_tag-weihrauch","18":"first","19":"instock","20":"taxable","21":"shipping-taxable","22":"purchasable","23":"product-type-simple"},"blog_post_layout_featured_media_urls":{"thumbnail":["https:\/\/www.lebens-qi.at\/qishop\/wp-content\/uploads\/hvb_aether-150x150.jpg",150,150,true],"full":["https:\/\/www.lebens-qi.at\/qishop\/wp-content\/uploads\/hvb_aether.jpg",526,526,false]},"categories":["166"],"categories_names":{"166":{"name":"Engelalm","link":"https:\/\/www.lebens-qi.at\/qishop\/brand\/engelalm\/"}},"comments_number":"0","brands":[{"id":166,"name":"Engelalm","slug":"engelalm"}],"_links":{"self":[{"href":"https:\/\/www.lebens-qi.at\/qishop\/wp-json\/wp\/v2\/product\/2271","targetHints":{"allow":["GET"]}}],"collection":[{"href":"https:\/\/www.lebens-qi.at\/qishop\/wp-json\/wp\/v2\/product"}],"about":[{"href":"https:\/\/www.lebens-qi.at\/qishop\/wp-json\/wp\/v2\/types\/product"}],"replies":[{"embeddable":true,"href":"https:\/\/www.lebens-qi.at\/qishop\/wp-json\/wp\/v2\/comments?post=2271"}],"wp:featuredmedia":[{"embeddable":true,"href":"https:\/\/www.lebens-qi.at\/qishop\/wp-json\/wp\/v2\/media\/9652"}],"wp:attachment":[{"href":"https:\/\/www.lebens-qi.at\/qishop\/wp-json\/wp\/v2\/media?parent=2271"}],"wp:term":[{"taxonomy":"pwb-brand","embeddable":true,"href":"https:\/\/www.lebens-qi.at\/qishop\/wp-json\/wp\/v2\/pwb-brand?post=2271"},{"taxonomy":"product_brand","embeddable":true,"href":"https:\/\/www.lebens-qi.at\/qishop\/wp-json\/wp\/v2\/product_brand?post=2271"},{"taxonomy":"product_cat","embeddable":true,"href":"https:\/\/www.lebens-qi.at\/qishop\/wp-json\/wp\/v2\/product_cat?post=2271"},{"taxonomy":"product_tag","embeddable":true,"href":"https:\/\/www.lebens-qi.at\/qishop\/wp-json\/wp\/v2\/product_tag?post=2271"}],"curies":[{"name":"wp","href":"https:\/\/api.w.org\/{rel}","templated":true}]}}