{"id":2285,"date":"2024-02-20T09:32:45","date_gmt":"2024-02-20T08:32:45","guid":{"rendered":"https:\/\/www.lebens-qi.at\/qishop\/produkt\/artemisia-im-schutz-der-goettin-raeuchermischung\/"},"modified":"2026-04-07T11:05:16","modified_gmt":"2026-04-07T09:05:16","slug":"artemisia-im-schutz-der-goettin-raeuchermischung","status":"publish","type":"product","link":"https:\/\/www.lebens-qi.at\/qishop\/produkt\/artemisia-im-schutz-der-goettin-raeuchermischung\/","title":{"rendered":"Artemisia &#8211; im Schutz der G\u00f6ttin &#8211; Matridea R\u00e4uchermischung"},"content":{"rendered":"<p><b>ARTEMISIA im Schutz der G\u00f6ttin<\/b><br \/>\n<strong>f\u00fcr weibliche Selbstbestimmung<\/strong><\/p>\n<p>Eigenmacht, Unabh\u00e4ngigkeit, Schutz vor patriarchaler Vereinnahmung, St\u00e4rkung des Gef\u00fchls f\u00fcr Schwesternschaft, Courage und wild-weibliche Herzenskraft&#8230;<br \/>\nZwei Dinge stellt die R\u00e4uchermischung ARTEMISIA in den Mittelpunkt. Die Abgrenzung zum toxisch M\u00e4nnlichen und die Kr\u00e4ftigung f\u00fcr ein weibliches, konkurrenzbefreites Miteinander unter Frauen. Wir stecken noch in vielen Feldern mitten in der Verwirrung und leben alte Pr\u00e4gungen und Muster. Artemisia hilft, sich daraus zu l\u00f6sen, damit wir gemeinsam neue Bilder des schwesterlichen Miteinanders entwickeln k\u00f6nnen.<\/p>\n<p><b>Mit der Schwingung der Edelsteinessenzen:<\/b><br \/>\n\u2022 Turmalin\/Schutz<br \/>\n\u2022 Kraft &amp; Erfolg<\/p>\n<p><b>Zutaten: <\/b>Myrrhenharze, Dammar, Artemisia vulgaris, Artemisia annua, Artemisia abrotanum, Tulsi, Frauenmantel, Eiche u.a.<br \/>\n<strong>Inhalt:<\/strong> 50 ml<\/p>\n<p>Enth\u00e4lt hochschwingende Edelsteinessenzen!<br \/>\nAbgef\u00fcllt in hochwertigem Glasgef\u00e4\u00df.<\/p>\n","protected":false},"excerpt":{"rendered":"<p>R\u00e4ucherung f\u00fcr weibliche Selbstbestimmung<\/p>\n","protected":false},"featured_media":9711,"comment_status":"open","ping_status":"closed","template":"","meta":{"_links_to":"","_links_to_target":""},"pwb-brand":[166],"product_brand":[],"product_cat":[497,3168],"product_tag":[348,347,163,539,3076,467,121,1995,1996,868],"class_list":{"0":"post-2285","1":"product","2":"type-product","3":"status-publish","4":"has-post-thumbnail","6":"pwb-brand-engelalm","7":"product_cat-engelalm-raeucherungen","8":"product_cat-fuer-goettinnen-weibliche-kraft","9":"product_tag-artemisia","10":"product_tag-beifuss","11":"product_tag-engelalm","12":"product_tag-kraft","13":"product_tag-matridea","14":"product_tag-raeuchermischung","15":"product_tag-schutz","16":"product_tag-selbstbestimmung","17":"product_tag-unabhaengigkeit","18":"product_tag-weiblichkeit","20":"first","21":"instock","22":"taxable","23":"shipping-taxable","24":"purchasable","25":"product-type-simple"},"blog_post_layout_featured_media_urls":{"thumbnail":["https:\/\/www.lebens-qi.at\/qishop\/wp-content\/uploads\/Artemisia-mischung-150x150.jpg",150,150,true],"full":["https:\/\/www.lebens-qi.at\/qishop\/wp-content\/uploads\/Artemisia-mischung.jpg",700,700,false]},"categories":["166"],"categories_names":{"166":{"name":"Engelalm","link":"https:\/\/www.lebens-qi.at\/qishop\/brand\/engelalm\/"}},"comments_number":"0","brands":[{"id":166,"name":"Engelalm","slug":"engelalm"}],"_links":{"self":[{"href":"https:\/\/www.lebens-qi.at\/qishop\/wp-json\/wp\/v2\/product\/2285","targetHints":{"allow":["GET"]}}],"collection":[{"href":"https:\/\/www.lebens-qi.at\/qishop\/wp-json\/wp\/v2\/product"}],"about":[{"href":"https:\/\/www.lebens-qi.at\/qishop\/wp-json\/wp\/v2\/types\/product"}],"replies":[{"embeddable":true,"href":"https:\/\/www.lebens-qi.at\/qishop\/wp-json\/wp\/v2\/comments?post=2285"}],"wp:featuredmedia":[{"embeddable":true,"href":"https:\/\/www.lebens-qi.at\/qishop\/wp-json\/wp\/v2\/media\/9711"}],"wp:attachment":[{"href":"https:\/\/www.lebens-qi.at\/qishop\/wp-json\/wp\/v2\/media?parent=2285"}],"wp:term":[{"taxonomy":"pwb-brand","embeddable":true,"href":"https:\/\/www.lebens-qi.at\/qishop\/wp-json\/wp\/v2\/pwb-brand?post=2285"},{"taxonomy":"product_brand","embeddable":true,"href":"https:\/\/www.lebens-qi.at\/qishop\/wp-json\/wp\/v2\/product_brand?post=2285"},{"taxonomy":"product_cat","embeddable":true,"href":"https:\/\/www.lebens-qi.at\/qishop\/wp-json\/wp\/v2\/product_cat?post=2285"},{"taxonomy":"product_tag","embeddable":true,"href":"https:\/\/www.lebens-qi.at\/qishop\/wp-json\/wp\/v2\/product_tag?post=2285"}],"curies":[{"name":"wp","href":"https:\/\/api.w.org\/{rel}","templated":true}]}}