{"id":2459,"date":"2024-02-21T11:47:42","date_gmt":"2024-02-21T10:47:42","guid":{"rendered":"https:\/\/www.lebens-qi.at\/qishop\/produkt\/erzengel-metatron-energiekerze-mini\/"},"modified":"2025-06-03T12:43:30","modified_gmt":"2025-06-03T10:43:30","slug":"metatron-energiekerze-mini","status":"publish","type":"product","link":"https:\/\/www.lebens-qi.at\/qishop\/produkt\/metatron-energiekerze-mini\/","title":{"rendered":"Metatron Energiekerze mini"},"content":{"rendered":"<p><b>METATRON &#8211; Lebensplan<\/b><\/p>\n<p>Energiekerze f\u00fcr vollkommene, g\u00f6ttliche F\u00fchrung<\/p>\n<p>\u2022 Lebensplan \u2022 Bestimmung \u2022 Wunscherf\u00fcllung \u2022 Berufung finden \u2022 Grundvertrauen \u2022 Selbsterkenntnis \u2022 Innerste spirituelle Haltung \u2022 Visionen und Pl\u00e4ne \u2022 Vollkommenheit \u2022 Gro\u00dfes Ziel<\/p>\n<p>Die Kerzen werden in regionaler Handarbeit hergestellt, von uns liebevoll veredelt, mit Edelsteinessenzen aufgeschwungen und energetisiert.<\/p>\n<p><strong>Material:<\/strong> Paraffin<\/p>\n<p><strong>Brenndauer:<\/strong> 100\/50 = 25 Std.<\/p>\n<p><strong>Erzeugung in \u00d6sterreich<\/strong><\/p>\n","protected":false},"excerpt":{"rendered":"<p>Ich bin das ICH BIN<\/p>\n","protected":false},"featured_media":9465,"comment_status":"open","ping_status":"closed","template":"","meta":{"_links_to":"","_links_to_target":""},"pwb-brand":[166],"product_brand":[],"product_cat":[954,502],"product_tag":[501,163,204,1979,1961,1976,209],"class_list":{"0":"post-2459","1":"product","2":"type-product","3":"status-publish","4":"has-post-thumbnail","6":"pwb-brand-engelalm","7":"product_cat-engelkerzen","8":"product_cat-erzengelkerzen","9":"product_tag-energiekerze","10":"product_tag-engelalm","11":"product_tag-erzengel","12":"product_tag-fuehrung","13":"product_tag-kerze","14":"product_tag-lebensplan","15":"product_tag-metatron","17":"first","18":"instock","19":"taxable","20":"shipping-taxable","21":"purchasable","22":"product-type-simple"},"blog_post_layout_featured_media_urls":{"thumbnail":["https:\/\/www.lebens-qi.at\/qishop\/wp-content\/uploads\/Metatron100-150x150.jpg",150,150,true],"full":["https:\/\/www.lebens-qi.at\/qishop\/wp-content\/uploads\/Metatron100.jpg",600,600,false]},"categories":["166"],"categories_names":{"166":{"name":"Engelalm","link":"https:\/\/www.lebens-qi.at\/qishop\/brand\/engelalm\/"}},"comments_number":"0","brands":[{"id":166,"name":"Engelalm","slug":"engelalm"}],"_links":{"self":[{"href":"https:\/\/www.lebens-qi.at\/qishop\/wp-json\/wp\/v2\/product\/2459","targetHints":{"allow":["GET"]}}],"collection":[{"href":"https:\/\/www.lebens-qi.at\/qishop\/wp-json\/wp\/v2\/product"}],"about":[{"href":"https:\/\/www.lebens-qi.at\/qishop\/wp-json\/wp\/v2\/types\/product"}],"replies":[{"embeddable":true,"href":"https:\/\/www.lebens-qi.at\/qishop\/wp-json\/wp\/v2\/comments?post=2459"}],"wp:featuredmedia":[{"embeddable":true,"href":"https:\/\/www.lebens-qi.at\/qishop\/wp-json\/wp\/v2\/media\/9465"}],"wp:attachment":[{"href":"https:\/\/www.lebens-qi.at\/qishop\/wp-json\/wp\/v2\/media?parent=2459"}],"wp:term":[{"taxonomy":"pwb-brand","embeddable":true,"href":"https:\/\/www.lebens-qi.at\/qishop\/wp-json\/wp\/v2\/pwb-brand?post=2459"},{"taxonomy":"product_brand","embeddable":true,"href":"https:\/\/www.lebens-qi.at\/qishop\/wp-json\/wp\/v2\/product_brand?post=2459"},{"taxonomy":"product_cat","embeddable":true,"href":"https:\/\/www.lebens-qi.at\/qishop\/wp-json\/wp\/v2\/product_cat?post=2459"},{"taxonomy":"product_tag","embeddable":true,"href":"https:\/\/www.lebens-qi.at\/qishop\/wp-json\/wp\/v2\/product_tag?post=2459"}],"curies":[{"name":"wp","href":"https:\/\/api.w.org\/{rel}","templated":true}]}}