{"id":2505,"date":"2024-02-21T11:48:07","date_gmt":"2024-02-21T10:48:07","guid":{"rendered":"https:\/\/www.lebens-qi.at\/qishop\/produkt\/entwuenschungen-energiekerze\/"},"modified":"2025-06-03T12:12:28","modified_gmt":"2025-06-03T10:12:28","slug":"entwuenschungen-energiekerze","status":"publish","type":"product","link":"https:\/\/www.lebens-qi.at\/qishop\/produkt\/entwuenschungen-energiekerze\/","title":{"rendered":"Entw\u00fcnschungen Energiekerze"},"content":{"rendered":"<p><b>ENTW\u00dcNSCHUNGEN &#8211; ENERGIEKERZE <\/b><br \/>\n\u201eMein Licht brennt f\u00fcr die Erl\u00f6sung und Transformation negativer Energien!\u201c<b><\/b><\/p>\n<p><b>Wandlung in die Freiheit \u2022 Aufhebung von Fl\u00fcchen \u2022 Schutz &amp; Stabilit\u00e4t<\/b><\/p>\n<p>Der Kristall der Entw\u00fcnschungskerze ist energetisiert mit den Edelsteinessenzen \u201eEntw\u00fcnschungen\u201c, \u201eAurareinigung\u201c und \u201eMichael\u201c.<\/p>\n<p><b>Aufl\u00f6sung alter Muster<\/b><\/p>\n<p>Inmitten des dunkelsten Punktes beginnt das Licht \u2013 Stecknadelkopf gro\u00df beginnt es hier inmitten der Dunkelheit zu leuchten und ist die Chance f\u00fcr wahre Erkenntnis. K\u00f6rperliche Beschwerden k\u00f6nnen mit einer negativen Zuschreibung zu tun haben. Wichtig ist allerdings zu wissen, dass Zuschreibungen erst k\u00f6rperlich wirksam werden k\u00f6nnen, wenn die Themen dahinter nicht erkannt sind. Nichts muss auf die K\u00f6rperebene fallen \u2013 Pr\u00fcfungen sind meistens gedankliche, spirituelle Pr\u00fcfungen. Auch im emotionalen Bereich ist es nicht wesentlich in alte Emotionen einzutauchen \u2013 <strong>NEIN<\/strong> \u2013 es ist \u201enur\u201c die Erkenntnis erforderlich, um die Energien zu wandeln. Menschen glauben aber an die Materie mehr als an die Energie und darum fallen diese alten Energien oft auf die K\u00f6rperebene. Die meisten der Symptome sind in dieser Schwingung zu sehen. Aber Menschen glauben hier nicht an ihre Macht und erliegen diesen Angriffen sehr leicht. Sie sagen: \u201eMich hat ein Virus erwischt!\u201c,\u201eEs ist mir passiert!\u201c Mit diesen Aussagen machen sie sich zum Opfer der k\u00f6rperlichen Symptomatik. Hier ist ein Bewusstseinswandel wichtig.<\/p>\n<p><b>Wichtiger Hinweis!<\/b> Lieferumfang ist <b>EINE KERZE ohne Zubeh\u00f6r<\/b>, Edelsteinessenz und Steine sind separat bei uns bestellbar.<\/p>\n<p><b>Lichtbringer mit Kristallkraft<\/b><br \/>\nLicht, W\u00e4rme, Edelsteinenergie und Symbolwirkung vereinigen sich in unseren Engelalm Energiekerzen.<br \/>\nDurch diese Qualit\u00e4ten erhalten wir Zugang zu unseren eigenen Kraftquellen im spirituellen Raum. Wir k\u00f6nnen uns \u00fcber das Entz\u00fcnden der entsprechenden Themenkerze mit unserer eigenen g\u00f6ttlichen Quelle verbinden und so auf h\u00f6chster Ebene Heilung erlangen.<\/p>\n<p>Die Kerzen werden in <strong>regionaler<\/strong> Handarbeit <strong>hergestellt<\/strong>, liebevoll <strong>veredelt<\/strong> und mit Edelsteinessenzen<strong> aufgeschwungen<\/strong> und \u00fcber die Edelsteinschwingung <strong>energetisiert<\/strong>.<\/p>\n<p><b>Material: <\/b>Paraffin<br \/>\n<b>Brenndauer:<\/b> 150\/70 = 72 Std.<br \/>\n<b>Erzeugung in \u00d6sterreich<\/b><\/p>\n","protected":false},"excerpt":{"rendered":"<p>Aufl\u00f6sung alter Muster<\/p>\n","protected":false},"featured_media":9412,"comment_status":"open","ping_status":"closed","template":"","meta":{"_links_to":"","_links_to_target":""},"pwb-brand":[166],"product_brand":[],"product_cat":[504],"product_tag":[501,163,552,1942,551,121,1606],"class_list":{"0":"post-2505","1":"product","2":"type-product","3":"status-publish","4":"has-post-thumbnail","6":"pwb-brand-engelalm","7":"product_cat-themenkerzen","8":"product_tag-energiekerze","9":"product_tag-engelalm","10":"product_tag-entwuenschung","11":"product_tag-erloesung","12":"product_tag-fluch","13":"product_tag-schutz","14":"product_tag-transformation","16":"first","17":"instock","18":"taxable","19":"shipping-taxable","20":"purchasable","21":"product-type-simple"},"blog_post_layout_featured_media_urls":{"thumbnail":["https:\/\/www.lebens-qi.at\/qishop\/wp-content\/uploads\/Kerze_Entwuenschung-150x150.jpg",150,150,true],"full":["https:\/\/www.lebens-qi.at\/qishop\/wp-content\/uploads\/Kerze_Entwuenschung.jpg",600,600,false]},"categories":["166"],"categories_names":{"166":{"name":"Engelalm","link":"https:\/\/www.lebens-qi.at\/qishop\/brand\/engelalm\/"}},"comments_number":"0","brands":[{"id":166,"name":"Engelalm","slug":"engelalm"}],"_links":{"self":[{"href":"https:\/\/www.lebens-qi.at\/qishop\/wp-json\/wp\/v2\/product\/2505","targetHints":{"allow":["GET"]}}],"collection":[{"href":"https:\/\/www.lebens-qi.at\/qishop\/wp-json\/wp\/v2\/product"}],"about":[{"href":"https:\/\/www.lebens-qi.at\/qishop\/wp-json\/wp\/v2\/types\/product"}],"replies":[{"embeddable":true,"href":"https:\/\/www.lebens-qi.at\/qishop\/wp-json\/wp\/v2\/comments?post=2505"}],"wp:featuredmedia":[{"embeddable":true,"href":"https:\/\/www.lebens-qi.at\/qishop\/wp-json\/wp\/v2\/media\/9412"}],"wp:attachment":[{"href":"https:\/\/www.lebens-qi.at\/qishop\/wp-json\/wp\/v2\/media?parent=2505"}],"wp:term":[{"taxonomy":"pwb-brand","embeddable":true,"href":"https:\/\/www.lebens-qi.at\/qishop\/wp-json\/wp\/v2\/pwb-brand?post=2505"},{"taxonomy":"product_brand","embeddable":true,"href":"https:\/\/www.lebens-qi.at\/qishop\/wp-json\/wp\/v2\/product_brand?post=2505"},{"taxonomy":"product_cat","embeddable":true,"href":"https:\/\/www.lebens-qi.at\/qishop\/wp-json\/wp\/v2\/product_cat?post=2505"},{"taxonomy":"product_tag","embeddable":true,"href":"https:\/\/www.lebens-qi.at\/qishop\/wp-json\/wp\/v2\/product_tag?post=2505"}],"curies":[{"name":"wp","href":"https:\/\/api.w.org\/{rel}","templated":true}]}}