{"id":2542,"date":"2024-02-21T11:48:28","date_gmt":"2024-02-21T10:48:28","guid":{"rendered":"https:\/\/www.lebens-qi.at\/qishop\/produkt\/goettin-percht-energiekerze\/"},"modified":"2026-04-07T11:05:06","modified_gmt":"2026-04-07T09:05:06","slug":"goettin-percht-energiekerze","status":"publish","type":"product","link":"https:\/\/www.lebens-qi.at\/qishop\/produkt\/goettin-percht-energiekerze\/","title":{"rendered":"G\u00f6ttin Percht Energiekerze"},"content":{"rendered":"<p><b>G\u00d6TTIN PERCHT &#8211; ENERGIEKERZE<\/b><\/p>\n<p>\u201eMein Licht brennt f\u00fcr die Verbindung der weiblichen Energie mit dem Leben!\u201c<\/p>\n<p><b>Dreifache G\u00f6ttin \u2022 Leben im Zyklus \u2022 Werden \u2013 Sein &#8211; Vergehen<\/b><\/p>\n<p>Der Kristall der Percht-Kerze ist energetisiert mit den Edelsteinessenzen \u201eKraft &amp; Erfolg\u201c, \u201eVer\u00e4nderung &amp; Neubeginn\u201c und \u201eGabriel\u201c.<\/p>\n<p><b>Lichtbringer mit Kristallkraft<\/b><\/p>\n<p>Licht, W\u00e4rme, Edelsteinenergie und Symbolwirkung vereinigen sich in unseren Engelalm Energiekerzen.<\/p>\n<p>Durch diese Qualit\u00e4ten erhalten wir Zugang zu unseren eigenen Kraftquellen im spirituellen Raum. Wir k\u00f6nnen uns \u00fcber das Entz\u00fcnden der entsprechenden Themenkerze mit unserer eigenen g\u00f6ttlichen Quelle verbinden und so auf h\u00f6chster Ebene Heilung erlangen.<\/p>\n<p>Die Kerzen werden in regionaler Handarbeit hergestellt, liebevoll veredelt und mit Edelsteinessenzen aufgeschwungen und \u00fcber die Edelsteinschwingung energetisiert.<\/p>\n<p>Themen-, Segens- und Stille-Nacht wie Friedenskerze gibt es nur in der Standardgr\u00f6\u00dfe 150\/70<\/p>\n<p><b>Material: <\/b>Paraffin<\/p>\n<p><b>Brenndauer:<\/b> 150\/70 = 72 Std.<\/p>\n<p><b>Erzeugung in \u00d6sterreich<\/b><\/p>\n","protected":false},"excerpt":{"rendered":"<p>Leben im Zyklus<\/p>\n","protected":false},"featured_media":9367,"comment_status":"open","ping_status":"closed","template":"","meta":{"_links_to":"","_links_to_target":""},"pwb-brand":[166],"product_brand":[],"product_cat":[3168,3075,504],"product_tag":[501,163,511,3076,550,557,549,868,1342],"class_list":{"0":"post-2542","1":"product","2":"type-product","3":"status-publish","4":"has-post-thumbnail","6":"pwb-brand-engelalm","7":"product_cat-fuer-goettinnen-weibliche-kraft","8":"product_cat-imbolc-lichtmess-brigid","9":"product_cat-themenkerzen","10":"product_tag-energiekerze","11":"product_tag-engelalm","12":"product_tag-goettin","13":"product_tag-matridea","14":"product_tag-neubeginn","15":"product_tag-percht","16":"product_tag-veraenderung","17":"product_tag-weiblichkeit","18":"product_tag-zyklus","20":"first","21":"instock","22":"taxable","23":"shipping-taxable","24":"purchasable","25":"product-type-simple"},"blog_post_layout_featured_media_urls":{"thumbnail":["https:\/\/www.lebens-qi.at\/qishop\/wp-content\/uploads\/Perchta_150-kerze-150x150.jpg",150,150,true],"full":["https:\/\/www.lebens-qi.at\/qishop\/wp-content\/uploads\/Perchta_150-kerze.jpg",600,600,false]},"categories":["166"],"categories_names":{"166":{"name":"Engelalm","link":"https:\/\/www.lebens-qi.at\/qishop\/brand\/engelalm\/"}},"comments_number":"0","brands":[{"id":166,"name":"Engelalm","slug":"engelalm"}],"_links":{"self":[{"href":"https:\/\/www.lebens-qi.at\/qishop\/wp-json\/wp\/v2\/product\/2542","targetHints":{"allow":["GET"]}}],"collection":[{"href":"https:\/\/www.lebens-qi.at\/qishop\/wp-json\/wp\/v2\/product"}],"about":[{"href":"https:\/\/www.lebens-qi.at\/qishop\/wp-json\/wp\/v2\/types\/product"}],"replies":[{"embeddable":true,"href":"https:\/\/www.lebens-qi.at\/qishop\/wp-json\/wp\/v2\/comments?post=2542"}],"wp:featuredmedia":[{"embeddable":true,"href":"https:\/\/www.lebens-qi.at\/qishop\/wp-json\/wp\/v2\/media\/9367"}],"wp:attachment":[{"href":"https:\/\/www.lebens-qi.at\/qishop\/wp-json\/wp\/v2\/media?parent=2542"}],"wp:term":[{"taxonomy":"pwb-brand","embeddable":true,"href":"https:\/\/www.lebens-qi.at\/qishop\/wp-json\/wp\/v2\/pwb-brand?post=2542"},{"taxonomy":"product_brand","embeddable":true,"href":"https:\/\/www.lebens-qi.at\/qishop\/wp-json\/wp\/v2\/product_brand?post=2542"},{"taxonomy":"product_cat","embeddable":true,"href":"https:\/\/www.lebens-qi.at\/qishop\/wp-json\/wp\/v2\/product_cat?post=2542"},{"taxonomy":"product_tag","embeddable":true,"href":"https:\/\/www.lebens-qi.at\/qishop\/wp-json\/wp\/v2\/product_tag?post=2542"}],"curies":[{"name":"wp","href":"https:\/\/api.w.org\/{rel}","templated":true}]}}