{"id":2674,"date":"2024-02-21T19:45:53","date_gmt":"2024-02-21T18:45:53","guid":{"rendered":"https:\/\/www.lebens-qi.at\/qishop\/produkt\/makal-raeucherschale-schwarz\/"},"modified":"2024-12-11T11:28:12","modified_gmt":"2024-12-11T10:28:12","slug":"makal-raeucherschale-schwarz","status":"publish","type":"product","link":"https:\/\/www.lebens-qi.at\/qishop\/produkt\/makal-raeucherschale-schwarz\/","title":{"rendered":"Makal R\u00e4ucherschale Schwarz"},"content":{"rendered":"<p>Besonders praktisches R\u00e4uchergef\u00e4\u00df!<\/p>\n<p>Die Schale Makal liegt aufgrund der Form und des Griffs beim R\u00e4uchern sehr gut in der Hand und wird &#8211; wenn mit Sand gef\u00fcllt &#8211; nicht hei\u00df.<\/p>\n<p>Material: Ton<br \/>\nDurchmesser: ca. 13 cm<br \/>\n<em>R\u00e4uchersand und Kohle gegebenenfalls bitte separat bestellen!\u00a0<\/em><\/p>\n<ul>\n<li>Handgemacht<\/li>\n<li>Gro\u00dfz\u00fcgiges R\u00e4uchergef\u00e4\u00df zum R\u00e4uchern mit Kohle<\/li>\n<li>Mit Handgriff<\/li>\n<li>Original aus Nepal<\/li>\n<\/ul>\n<ul>\n<li style=\"list-style-type: none;\"><\/li>\n<\/ul>\n","protected":false},"excerpt":{"rendered":"<p>handliches Tongef\u00e4\u00df zum R\u00e4uchern<\/p>\n","protected":false},"featured_media":10518,"comment_status":"open","ping_status":"closed","template":"","meta":{"_links_to":"","_links_to_target":""},"pwb-brand":[307],"product_brand":[],"product_cat":[601],"product_tag":[609,466,602,605],"class_list":{"0":"post-2674","1":"product","2":"type-product","3":"status-publish","4":"has-post-thumbnail","6":"pwb-brand-berk","7":"product_cat-schalen","8":"product_tag-makal","9":"product_tag-raeuchern","10":"product_tag-raeucherschale","11":"product_tag-ton","12":"pa_herkunft-nepal","14":"first","15":"instock","16":"taxable","17":"shipping-taxable","18":"purchasable","19":"product-type-simple"},"blog_post_layout_featured_media_urls":{"thumbnail":["https:\/\/www.lebens-qi.at\/qishop\/wp-content\/uploads\/KH-707_1-makal-schwarz-150x150.jpg",150,150,true],"full":["https:\/\/www.lebens-qi.at\/qishop\/wp-content\/uploads\/KH-707_1-makal-schwarz.jpg",800,800,false]},"categories":["307"],"categories_names":{"307":{"name":"Berk","link":"https:\/\/www.lebens-qi.at\/qishop\/brand\/berk\/"}},"comments_number":"0","brands":[{"id":307,"name":"Berk","slug":"berk"}],"_links":{"self":[{"href":"https:\/\/www.lebens-qi.at\/qishop\/wp-json\/wp\/v2\/product\/2674","targetHints":{"allow":["GET"]}}],"collection":[{"href":"https:\/\/www.lebens-qi.at\/qishop\/wp-json\/wp\/v2\/product"}],"about":[{"href":"https:\/\/www.lebens-qi.at\/qishop\/wp-json\/wp\/v2\/types\/product"}],"replies":[{"embeddable":true,"href":"https:\/\/www.lebens-qi.at\/qishop\/wp-json\/wp\/v2\/comments?post=2674"}],"wp:featuredmedia":[{"embeddable":true,"href":"https:\/\/www.lebens-qi.at\/qishop\/wp-json\/wp\/v2\/media\/10518"}],"wp:attachment":[{"href":"https:\/\/www.lebens-qi.at\/qishop\/wp-json\/wp\/v2\/media?parent=2674"}],"wp:term":[{"taxonomy":"pwb-brand","embeddable":true,"href":"https:\/\/www.lebens-qi.at\/qishop\/wp-json\/wp\/v2\/pwb-brand?post=2674"},{"taxonomy":"product_brand","embeddable":true,"href":"https:\/\/www.lebens-qi.at\/qishop\/wp-json\/wp\/v2\/product_brand?post=2674"},{"taxonomy":"product_cat","embeddable":true,"href":"https:\/\/www.lebens-qi.at\/qishop\/wp-json\/wp\/v2\/product_cat?post=2674"},{"taxonomy":"product_tag","embeddable":true,"href":"https:\/\/www.lebens-qi.at\/qishop\/wp-json\/wp\/v2\/product_tag?post=2674"}],"curies":[{"name":"wp","href":"https:\/\/api.w.org\/{rel}","templated":true}]}}