{"id":4112,"date":"2024-03-06T16:58:33","date_gmt":"2024-03-06T15:58:33","guid":{"rendered":"https:\/\/www.lebens-qi.at\/qishop\/produkt\/holy-smokes-raeucherkegel-sandelholz\/"},"modified":"2026-01-26T16:41:19","modified_gmt":"2026-01-26T15:41:19","slug":"holy-smokes-raeucherkegel-sandelholz","status":"publish","type":"product","link":"https:\/\/www.lebens-qi.at\/qishop\/produkt\/holy-smokes-raeucherkegel-sandelholz\/","title":{"rendered":"Holy Smokes R\u00e4ucherkegel Sandelholz"},"content":{"rendered":"<p>R\u00e4ucherkegel exklusiv f\u00fcr Berk in Indien hergestellt. Eine Masala-Paste aus H\u00f6lzern, Harzen, Kr\u00e4utern, Bl\u00fcten und \u00d6len wird per Hand in Kegelform gebracht und an der Sonne getrocknet. Die Duftnoten \u00e4hneln dem jeweiligen St\u00e4bchenduft, haben aber ihre eigenen feinen Nuancen.<\/p>\n<p><b>Inhalt:<br \/>\n<\/b>Nettoinhalt pro Packung ca. 20 g<br \/>\ninkl. Keramikhalter<\/p>\n<p><strong>Produktsicherheit:<\/strong><br \/>\nAchtung: Kleine Kinder und Tiere von brennenden St\u00e4bchen\/Kegeln fernhalten.<\/p>\n","protected":false},"excerpt":{"rendered":"<p>Beste Qualit\u00e4t, inkl. Keramikhalter<\/p>\n","protected":false},"featured_media":10700,"comment_status":"open","ping_status":"closed","template":"","meta":{"_links_to":"","_links_to_target":""},"pwb-brand":[307],"product_brand":[],"product_cat":[711],"product_tag":[712,681,701,228],"class_list":{"0":"post-4112","1":"product","2":"type-product","3":"status-publish","4":"has-post-thumbnail","6":"pwb-brand-berk","7":"product_cat-holy-smokes","8":"product_tag-berk","9":"product_tag-holy-smokes","10":"product_tag-raeucherkegel","11":"product_tag-sandelholz","13":"first","14":"instock","15":"taxable","16":"shipping-taxable","17":"purchasable","18":"product-type-simple"},"blog_post_layout_featured_media_urls":{"thumbnail":["https:\/\/www.lebens-qi.at\/qishop\/wp-content\/uploads\/HS-69_1-kegel-sandelholz-150x150.jpg",150,150,true],"full":["https:\/\/www.lebens-qi.at\/qishop\/wp-content\/uploads\/HS-69_1-kegel-sandelholz.jpg",638,638,false]},"categories":["307"],"categories_names":{"307":{"name":"Berk","link":"https:\/\/www.lebens-qi.at\/qishop\/brand\/berk\/"}},"comments_number":"0","brands":[{"id":307,"name":"Berk","slug":"berk"}],"_links":{"self":[{"href":"https:\/\/www.lebens-qi.at\/qishop\/wp-json\/wp\/v2\/product\/4112","targetHints":{"allow":["GET"]}}],"collection":[{"href":"https:\/\/www.lebens-qi.at\/qishop\/wp-json\/wp\/v2\/product"}],"about":[{"href":"https:\/\/www.lebens-qi.at\/qishop\/wp-json\/wp\/v2\/types\/product"}],"replies":[{"embeddable":true,"href":"https:\/\/www.lebens-qi.at\/qishop\/wp-json\/wp\/v2\/comments?post=4112"}],"wp:featuredmedia":[{"embeddable":true,"href":"https:\/\/www.lebens-qi.at\/qishop\/wp-json\/wp\/v2\/media\/10700"}],"wp:attachment":[{"href":"https:\/\/www.lebens-qi.at\/qishop\/wp-json\/wp\/v2\/media?parent=4112"}],"wp:term":[{"taxonomy":"pwb-brand","embeddable":true,"href":"https:\/\/www.lebens-qi.at\/qishop\/wp-json\/wp\/v2\/pwb-brand?post=4112"},{"taxonomy":"product_brand","embeddable":true,"href":"https:\/\/www.lebens-qi.at\/qishop\/wp-json\/wp\/v2\/product_brand?post=4112"},{"taxonomy":"product_cat","embeddable":true,"href":"https:\/\/www.lebens-qi.at\/qishop\/wp-json\/wp\/v2\/product_cat?post=4112"},{"taxonomy":"product_tag","embeddable":true,"href":"https:\/\/www.lebens-qi.at\/qishop\/wp-json\/wp\/v2\/product_tag?post=4112"}],"curies":[{"name":"wp","href":"https:\/\/api.w.org\/{rel}","templated":true}]}}