{"id":4132,"date":"2024-03-06T16:58:49","date_gmt":"2024-03-06T15:58:49","guid":{"rendered":"https:\/\/www.lebens-qi.at\/qishop\/produkt\/weisser-salbei-backflow-raeucherkegel\/"},"modified":"2025-02-21T12:23:23","modified_gmt":"2025-02-21T11:23:23","slug":"weisser-salbei-backflow-raeucherkegel","status":"publish","type":"product","link":"https:\/\/www.lebens-qi.at\/qishop\/produkt\/weisser-salbei-backflow-raeucherkegel\/","title":{"rendered":"Wei\u00dfer Salbei Backflow R\u00e4ucherkegel"},"content":{"rendered":"<p>Die speziellen Backflow&#8220; (R\u00fcckfluss) R\u00e4ucherkegel erzeugen bei Verwendung des entsprechenden Kegelhalters einen besonders mystischen Effekt &#8211; der Rauch &#8222;flie\u00dft&#8220; \u00e4hnlich Wasser nach unten anstatt nach oben aufzusteigen.<\/p>\n<p><b>Erh\u00e4ltlich in der Duftrichtung &#8222;White Sage&#8220; (Wei\u00dfer Salbei) von Satya! Wei\u00dfer Salbei gilt als besonders reinigend f\u00fcr die Atmosph\u00e4re und ist eines der beliebtesten Kr\u00e4uter beim R\u00e4uchern. <\/b><\/p>\n<p>Inhalt: 24 Backflow-Kegel<br \/>Lieferumfang: 1 Packung<\/p>\n<p>Bitte bestellen Sie dazu den passenden Backflow-Kegelhalter!&#8220;<\/p>\n","protected":false},"excerpt":{"rendered":"<p>speziell f\u00fcr R\u00fcckfluss-Kegelhalter<\/p>\n","protected":false},"featured_media":4131,"comment_status":"open","ping_status":"closed","template":"","meta":{"_links_to":"","_links_to_target":""},"pwb-brand":[722],"product_brand":[],"product_cat":[718,707],"product_tag":[719,701,720,708,676],"class_list":{"0":"post-4132","1":"product","2":"type-product","3":"status-publish","4":"has-post-thumbnail","6":"pwb-brand-satya","7":"product_cat-backflowkegel","8":"product_cat-satya","9":"product_tag-backflow","10":"product_tag-raeucherkegel","11":"product_tag-rueckfluss","12":"product_tag-satya","13":"product_tag-weisser-salbei","15":"first","16":"instock","17":"taxable","18":"shipping-taxable","19":"purchasable","20":"product-type-simple"},"blog_post_layout_featured_media_urls":{"thumbnail":["https:\/\/www.lebens-qi.at\/qishop\/wp-content\/uploads\/weisser-salbei-kegel-150x150.jpg",150,150,true],"full":["https:\/\/www.lebens-qi.at\/qishop\/wp-content\/uploads\/weisser-salbei-kegel.jpg",560,560,false]},"categories":["722"],"categories_names":{"722":{"name":"Satya","link":"https:\/\/www.lebens-qi.at\/qishop\/brand\/satya\/"}},"comments_number":"0","brands":[{"id":722,"name":"Satya","slug":"satya"}],"_links":{"self":[{"href":"https:\/\/www.lebens-qi.at\/qishop\/wp-json\/wp\/v2\/product\/4132","targetHints":{"allow":["GET"]}}],"collection":[{"href":"https:\/\/www.lebens-qi.at\/qishop\/wp-json\/wp\/v2\/product"}],"about":[{"href":"https:\/\/www.lebens-qi.at\/qishop\/wp-json\/wp\/v2\/types\/product"}],"replies":[{"embeddable":true,"href":"https:\/\/www.lebens-qi.at\/qishop\/wp-json\/wp\/v2\/comments?post=4132"}],"wp:featuredmedia":[{"embeddable":true,"href":"https:\/\/www.lebens-qi.at\/qishop\/wp-json\/wp\/v2\/media\/4131"}],"wp:attachment":[{"href":"https:\/\/www.lebens-qi.at\/qishop\/wp-json\/wp\/v2\/media?parent=4132"}],"wp:term":[{"taxonomy":"pwb-brand","embeddable":true,"href":"https:\/\/www.lebens-qi.at\/qishop\/wp-json\/wp\/v2\/pwb-brand?post=4132"},{"taxonomy":"product_brand","embeddable":true,"href":"https:\/\/www.lebens-qi.at\/qishop\/wp-json\/wp\/v2\/product_brand?post=4132"},{"taxonomy":"product_cat","embeddable":true,"href":"https:\/\/www.lebens-qi.at\/qishop\/wp-json\/wp\/v2\/product_cat?post=4132"},{"taxonomy":"product_tag","embeddable":true,"href":"https:\/\/www.lebens-qi.at\/qishop\/wp-json\/wp\/v2\/product_tag?post=4132"}],"curies":[{"name":"wp","href":"https:\/\/api.w.org\/{rel}","templated":true}]}}