{"id":4210,"date":"2024-03-06T18:29:44","date_gmt":"2024-03-06T17:29:44","guid":{"rendered":"https:\/\/www.lebens-qi.at\/qishop\/produkt\/holz-raeucherstaebchenhalter-blume-des-lebens\/"},"modified":"2025-02-21T11:44:57","modified_gmt":"2025-02-21T10:44:57","slug":"holz-raeucherstaebchenhalter-blume-des-lebens","status":"publish","type":"product","link":"https:\/\/www.lebens-qi.at\/qishop\/produkt\/holz-raeucherstaebchenhalter-blume-des-lebens\/","title":{"rendered":"Holz R\u00e4ucherst\u00e4bchenhalter Blume des Lebens"},"content":{"rendered":"<p>R\u00e4ucherst\u00e4bchenhalter Blume des Lebens<\/b><br \/>Anmutige geschnitzte Dekoration (Blume des Lebens)<br \/>Passend f\u00fcr R\u00e4ucherst\u00e4bchen. <\/p>\n<p>  Material: Akazienholz<\/p>\n<p>L\u00e4nge je ca. 25 cm<br \/>Breite ca. 4 cm<\/p>\n","protected":false},"excerpt":{"rendered":"<p>klassische Halter mit Holzeinlage<\/p>\n","protected":false},"featured_media":4209,"comment_status":"open","ping_status":"closed","template":"","meta":{"_links_to":"","_links_to_target":""},"pwb-brand":[276],"product_brand":[],"product_cat":[582,729],"product_tag":[308,731,730,732,680],"class_list":{"0":"post-4210","1":"product","2":"type-product","3":"status-publish","4":"has-post-thumbnail","6":"pwb-brand-mani-bhadra-phoenix-import","7":"product_cat-blume-des-lebens-produkte","8":"product_cat-schiffchenhalter","9":"product_tag-blume-des-lebens","10":"product_tag-gondel","11":"product_tag-halter","12":"product_tag-holz","13":"product_tag-raeucherstaebchen","15":"first","16":"instock","17":"taxable","18":"shipping-taxable","19":"purchasable","20":"product-type-simple"},"blog_post_layout_featured_media_urls":{"thumbnail":["https:\/\/www.lebens-qi.at\/qishop\/wp-content\/uploads\/bdl-raeucherhalter-150x150.png",150,150,true],"full":["https:\/\/www.lebens-qi.at\/qishop\/wp-content\/uploads\/bdl-raeucherhalter.png",550,550,false]},"categories":["276"],"categories_names":{"276":{"name":"Mani Bhadra - Phoenix Import","link":"https:\/\/www.lebens-qi.at\/qishop\/brand\/mani-bhadra-phoenix-import\/"}},"comments_number":"0","brands":[{"id":276,"name":"Mani Bhadra - Phoenix Import","slug":"mani-bhadra-phoenix-import"}],"_links":{"self":[{"href":"https:\/\/www.lebens-qi.at\/qishop\/wp-json\/wp\/v2\/product\/4210","targetHints":{"allow":["GET"]}}],"collection":[{"href":"https:\/\/www.lebens-qi.at\/qishop\/wp-json\/wp\/v2\/product"}],"about":[{"href":"https:\/\/www.lebens-qi.at\/qishop\/wp-json\/wp\/v2\/types\/product"}],"replies":[{"embeddable":true,"href":"https:\/\/www.lebens-qi.at\/qishop\/wp-json\/wp\/v2\/comments?post=4210"}],"wp:featuredmedia":[{"embeddable":true,"href":"https:\/\/www.lebens-qi.at\/qishop\/wp-json\/wp\/v2\/media\/4209"}],"wp:attachment":[{"href":"https:\/\/www.lebens-qi.at\/qishop\/wp-json\/wp\/v2\/media?parent=4210"}],"wp:term":[{"taxonomy":"pwb-brand","embeddable":true,"href":"https:\/\/www.lebens-qi.at\/qishop\/wp-json\/wp\/v2\/pwb-brand?post=4210"},{"taxonomy":"product_brand","embeddable":true,"href":"https:\/\/www.lebens-qi.at\/qishop\/wp-json\/wp\/v2\/product_brand?post=4210"},{"taxonomy":"product_cat","embeddable":true,"href":"https:\/\/www.lebens-qi.at\/qishop\/wp-json\/wp\/v2\/product_cat?post=4210"},{"taxonomy":"product_tag","embeddable":true,"href":"https:\/\/www.lebens-qi.at\/qishop\/wp-json\/wp\/v2\/product_tag?post=4210"}],"curies":[{"name":"wp","href":"https:\/\/api.w.org\/{rel}","templated":true}]}}