{"id":4273,"date":"2024-03-06T18:30:31","date_gmt":"2024-03-06T17:30:31","guid":{"rendered":"https:\/\/www.lebens-qi.at\/qishop\/produkt\/lord-ganesha-backflow-kegelhalter\/"},"modified":"2025-02-21T11:44:49","modified_gmt":"2025-02-21T10:44:49","slug":"lord-ganesha-backflow-kegelhalter","status":"publish","type":"product","link":"https:\/\/www.lebens-qi.at\/qishop\/produkt\/lord-ganesha-backflow-kegelhalter\/","title":{"rendered":"Lord Ganesha &#8211; Backflow Kegelhalter"},"content":{"rendered":"<p><b>R\u00e4ucherkegelhalter Lord Ganesha<\/b><br \/>speziell f\u00fcr Backflow-R\u00e4ucherkegel (R\u00fcckfluss-R\u00e4ucherkegel)<\/p>\n<p>Bei diesem Kegelhalter steigt der Rauch nicht auf, sondern flie\u00dft wie bei einem Wasserfall nach unten. Das erzeugt einen sch\u00f6nen, beruhigenden und mystischen Effekt. Auch f\u00fcr R\u00e4ucherst\u00e4bchen geeignet! <em>Da gibts dann allerdings keinen Backflow-Effekt .-)<\/p>\n<p><\/em>Bestellen Sie bitte die entsprechenden R\u00e4ucherkegel gleich mit!<br \/>Der Backflow-Effekt funktioniert nur mit den speziellen Backflow-R\u00e4ucherkegeln, nicht mit normalen Kegeln.<\/p>\n<p>Gr\u00f6\u00dfe: ca. 9 x 6 x 10 cm<br \/>Material: Keramik<\/p>\n","protected":false},"excerpt":{"rendered":"<p>der Rauch flie\u00dft mystisch wie Wasser nach unten<\/p>\n","protected":false},"featured_media":4272,"comment_status":"open","ping_status":"closed","template":"","meta":{"_links_to":"","_links_to_target":""},"pwb-brand":[276],"product_brand":[],"product_cat":[745],"product_tag":[719,736,701,720],"class_list":{"0":"post-4273","1":"product","2":"type-product","3":"status-publish","4":"has-post-thumbnail","6":"pwb-brand-mani-bhadra-phoenix-import","7":"product_cat-backflowkegelhalter","8":"product_tag-backflow","9":"product_tag-ganesha","10":"product_tag-raeucherkegel","11":"product_tag-rueckfluss","13":"first","14":"instock","15":"taxable","16":"shipping-taxable","17":"purchasable","18":"product-type-simple"},"blog_post_layout_featured_media_urls":{"thumbnail":["https:\/\/www.lebens-qi.at\/qishop\/wp-content\/uploads\/15709-150x150.jpg",150,150,true],"full":["https:\/\/www.lebens-qi.at\/qishop\/wp-content\/uploads\/15709.jpg",800,800,false]},"categories":["276"],"categories_names":{"276":{"name":"Mani Bhadra - Phoenix Import","link":"https:\/\/www.lebens-qi.at\/qishop\/brand\/mani-bhadra-phoenix-import\/"}},"comments_number":"0","brands":[{"id":276,"name":"Mani Bhadra - Phoenix Import","slug":"mani-bhadra-phoenix-import"}],"_links":{"self":[{"href":"https:\/\/www.lebens-qi.at\/qishop\/wp-json\/wp\/v2\/product\/4273","targetHints":{"allow":["GET"]}}],"collection":[{"href":"https:\/\/www.lebens-qi.at\/qishop\/wp-json\/wp\/v2\/product"}],"about":[{"href":"https:\/\/www.lebens-qi.at\/qishop\/wp-json\/wp\/v2\/types\/product"}],"replies":[{"embeddable":true,"href":"https:\/\/www.lebens-qi.at\/qishop\/wp-json\/wp\/v2\/comments?post=4273"}],"wp:featuredmedia":[{"embeddable":true,"href":"https:\/\/www.lebens-qi.at\/qishop\/wp-json\/wp\/v2\/media\/4272"}],"wp:attachment":[{"href":"https:\/\/www.lebens-qi.at\/qishop\/wp-json\/wp\/v2\/media?parent=4273"}],"wp:term":[{"taxonomy":"pwb-brand","embeddable":true,"href":"https:\/\/www.lebens-qi.at\/qishop\/wp-json\/wp\/v2\/pwb-brand?post=4273"},{"taxonomy":"product_brand","embeddable":true,"href":"https:\/\/www.lebens-qi.at\/qishop\/wp-json\/wp\/v2\/product_brand?post=4273"},{"taxonomy":"product_cat","embeddable":true,"href":"https:\/\/www.lebens-qi.at\/qishop\/wp-json\/wp\/v2\/product_cat?post=4273"},{"taxonomy":"product_tag","embeddable":true,"href":"https:\/\/www.lebens-qi.at\/qishop\/wp-json\/wp\/v2\/product_tag?post=4273"}],"curies":[{"name":"wp","href":"https:\/\/api.w.org\/{rel}","templated":true}]}}