{"id":4348,"date":"2024-03-06T18:31:55","date_gmt":"2024-03-06T17:31:55","guid":{"rendered":"https:\/\/www.lebens-qi.at\/qishop\/produkt\/ganesha-raeucherstaebchenhalter-blatt\/"},"modified":"2025-12-05T16:34:19","modified_gmt":"2025-12-05T15:34:19","slug":"ganesha-raeucherstaebchenhalter-blatt","status":"publish","type":"product","link":"https:\/\/www.lebens-qi.at\/qishop\/produkt\/ganesha-raeucherstaebchenhalter-blatt\/","title":{"rendered":"Ganesha R\u00e4ucherst\u00e4bchenhalter Blatt"},"content":{"rendered":"<p><b>Silberfarbener R\u00e4ucherst\u00e4bchenhalter &#8211; Gl\u00fccksganesha auf langem Blatt<\/b><br \/>mit einer f\u00e4rbigen Perle verziert <br \/>Achtung, die Perlen haben immer eine andere Farbe! Gerne informieren wir sie, welche gerade bei uns lagernd ist.<\/p>\n<p>L\u00e4nge: ca. 22 cm<br \/>Material: Aluminium<br \/>Form: Schiffchen in Blattform<\/p>\n","protected":false},"excerpt":{"rendered":"<p>mit bunter Perle<\/p>\n","protected":false},"featured_media":4347,"comment_status":"open","ping_status":"closed","template":"","meta":{"_links_to":"","_links_to_target":""},"pwb-brand":[276],"product_brand":[],"product_cat":[740,729],"product_tag":[736,730,680],"class_list":{"0":"post-4348","1":"product","2":"type-product","3":"status-publish","4":"has-post-thumbnail","6":"pwb-brand-mani-bhadra-phoenix-import","7":"product_cat-metallhalter","8":"product_cat-schiffchenhalter","9":"product_tag-ganesha","10":"product_tag-halter","11":"product_tag-raeucherstaebchen","12":"pa_herkunft-indien","14":"first","15":"instock","16":"sale","17":"taxable","18":"shipping-taxable","19":"purchasable","20":"product-type-simple"},"blog_post_layout_featured_media_urls":{"thumbnail":["https:\/\/www.lebens-qi.at\/qishop\/wp-content\/uploads\/halter-ganesha-mitperle-150x150.jpg",150,150,true],"full":["https:\/\/www.lebens-qi.at\/qishop\/wp-content\/uploads\/halter-ganesha-mitperle.jpg",800,800,false]},"categories":["276"],"categories_names":{"276":{"name":"Mani Bhadra - Phoenix Import","link":"https:\/\/www.lebens-qi.at\/qishop\/brand\/mani-bhadra-phoenix-import\/"}},"comments_number":"0","brands":[{"id":276,"name":"Mani Bhadra - Phoenix Import","slug":"mani-bhadra-phoenix-import"}],"_links":{"self":[{"href":"https:\/\/www.lebens-qi.at\/qishop\/wp-json\/wp\/v2\/product\/4348","targetHints":{"allow":["GET"]}}],"collection":[{"href":"https:\/\/www.lebens-qi.at\/qishop\/wp-json\/wp\/v2\/product"}],"about":[{"href":"https:\/\/www.lebens-qi.at\/qishop\/wp-json\/wp\/v2\/types\/product"}],"replies":[{"embeddable":true,"href":"https:\/\/www.lebens-qi.at\/qishop\/wp-json\/wp\/v2\/comments?post=4348"}],"wp:featuredmedia":[{"embeddable":true,"href":"https:\/\/www.lebens-qi.at\/qishop\/wp-json\/wp\/v2\/media\/4347"}],"wp:attachment":[{"href":"https:\/\/www.lebens-qi.at\/qishop\/wp-json\/wp\/v2\/media?parent=4348"}],"wp:term":[{"taxonomy":"pwb-brand","embeddable":true,"href":"https:\/\/www.lebens-qi.at\/qishop\/wp-json\/wp\/v2\/pwb-brand?post=4348"},{"taxonomy":"product_brand","embeddable":true,"href":"https:\/\/www.lebens-qi.at\/qishop\/wp-json\/wp\/v2\/product_brand?post=4348"},{"taxonomy":"product_cat","embeddable":true,"href":"https:\/\/www.lebens-qi.at\/qishop\/wp-json\/wp\/v2\/product_cat?post=4348"},{"taxonomy":"product_tag","embeddable":true,"href":"https:\/\/www.lebens-qi.at\/qishop\/wp-json\/wp\/v2\/product_tag?post=4348"}],"curies":[{"name":"wp","href":"https:\/\/api.w.org\/{rel}","templated":true}]}}