{"id":4373,"date":"2024-03-11T12:19:39","date_gmt":"2024-03-11T11:19:39","guid":{"rendered":"https:\/\/www.lebens-qi.at\/qishop\/produkt\/trommelsteine-bunter-mix-micro\/"},"modified":"2025-09-24T15:51:48","modified_gmt":"2025-09-24T13:51:48","slug":"trommelsteine-bunter-mix-micro","status":"publish","type":"product","link":"https:\/\/www.lebens-qi.at\/qishop\/produkt\/trommelsteine-bunter-mix-micro\/","title":{"rendered":"Trommelsteine &#8211; Bunter Mix micro"},"content":{"rendered":"<p><b>Micro-Trommelsteine &#8211; Naturmischung<\/b><br \/>\nFarbe: bunt<br \/>\nDiese bunte Mischung an Micro-Trommelsteinen eignet sich hervorragend zum Basteln. Es sind verschiedene Mineralien enthalten &#8211; so kann es sich z.B. um Bergkristall, Rosenquarz, Achat, Amethyst, Aventurin, Jaspis, Onyx u.a. handeln. Diese Mischung enth\u00e4lt ausschlie\u00dflich nat\u00fcrliche, ungef\u00e4rbte Steine!<\/p>\n<p>F\u00fcr die sog. Heilsteinwirkung lesen Sie bitte in entsprechenden B\u00fcchern nach. Aus rechtlichen Gr\u00fcnden d\u00fcrfen wir keine gesundheitlichen Aussagen treffen. <a href=\"https:\/\/www.lebens-qi.at\/qishop\/produkt-kategorie\/mehr\/buecher\/heilsteine\/\">Hier finden Sie unsere Auswahl an Steineb\u00fcchern.<\/a><\/p>\n<p>Gr\u00f6\u00dfe: Micro-Trommelsteine ca. 0,1-0,5 cm<\/p>\n<p><em>Lieferumfang ca. 250 g in Papiert\u00fcte<\/em><\/p>\n","protected":false},"excerpt":{"rendered":"<p>Naturmischung &#8211; ungef\u00e4rbt<\/p>\n","protected":false},"featured_media":4372,"comment_status":"open","ping_status":"closed","template":"","meta":{"_links_to":"","_links_to_target":""},"pwb-brand":[114],"product_brand":[],"product_cat":[755],"product_tag":[756],"class_list":{"0":"post-4373","1":"product","2":"type-product","3":"status-publish","4":"has-post-thumbnail","6":"pwb-brand-lebens-qi-kraft-der-steine","7":"product_cat-trommelsteine","8":"product_tag-trommelstein","10":"first","11":"instock","12":"taxable","13":"shipping-taxable","14":"purchasable","15":"product-type-simple"},"blog_post_layout_featured_media_urls":{"thumbnail":["https:\/\/www.lebens-qi.at\/qishop\/wp-content\/uploads\/img_20220331_152746-150x150.jpg",150,150,true],"full":["https:\/\/www.lebens-qi.at\/qishop\/wp-content\/uploads\/img_20220331_152746.jpg",1310,982,false]},"categories":["114"],"categories_names":{"114":{"name":"Lebens-Qi Kraft der Steine","link":"https:\/\/www.lebens-qi.at\/qishop\/brand\/lebens-qi-kraft-der-steine\/"}},"comments_number":"0","brands":[{"id":114,"name":"Lebens-Qi Kraft der Steine","slug":"lebens-qi-kraft-der-steine"}],"_links":{"self":[{"href":"https:\/\/www.lebens-qi.at\/qishop\/wp-json\/wp\/v2\/product\/4373","targetHints":{"allow":["GET"]}}],"collection":[{"href":"https:\/\/www.lebens-qi.at\/qishop\/wp-json\/wp\/v2\/product"}],"about":[{"href":"https:\/\/www.lebens-qi.at\/qishop\/wp-json\/wp\/v2\/types\/product"}],"replies":[{"embeddable":true,"href":"https:\/\/www.lebens-qi.at\/qishop\/wp-json\/wp\/v2\/comments?post=4373"}],"wp:featuredmedia":[{"embeddable":true,"href":"https:\/\/www.lebens-qi.at\/qishop\/wp-json\/wp\/v2\/media\/4372"}],"wp:attachment":[{"href":"https:\/\/www.lebens-qi.at\/qishop\/wp-json\/wp\/v2\/media?parent=4373"}],"wp:term":[{"taxonomy":"pwb-brand","embeddable":true,"href":"https:\/\/www.lebens-qi.at\/qishop\/wp-json\/wp\/v2\/pwb-brand?post=4373"},{"taxonomy":"product_brand","embeddable":true,"href":"https:\/\/www.lebens-qi.at\/qishop\/wp-json\/wp\/v2\/product_brand?post=4373"},{"taxonomy":"product_cat","embeddable":true,"href":"https:\/\/www.lebens-qi.at\/qishop\/wp-json\/wp\/v2\/product_cat?post=4373"},{"taxonomy":"product_tag","embeddable":true,"href":"https:\/\/www.lebens-qi.at\/qishop\/wp-json\/wp\/v2\/product_tag?post=4373"}],"curies":[{"name":"wp","href":"https:\/\/api.w.org\/{rel}","templated":true}]}}