{"id":4435,"date":"2024-03-11T12:21:49","date_gmt":"2024-03-11T11:21:49","guid":{"rendered":"https:\/\/www.lebens-qi.at\/qishop\/produkt\/haematit-blutstein-trommelsteine-entladesteine\/"},"modified":"2025-03-13T14:45:43","modified_gmt":"2025-03-13T13:45:43","slug":"haematit-blutstein-trommelsteine-entladesteine","status":"publish","type":"product","link":"https:\/\/www.lebens-qi.at\/qishop\/produkt\/haematit-blutstein-trommelsteine-entladesteine\/","title":{"rendered":"H\u00e4matit (Blutstein) Trommelsteine &#8211; Entladesteine"},"content":{"rendered":"<p><b>H\u00e4matit (Blutstein) Mini-Trommelsteine &#8211; Entladesteine&#8220;<\/b><br \/>\nFarbe: schwarz-silbrig<br \/>\nDie Mini-Trommelsteine werden in eine kleine Schale \/ Untertasse gegeben, um dann andere Steine und Steinschmuck f\u00fcr einige Stunden darauf zu legen, damit diese energetisch gereinigt und entladen werden. Im Anschluss werden die gereinigten Steine wieder mit Bergkristall Mini-Trommelsteinen, Bergkristall-Gruppen, Amethyst-Drusenst\u00fccken, an der Sonne, im Vollmond oder in der Erde aufgeladen. Welche Methode am besten geeignet ist, ist von der Steinart abh\u00e4ngig.<\/p>\n<p>F\u00fcr die sog. Heilsteinwirkung lesen Sie bitte in entsprechenden B\u00fcchern nach. Aus rechtlichen Gr\u00fcnden d\u00fcrfen wir keine gesundheitlichen Aussagen treffen. <a href=\"https:\/\/www.lebens-qi.at\/qishop\/produkt-kategorie\/mehr\/buecher\/heilsteine\/\">Hier finden Sie unsere Auswahl an Steineb\u00fcchern.<\/a><\/p>\n<p>Gr\u00f6\u00dfe: Mini-\/Micro-Trommelsteine<\/p>\n<p><em>Lieferumfang ca. 200 g in Papiert\u00fcte<\/em><\/p>\n","protected":false},"excerpt":{"rendered":"<p>zum Reinigen anderer Steine<\/p>\n","protected":false},"featured_media":4434,"comment_status":"open","ping_status":"closed","template":"","meta":{"_links_to":"","_links_to_target":""},"pwb-brand":[114],"product_brand":[],"product_cat":[755],"product_tag":[756],"class_list":{"0":"post-4435","1":"product","2":"type-product","3":"status-publish","4":"has-post-thumbnail","6":"pwb-brand-lebens-qi-kraft-der-steine","7":"product_cat-trommelsteine","8":"product_tag-trommelstein","9":"pa_herkunft-brasilien","11":"first","12":"instock","13":"taxable","14":"shipping-taxable","15":"purchasable","16":"product-type-simple"},"blog_post_layout_featured_media_urls":{"thumbnail":["https:\/\/www.lebens-qi.at\/qishop\/wp-content\/uploads\/haematitchips-150x150.jpg",150,150,true],"full":["https:\/\/www.lebens-qi.at\/qishop\/wp-content\/uploads\/haematitchips.jpg",263,197,false]},"categories":["114"],"categories_names":{"114":{"name":"Lebens-Qi Kraft der Steine","link":"https:\/\/www.lebens-qi.at\/qishop\/brand\/lebens-qi-kraft-der-steine\/"}},"comments_number":"0","brands":[{"id":114,"name":"Lebens-Qi Kraft der Steine","slug":"lebens-qi-kraft-der-steine"}],"_links":{"self":[{"href":"https:\/\/www.lebens-qi.at\/qishop\/wp-json\/wp\/v2\/product\/4435","targetHints":{"allow":["GET"]}}],"collection":[{"href":"https:\/\/www.lebens-qi.at\/qishop\/wp-json\/wp\/v2\/product"}],"about":[{"href":"https:\/\/www.lebens-qi.at\/qishop\/wp-json\/wp\/v2\/types\/product"}],"replies":[{"embeddable":true,"href":"https:\/\/www.lebens-qi.at\/qishop\/wp-json\/wp\/v2\/comments?post=4435"}],"wp:featuredmedia":[{"embeddable":true,"href":"https:\/\/www.lebens-qi.at\/qishop\/wp-json\/wp\/v2\/media\/4434"}],"wp:attachment":[{"href":"https:\/\/www.lebens-qi.at\/qishop\/wp-json\/wp\/v2\/media?parent=4435"}],"wp:term":[{"taxonomy":"pwb-brand","embeddable":true,"href":"https:\/\/www.lebens-qi.at\/qishop\/wp-json\/wp\/v2\/pwb-brand?post=4435"},{"taxonomy":"product_brand","embeddable":true,"href":"https:\/\/www.lebens-qi.at\/qishop\/wp-json\/wp\/v2\/product_brand?post=4435"},{"taxonomy":"product_cat","embeddable":true,"href":"https:\/\/www.lebens-qi.at\/qishop\/wp-json\/wp\/v2\/product_cat?post=4435"},{"taxonomy":"product_tag","embeddable":true,"href":"https:\/\/www.lebens-qi.at\/qishop\/wp-json\/wp\/v2\/product_tag?post=4435"}],"curies":[{"name":"wp","href":"https:\/\/api.w.org\/{rel}","templated":true}]}}