{"id":4639,"date":"2024-03-11T15:26:01","date_gmt":"2024-03-11T14:26:01","guid":{"rendered":"https:\/\/www.lebens-qi.at\/qishop\/produkt\/moerser-aus-serpentin\/"},"modified":"2025-08-05T18:07:14","modified_gmt":"2025-08-05T16:07:14","slug":"moerser-aus-serpentin","status":"publish","type":"product","link":"https:\/\/www.lebens-qi.at\/qishop\/produkt\/moerser-aus-serpentin\/","title":{"rendered":"M\u00f6rser aus Serpentin"},"content":{"rendered":"<p><b>M\u00f6rser aus Serpentin (Naturstein)<br \/>\n<\/b><br \/>\nFarbe: dunkelgr\u00fcn<br \/>\nDurchmesser: ca. 12 cm<br \/>\nH\u00f6he: ca. 9 cm<\/p>\n<p>Bei diversen Harzen, Samen, Bl\u00fcten etc. ist es empfehlenswert, diese vor dem R\u00e4uchern zu zerkleinern. Daf\u00fcr eignet sich besonders gut dieser Serpentin-M\u00f6rser. Vielseitig einsetzbar.<\/p>\n<p><em><strong>Hinweis:<\/strong> da es sich bei Serpentin um einen nat\u00fcrlichen Stein handelt, sind Abweichungen in Farbe und Maserung normal!<\/em><\/p>\n","protected":false},"excerpt":{"rendered":"<p>zum Zerkleinern von R\u00e4ucherwerk oder Kr\u00e4utern<\/p>\n","protected":false},"featured_media":16521,"comment_status":"open","ping_status":"closed","template":"","meta":{"_links_to":"","_links_to_target":""},"pwb-brand":[307],"product_brand":[],"product_cat":[773],"product_tag":[781,466,317,84],"class_list":{"0":"post-4639","1":"product","2":"type-product","3":"status-publish","4":"has-post-thumbnail","6":"pwb-brand-berk","7":"product_cat-raeucherzubehoer","8":"product_tag-moerser","9":"product_tag-raeuchern","10":"product_tag-serpentin","11":"product_tag-stein","13":"first","14":"instock","15":"taxable","16":"shipping-taxable","17":"purchasable","18":"product-type-simple"},"blog_post_layout_featured_media_urls":{"thumbnail":["https:\/\/www.lebens-qi.at\/qishop\/wp-content\/uploads\/serpentin-moerser-150x150.png",150,150,true],"full":["https:\/\/www.lebens-qi.at\/qishop\/wp-content\/uploads\/serpentin-moerser.png",800,800,false]},"categories":["307"],"categories_names":{"307":{"name":"Berk","link":"https:\/\/www.lebens-qi.at\/qishop\/brand\/berk\/"}},"comments_number":"0","brands":[{"id":307,"name":"Berk","slug":"berk"}],"_links":{"self":[{"href":"https:\/\/www.lebens-qi.at\/qishop\/wp-json\/wp\/v2\/product\/4639","targetHints":{"allow":["GET"]}}],"collection":[{"href":"https:\/\/www.lebens-qi.at\/qishop\/wp-json\/wp\/v2\/product"}],"about":[{"href":"https:\/\/www.lebens-qi.at\/qishop\/wp-json\/wp\/v2\/types\/product"}],"replies":[{"embeddable":true,"href":"https:\/\/www.lebens-qi.at\/qishop\/wp-json\/wp\/v2\/comments?post=4639"}],"wp:featuredmedia":[{"embeddable":true,"href":"https:\/\/www.lebens-qi.at\/qishop\/wp-json\/wp\/v2\/media\/16521"}],"wp:attachment":[{"href":"https:\/\/www.lebens-qi.at\/qishop\/wp-json\/wp\/v2\/media?parent=4639"}],"wp:term":[{"taxonomy":"pwb-brand","embeddable":true,"href":"https:\/\/www.lebens-qi.at\/qishop\/wp-json\/wp\/v2\/pwb-brand?post=4639"},{"taxonomy":"product_brand","embeddable":true,"href":"https:\/\/www.lebens-qi.at\/qishop\/wp-json\/wp\/v2\/product_brand?post=4639"},{"taxonomy":"product_cat","embeddable":true,"href":"https:\/\/www.lebens-qi.at\/qishop\/wp-json\/wp\/v2\/product_cat?post=4639"},{"taxonomy":"product_tag","embeddable":true,"href":"https:\/\/www.lebens-qi.at\/qishop\/wp-json\/wp\/v2\/product_tag?post=4639"}],"curies":[{"name":"wp","href":"https:\/\/api.w.org\/{rel}","templated":true}]}}