{"id":4770,"date":"2024-03-11T18:42:53","date_gmt":"2024-03-11T17:42:53","guid":{"rendered":"https:\/\/www.lebens-qi.at\/qishop\/produkt\/der-sichtbare-und-der-unsichtbare-mensch\/"},"modified":"2024-12-10T11:17:02","modified_gmt":"2024-12-10T10:17:02","slug":"der-sichtbare-und-der-unsichtbare-mensch","status":"publish","type":"product","link":"https:\/\/www.lebens-qi.at\/qishop\/produkt\/der-sichtbare-und-der-unsichtbare-mensch\/","title":{"rendered":"Der sichtbare und der unsichtbare Mensch"},"content":{"rendered":"<p><b>Der sichtbare und der unsichtbare Mensch<\/b><br \/>\n<em>von Charles W. Leadbeater<\/em><\/p>\n<p>Das Grundlagenwerk der Aura-Forschung von einem der gr\u00f6\u00dften Hellseher des 20. Jahrhunderts!<br \/>\nLeadbeater schildert nicht nur die unmittelbare Aura-H\u00fclle des Menschen, sondern sein Blick geht weiter. Er beschreibt die h\u00f6heren K\u00f6rper des Menschen, die Entwicklung seelischer F\u00e4higkeiten und ihre Ausdrucksformen in der Aura und die Reifung der Individualit\u00e4t bis hin zum Meister der Weisheit&#8220;<br \/>\nDie Entwicklung des Lebens und des Bewusstseins wird so in beeindruckender Weise deutlich, zumal die Ausf\u00fchrungen Leadbeaters durch gro\u00dfformatige Bildtafeln illustriert werden.<\/p>\n<p><b>Ein einmaliges Meisterwerk \u00fcber die feinstofflichen K\u00f6rper des Menschen. Ein Klassiker, der zeitloses esoterisches Wissen offenbart!<\/b><\/p>\n<p><em>C. W. Leadbeater z\u00e4hlt ohne Zweifel zu den gr\u00f6\u00dften Hellsehern und Eingeweihten der Neuzeit. Die gesamte esoterische Bewegung des 20. Jahrhunderts sch\u00f6pfte in erheblichem Ma\u00dfe aus seinen Klassikern der spirituellen Literatur, die auch heute, am Beginn eines neuen Jahrtausends, nichts von seiner geistigen Gr\u00f6\u00dfe und Strahlkraft eingeb\u00fc\u00dft haben. Wenn viele moderne Autoren l\u00e4ngst in der Vergessenheit versunken sein werden, wird noch immer in den Buchhandlungen aller L\u00e4nder ein Platz reserviert sein f\u00fcr die gro\u00dfen Meisterwerke von Charles W. Leadbeater!<\/em>&#8222;<\/p>\n","protected":false},"excerpt":{"rendered":"<p>Das Grundlagenwerk der Aura-Forschung<\/p>\n","protected":false},"featured_media":6899,"comment_status":"open","ping_status":"closed","template":"","meta":{"_links_to":"","_links_to_target":""},"pwb-brand":[810],"product_brand":[],"product_cat":[804],"product_tag":[517,580,833,842],"class_list":{"0":"post-4770","1":"product","2":"type-product","3":"status-publish","4":"has-post-thumbnail","6":"pwb-brand-aquamarin-verlag","7":"product_cat-energiearbeit","8":"product_tag-aura","9":"product_tag-buch","10":"product_tag-charles-leadbeater","11":"product_tag-hellsichtigkeit","13":"first","14":"instock","15":"taxable","16":"shipping-taxable","17":"purchasable","18":"product-type-simple"},"blog_post_layout_featured_media_urls":{"thumbnail":["https:\/\/www.lebens-qi.at\/qishop\/wp-content\/uploads\/der-sichtbare-und-der-unsichtbare-mensch-9783894279189-X-150x150.jpg",150,150,true],"full":["https:\/\/www.lebens-qi.at\/qishop\/wp-content\/uploads\/der-sichtbare-und-der-unsichtbare-mensch-9783894279189-X.jpg",648,648,false]},"categories":["810"],"categories_names":{"810":{"name":"Aquamarin Verlag","link":"https:\/\/www.lebens-qi.at\/qishop\/brand\/aquamarin-verlag\/"}},"comments_number":"0","brands":[{"id":810,"name":"Aquamarin Verlag","slug":"aquamarin-verlag"}],"_links":{"self":[{"href":"https:\/\/www.lebens-qi.at\/qishop\/wp-json\/wp\/v2\/product\/4770","targetHints":{"allow":["GET"]}}],"collection":[{"href":"https:\/\/www.lebens-qi.at\/qishop\/wp-json\/wp\/v2\/product"}],"about":[{"href":"https:\/\/www.lebens-qi.at\/qishop\/wp-json\/wp\/v2\/types\/product"}],"replies":[{"embeddable":true,"href":"https:\/\/www.lebens-qi.at\/qishop\/wp-json\/wp\/v2\/comments?post=4770"}],"wp:featuredmedia":[{"embeddable":true,"href":"https:\/\/www.lebens-qi.at\/qishop\/wp-json\/wp\/v2\/media\/6899"}],"wp:attachment":[{"href":"https:\/\/www.lebens-qi.at\/qishop\/wp-json\/wp\/v2\/media?parent=4770"}],"wp:term":[{"taxonomy":"pwb-brand","embeddable":true,"href":"https:\/\/www.lebens-qi.at\/qishop\/wp-json\/wp\/v2\/pwb-brand?post=4770"},{"taxonomy":"product_brand","embeddable":true,"href":"https:\/\/www.lebens-qi.at\/qishop\/wp-json\/wp\/v2\/product_brand?post=4770"},{"taxonomy":"product_cat","embeddable":true,"href":"https:\/\/www.lebens-qi.at\/qishop\/wp-json\/wp\/v2\/product_cat?post=4770"},{"taxonomy":"product_tag","embeddable":true,"href":"https:\/\/www.lebens-qi.at\/qishop\/wp-json\/wp\/v2\/product_tag?post=4770"}],"curies":[{"name":"wp","href":"https:\/\/api.w.org\/{rel}","templated":true}]}}