{"id":4796,"date":"2024-03-11T18:43:03","date_gmt":"2024-03-11T17:43:03","guid":{"rendered":"https:\/\/www.lebens-qi.at\/qishop\/produkt\/superbrain-yoga\/"},"modified":"2026-02-18T20:09:10","modified_gmt":"2026-02-18T19:09:10","slug":"superbrain-yoga","status":"publish","type":"product","link":"https:\/\/www.lebens-qi.at\/qishop\/produkt\/superbrain-yoga\/","title":{"rendered":"Superbrain Yoga"},"content":{"rendered":"<p><b>Superbrain Yoga<\/b><br \/>\n<em>von Master Choa Kok Sui<\/em><\/p>\n<p>Beim Superbrain Yoga werden unter anderem die beiden Gehirnh\u00e4lften sowie die Zirbeldr\u00fcse energetisiert, indem die Ohrl\u00e4ppchen sanft massiert werden. Dabei ist die Stellung der Daumen von gr\u00f6\u00dfter Wichtigkeit\u2026<\/p>\n<p>Wissenschaftliche Studien haben jetzt das Wirkprinzip einer uralten Yoga-Technik bewiesen: Mediziner fanden heraus, dass das menschliche Gehirn neue Gehirnzellen und Neuronen bilden kann, um sich selbst zu regenerieren und um Kreisl\u00e4ufe wieder zu verbinden, die altersbedingt, durch Krankheiten oder Unf\u00e4lle unterbrochen worden sind. Genau das macht sich die von Master Choa Kok Sui wiederentdeckte Yoga-Technik zunutze.<\/p>\n<p>Grundlage des Superbrain Yoga ist das Wissen um die Reflexologie, also um energetisch-physiologische Beziehungen zwischen K\u00f6rperzonen etwa auf den Fu\u00dfsohlen, Handfl\u00e4chen oder den Ohren und den Funktionen der inneren Organe. Die zentrale \u00dcbung des \u201cSuperbrain Yoga\u201d ist verbl\u00fcffend einfach und ben\u00f6tigt nur wenige Minuten. Dennoch k\u00f6nnen ganz erstaunliche positive Ver\u00e4nderungen bei Lern- und Konzentrationsst\u00f6rungen und f\u00fcr die innere Ausgeglichenheit erzielt werden. So berichtet beispielsweise die Studentin Athiporn Sareebutr (Indonesien): <em>\u201cSchon nach 4 Tagen Superbrain Yoga konnte ich deutlich mehr begreifen und mich besser konzentrieren\u2026 W\u00e4hrend ich im letzten Semester, insbesondere in Statistik, mit Dreien und Vieren benotet wurde, schreibe ich jetzt eine Eins nach der anderen und f\u00fchle mich voller Energie. Meine Bekannten sagen zudem, dass ich strahlender, j\u00fcnger und gl\u00fccklicher aussehe.\u201d<\/em><\/p>\n","protected":false},"excerpt":{"rendered":"<p>Balancierung der Gehirnh\u00e4lften &amp; Energetisierung der Zirbeldr\u00fcse<\/p>\n","protected":false},"featured_media":6913,"comment_status":"open","ping_status":"closed","template":"","meta":{"_links_to":"","_links_to_target":""},"pwb-brand":[1292],"product_brand":[],"product_cat":[804,811,805],"product_tag":[580,837,856,857,829,158],"class_list":{"0":"post-4796","1":"product","2":"type-product","3":"status-publish","4":"has-post-thumbnail","6":"pwb-brand-innere-studien-verlag","7":"product_cat-energiearbeit","8":"product_cat-gesundheit","9":"product_cat-spiritualitaet","10":"product_tag-buch","11":"product_tag-gedanken","12":"product_tag-gehirnkraft","13":"product_tag-lernen","14":"product_tag-master-choa-kok-sui","15":"product_tag-yoga","17":"first","18":"outofstock","19":"taxable","20":"shipping-taxable","21":"purchasable","22":"product-type-simple"},"blog_post_layout_featured_media_urls":{"thumbnail":["https:\/\/www.lebens-qi.at\/qishop\/wp-content\/uploads\/superbrain-yoga-800x800-1-150x150.jpg",150,150,true],"full":["https:\/\/www.lebens-qi.at\/qishop\/wp-content\/uploads\/superbrain-yoga-800x800-1.jpg",800,800,false]},"categories":["1292"],"categories_names":{"1292":{"name":"Innere Studien Verlag","link":"https:\/\/www.lebens-qi.at\/qishop\/brand\/innere-studien-verlag\/"}},"comments_number":"0","brands":[{"id":1292,"name":"Innere Studien Verlag","slug":"innere-studien-verlag"}],"_links":{"self":[{"href":"https:\/\/www.lebens-qi.at\/qishop\/wp-json\/wp\/v2\/product\/4796","targetHints":{"allow":["GET"]}}],"collection":[{"href":"https:\/\/www.lebens-qi.at\/qishop\/wp-json\/wp\/v2\/product"}],"about":[{"href":"https:\/\/www.lebens-qi.at\/qishop\/wp-json\/wp\/v2\/types\/product"}],"replies":[{"embeddable":true,"href":"https:\/\/www.lebens-qi.at\/qishop\/wp-json\/wp\/v2\/comments?post=4796"}],"wp:featuredmedia":[{"embeddable":true,"href":"https:\/\/www.lebens-qi.at\/qishop\/wp-json\/wp\/v2\/media\/6913"}],"wp:attachment":[{"href":"https:\/\/www.lebens-qi.at\/qishop\/wp-json\/wp\/v2\/media?parent=4796"}],"wp:term":[{"taxonomy":"pwb-brand","embeddable":true,"href":"https:\/\/www.lebens-qi.at\/qishop\/wp-json\/wp\/v2\/pwb-brand?post=4796"},{"taxonomy":"product_brand","embeddable":true,"href":"https:\/\/www.lebens-qi.at\/qishop\/wp-json\/wp\/v2\/product_brand?post=4796"},{"taxonomy":"product_cat","embeddable":true,"href":"https:\/\/www.lebens-qi.at\/qishop\/wp-json\/wp\/v2\/product_cat?post=4796"},{"taxonomy":"product_tag","embeddable":true,"href":"https:\/\/www.lebens-qi.at\/qishop\/wp-json\/wp\/v2\/product_tag?post=4796"}],"curies":[{"name":"wp","href":"https:\/\/api.w.org\/{rel}","templated":true}]}}