{"id":4874,"date":"2024-03-11T18:44:06","date_gmt":"2024-03-11T17:44:06","guid":{"rendered":"https:\/\/www.lebens-qi.at\/qishop\/produkt\/astrologie-die-magie-deiner-sterne\/"},"modified":"2024-12-12T14:37:12","modified_gmt":"2024-12-12T13:37:12","slug":"astrologie-die-magie-deiner-sterne","status":"publish","type":"product","link":"https:\/\/www.lebens-qi.at\/qishop\/produkt\/astrologie-die-magie-deiner-sterne\/","title":{"rendered":"Astrologie &#8211; Die Magie deiner Sterne"},"content":{"rendered":"<p><b>Astrologie &#8211; Die Magie deiner Sterne <\/b><br \/>\nSo deutest du dein Geburtshoroskop und nutzt die Kraft des Universums<br \/>\n<em>von Yasmin Boland (Autorin des Moonology-Bestsellers)<\/em><\/p>\n<p><b>Noch nie war Astrologie so einfach: <\/b><br \/>\nWie wir mit der magischen Kraft der Sterne unser ganzes Potenzial entfalten und W\u00fcnsche wahr werden lassen, zeigt die international bekannte Astrologin Yasmin Boland. In einzigartiger Klarheit interpretiert die Bestseller-Autorin unser pers\u00f6nliches Geburtshoroskop und macht es anwendbar. Ihre Deutungen und lebenspraktischen Impulse lassen uns vergangene Ereignisse verstehen, aktuelle Herausforderungen erfolgreich meistern und zuk\u00fcnftige Chancen erkennen.<br \/>\n<b>Ein himmlischer Wegweiser, der Rat und Orientierung schenkt und zeigt, wie wir unsere verborgenen Talente bestm\u00f6glich entfalten k\u00f6nnen \u2013 f\u00fcr eine gl\u00fcckliche, bewusste Lebensgestaltung im Einklang mit den m\u00e4chtigen Energien des Universums.<\/b><\/p>\n","protected":false},"excerpt":{"rendered":"<p>So deutest du dein Geburtshoroskop und nutzt die Kraft des Universums<\/p>\n","protected":false},"featured_media":6973,"comment_status":"open","ping_status":"closed","template":"","meta":{"_links_to":"","_links_to_target":""},"pwb-brand":[1527],"product_brand":[],"product_cat":[820],"product_tag":[860,580,1358,1405],"class_list":{"0":"post-4874","1":"product","2":"type-product","3":"status-publish","4":"has-post-thumbnail","6":"pwb-brand-integral","7":"product_cat-astrologie","8":"product_tag-astrologie","9":"product_tag-buch","10":"product_tag-horoskop","11":"product_tag-yasmin-boland","13":"first","14":"instock","15":"taxable","16":"shipping-taxable","17":"purchasable","18":"product-type-simple"},"blog_post_layout_featured_media_urls":{"thumbnail":["https:\/\/www.lebens-qi.at\/qishop\/wp-content\/uploads\/astrologie-9783778793237-X-150x150.jpg",150,150,true],"full":["https:\/\/www.lebens-qi.at\/qishop\/wp-content\/uploads\/astrologie-9783778793237-X.jpg",648,648,false]},"categories":["1527"],"categories_names":{"1527":{"name":"Integral","link":"https:\/\/www.lebens-qi.at\/qishop\/brand\/integral\/"}},"comments_number":"0","brands":[{"id":1527,"name":"Integral","slug":"integral"}],"_links":{"self":[{"href":"https:\/\/www.lebens-qi.at\/qishop\/wp-json\/wp\/v2\/product\/4874","targetHints":{"allow":["GET"]}}],"collection":[{"href":"https:\/\/www.lebens-qi.at\/qishop\/wp-json\/wp\/v2\/product"}],"about":[{"href":"https:\/\/www.lebens-qi.at\/qishop\/wp-json\/wp\/v2\/types\/product"}],"replies":[{"embeddable":true,"href":"https:\/\/www.lebens-qi.at\/qishop\/wp-json\/wp\/v2\/comments?post=4874"}],"wp:featuredmedia":[{"embeddable":true,"href":"https:\/\/www.lebens-qi.at\/qishop\/wp-json\/wp\/v2\/media\/6973"}],"wp:attachment":[{"href":"https:\/\/www.lebens-qi.at\/qishop\/wp-json\/wp\/v2\/media?parent=4874"}],"wp:term":[{"taxonomy":"pwb-brand","embeddable":true,"href":"https:\/\/www.lebens-qi.at\/qishop\/wp-json\/wp\/v2\/pwb-brand?post=4874"},{"taxonomy":"product_brand","embeddable":true,"href":"https:\/\/www.lebens-qi.at\/qishop\/wp-json\/wp\/v2\/product_brand?post=4874"},{"taxonomy":"product_cat","embeddable":true,"href":"https:\/\/www.lebens-qi.at\/qishop\/wp-json\/wp\/v2\/product_cat?post=4874"},{"taxonomy":"product_tag","embeddable":true,"href":"https:\/\/www.lebens-qi.at\/qishop\/wp-json\/wp\/v2\/product_tag?post=4874"}],"curies":[{"name":"wp","href":"https:\/\/api.w.org\/{rel}","templated":true}]}}