{"id":4979,"date":"2024-03-11T23:16:07","date_gmt":"2024-03-11T22:16:07","guid":{"rendered":"https:\/\/www.lebens-qi.at\/qishop\/produkt\/lovely-animals-orakel-karten-set\/"},"modified":"2025-02-21T11:20:03","modified_gmt":"2025-02-21T10:20:03","slug":"lovely-animals-orakel-karten-set","status":"publish","type":"product","link":"https:\/\/www.lebens-qi.at\/qishop\/produkt\/lovely-animals-orakel-karten-set\/","title":{"rendered":"Lovely Animals Orakel &#8211; Karten-Set"},"content":{"rendered":"<p><b>Kartenset: Lovely Animals Orakel<br \/><\/b>44 Krafttierkarten f\u00fcr Erwachsene und Kinder (Krafttier Fuchs, Elefant, Eichh\u00f6rnchen&#8230;Orakel Deutsch)<br \/><em>von Helena de Almeida<\/em><\/p>\n<p><b>Die farbenfrohen Krafttiere der K\u00fcnstlerin Helena de Almeida schenken dir liebevolle, positive Energie und erw\u00e4rmen dein Herz.<\/b><br \/>Die magischen Tiere begleiten dich auf deinem Weg, st\u00e4rken dich und inspirieren dich bei allen Lebensfragen. Entdecke dabei dein pers\u00f6nliches Helfertier &#8211; ob zu Land, im Wasser oder in der Luft. <\/p>\n<p>Diese faszinierenden Karten zeigen, wie vielf\u00e4ltig und bunt die Tierwelt ist, von Marienk\u00e4fer \u00fcber Lama zu Seestern und Panda. Du kannst sie f\u00fcr dich als Inspiration nutzen oder auch gemeinsam in der Gruppe, mit Kindern oder in der Familie &#8211; die liebevollen Tierkarten zaubern jedem ein L\u00e4cheln ins Gesicht. <br \/>Im Booklet findest du die jeweiligen St\u00e4rken und Botschaften der Tiere sowie Impulse, was in deiner jetzigen Situation f\u00fcr dich wichtig ist. <br \/>&#8211; Von der Illustratorin und Autorin des erfolgreichen Golden Black Cat Tarot <br \/>&#8211; Hinrei\u00dfende Darstellungen der Helfertiere <br \/>&#8211; Au\u00dfergew\u00f6hnliche Auswahl von Tieren <br \/>&#8211; Helena de Almeida hat eine gro\u00dfe Social Media Fangemeinde <\/p>\n<p>Inhalt: 44 Karten in hochwertiger St\u00fclpdeckelschachtel und 80-seitiges Booklet<\/p>\n","protected":false},"excerpt":{"rendered":"<p>44 Krafttierkarten<\/p>\n","protected":false},"featured_media":4978,"comment_status":"open","ping_status":"closed","template":"","meta":{"_links_to":"","_links_to_target":""},"pwb-brand":[828],"product_brand":[],"product_cat":[887],"product_tag":[667,888,863],"class_list":{"0":"post-4979","1":"product","2":"type-product","3":"status-publish","4":"has-post-thumbnail","6":"pwb-brand-koenigsfurt-urania","7":"product_cat-schamanismus-krafttiere","8":"product_tag-kartendeck","9":"product_tag-krafttiere","10":"product_tag-orakel","12":"first","13":"instock","14":"taxable","15":"shipping-taxable","16":"purchasable","17":"product-type-simple"},"blog_post_layout_featured_media_urls":{"thumbnail":["https:\/\/www.lebens-qi.at\/qishop\/wp-content\/uploads\/lovely-animals-150x150.jpg",150,150,true],"full":["https:\/\/www.lebens-qi.at\/qishop\/wp-content\/uploads\/lovely-animals.jpg",480,529,false]},"categories":["828"],"categories_names":{"828":{"name":"K\u00f6nigsfurt Urania","link":"https:\/\/www.lebens-qi.at\/qishop\/brand\/koenigsfurt-urania\/"}},"comments_number":"0","brands":[{"id":828,"name":"K\u00f6nigsfurt Urania","slug":"koenigsfurt-urania"}],"_links":{"self":[{"href":"https:\/\/www.lebens-qi.at\/qishop\/wp-json\/wp\/v2\/product\/4979","targetHints":{"allow":["GET"]}}],"collection":[{"href":"https:\/\/www.lebens-qi.at\/qishop\/wp-json\/wp\/v2\/product"}],"about":[{"href":"https:\/\/www.lebens-qi.at\/qishop\/wp-json\/wp\/v2\/types\/product"}],"replies":[{"embeddable":true,"href":"https:\/\/www.lebens-qi.at\/qishop\/wp-json\/wp\/v2\/comments?post=4979"}],"wp:featuredmedia":[{"embeddable":true,"href":"https:\/\/www.lebens-qi.at\/qishop\/wp-json\/wp\/v2\/media\/4978"}],"wp:attachment":[{"href":"https:\/\/www.lebens-qi.at\/qishop\/wp-json\/wp\/v2\/media?parent=4979"}],"wp:term":[{"taxonomy":"pwb-brand","embeddable":true,"href":"https:\/\/www.lebens-qi.at\/qishop\/wp-json\/wp\/v2\/pwb-brand?post=4979"},{"taxonomy":"product_brand","embeddable":true,"href":"https:\/\/www.lebens-qi.at\/qishop\/wp-json\/wp\/v2\/product_brand?post=4979"},{"taxonomy":"product_cat","embeddable":true,"href":"https:\/\/www.lebens-qi.at\/qishop\/wp-json\/wp\/v2\/product_cat?post=4979"},{"taxonomy":"product_tag","embeddable":true,"href":"https:\/\/www.lebens-qi.at\/qishop\/wp-json\/wp\/v2\/product_tag?post=4979"}],"curies":[{"name":"wp","href":"https:\/\/api.w.org\/{rel}","templated":true}]}}