{"id":5368,"date":"2024-03-12T16:12:11","date_gmt":"2024-03-12T15:12:11","guid":{"rendered":"https:\/\/www.lebens-qi.at\/qishop\/produkt\/lapislazuli-rutilquarz-armband-mit-ganesha\/"},"modified":"2025-07-28T16:57:46","modified_gmt":"2025-07-28T14:57:46","slug":"lapislazuli-rutilquarz-armband-mit-ganesha","status":"publish","type":"product","link":"https:\/\/www.lebens-qi.at\/qishop\/produkt\/lapislazuli-rutilquarz-armband-mit-ganesha\/","title":{"rendered":"Lapislazuli-Rutilquarz Armband mit Ganesha"},"content":{"rendered":"<p><b>Armband Lapislazuli\/Rutilquarz <br \/><\/b>mit Ganesha <br \/>auf Elastikband<\/p>\n<p><b>Lapislazuli<\/b> <br \/>ist ein tiefblauer Stein mit goldenen Pyritf\u00e4den, der bereits von \u00e4gyptischen Priestern, K\u00f6nigen und Kriegern f\u00fcr seine Macht verehrt wurde. Der Stein f\u00f6rdert Authentizit\u00e4t, klares Wissen, spirituelle Einsicht, innere Ruhe und Frieden.<\/p>\n<p><b>Rutilquarz<\/b><br \/>ist ein Stein mit golden erscheinenden Nadeln&#8220; im Inneren. Er st\u00e4rkt die Willenskraft und ist ein vitalisierender Stein. Er hilft, Ihre Stimmung aufzuhellen und Negativit\u00e4ten zu lindern. <\/p>\n<p><b>Ganesha<\/b><br \/>Im Hinduismus verk\u00f6rpert Ganesha Weisheit und Intelligenz. Er sch\u00fctzt die Wissenschaften und die K\u00fcnste: Musik, Poesie und Tanz. Er gilt als Schutzgottheit f\u00fcr Haus und Arbeitsplatz. Seine Anwesenheit verspricht Gl\u00fcck.<\/p>\n<p>Material: Stein, die Metall-Komponenten bestehen aus einer Zink-Legierung<br \/><em>Dieser Artikel ist nickel-, blei- und cadmiumfrei. Das bedeutet, dass diese Metalle entweder \u00fcberhaupt nicht enthalten sind oder in so geringen Mengen, dass sie unter die geltenden europ\u00e4ischen Normen f\u00fct Produktsicherheit fallen.<\/em><\/p>\n<p>Steindurchmesser: ca. 8 mm&#8220;<\/p>\n","protected":false},"excerpt":{"rendered":"<p>Steinschmuck mit Symbolanh\u00e4nger<\/p>\n","protected":false},"featured_media":5367,"comment_status":"open","ping_status":"closed","template":"","meta":{"_links_to":"","_links_to_target":""},"pwb-brand":[276],"product_brand":[],"product_cat":[920,921],"product_tag":[1223,735,736,241,1585],"class_list":{"0":"post-5368","1":"product","2":"type-product","3":"status-publish","4":"has-post-thumbnail","6":"pwb-brand-mani-bhadra-phoenix-import","7":"product_cat-armbaender","8":"product_cat-armbaender-steinschmuck","9":"product_tag-armband","10":"product_tag-elefant","11":"product_tag-ganesha","12":"product_tag-lapislazuli","13":"product_tag-rutilquarz","15":"first","16":"instock","17":"taxable","18":"shipping-taxable","19":"purchasable","20":"product-type-simple"},"blog_post_layout_featured_media_urls":{"thumbnail":["https:\/\/www.lebens-qi.at\/qishop\/wp-content\/uploads\/12606-150x150.jpg",150,150,true],"full":["https:\/\/www.lebens-qi.at\/qishop\/wp-content\/uploads\/12606.jpg",800,800,false]},"categories":["276"],"categories_names":{"276":{"name":"Mani Bhadra - Phoenix Import","link":"https:\/\/www.lebens-qi.at\/qishop\/brand\/mani-bhadra-phoenix-import\/"}},"comments_number":"0","brands":[{"id":276,"name":"Mani Bhadra - Phoenix Import","slug":"mani-bhadra-phoenix-import"}],"_links":{"self":[{"href":"https:\/\/www.lebens-qi.at\/qishop\/wp-json\/wp\/v2\/product\/5368","targetHints":{"allow":["GET"]}}],"collection":[{"href":"https:\/\/www.lebens-qi.at\/qishop\/wp-json\/wp\/v2\/product"}],"about":[{"href":"https:\/\/www.lebens-qi.at\/qishop\/wp-json\/wp\/v2\/types\/product"}],"replies":[{"embeddable":true,"href":"https:\/\/www.lebens-qi.at\/qishop\/wp-json\/wp\/v2\/comments?post=5368"}],"wp:featuredmedia":[{"embeddable":true,"href":"https:\/\/www.lebens-qi.at\/qishop\/wp-json\/wp\/v2\/media\/5367"}],"wp:attachment":[{"href":"https:\/\/www.lebens-qi.at\/qishop\/wp-json\/wp\/v2\/media?parent=5368"}],"wp:term":[{"taxonomy":"pwb-brand","embeddable":true,"href":"https:\/\/www.lebens-qi.at\/qishop\/wp-json\/wp\/v2\/pwb-brand?post=5368"},{"taxonomy":"product_brand","embeddable":true,"href":"https:\/\/www.lebens-qi.at\/qishop\/wp-json\/wp\/v2\/product_brand?post=5368"},{"taxonomy":"product_cat","embeddable":true,"href":"https:\/\/www.lebens-qi.at\/qishop\/wp-json\/wp\/v2\/product_cat?post=5368"},{"taxonomy":"product_tag","embeddable":true,"href":"https:\/\/www.lebens-qi.at\/qishop\/wp-json\/wp\/v2\/product_tag?post=5368"}],"curies":[{"name":"wp","href":"https:\/\/api.w.org\/{rel}","templated":true}]}}