{"id":5581,"date":"2024-03-12T17:36:20","date_gmt":"2024-03-12T16:36:20","guid":{"rendered":"https:\/\/www.lebens-qi.at\/qishop\/produkt\/tafel-duftkerze-kronenchakra\/"},"modified":"2025-07-28T17:43:29","modified_gmt":"2025-07-28T15:43:29","slug":"tafel-duftkerze-kronenchakra","status":"publish","type":"product","link":"https:\/\/www.lebens-qi.at\/qishop\/produkt\/tafel-duftkerze-kronenchakra\/","title":{"rendered":"Tafel-Duftkerze Kronenchakra"},"content":{"rendered":"<p><b>Kronenchakra<\/b><br \/>Fair Trade Chakra Tafel-Duftkerze Stearin Sahasrara (Spiritualit\u00e4t) &#8211; Chakra 7<\/p>\n<p>Die Chakrakerze ist aus 100% Stearin hergestellt und enth\u00e4lt 3% reine \u00e4therische \u00d6le: <br \/><b>Patchouli, Labdanum, Weihrauch<\/b><br \/>Farbe: violett<\/p>\n<p>Brenndauer 8-9 Stunden. <br \/>Lieferumfang: 3 St\u00fcck pro Packung<br \/>Tipp: passenden Kerzenhalter mitbestellen!<\/p>\n<p><b>Handgemachte nachhaltige und Fair Trade Kerzen<\/b><br \/>Diese Stearinkerzen werden in Indonesien handgefertigt und auf verantwortungsvolle Weise hergestellt. Die Handgemachte Herstellung schafft Arbeitspl\u00e4tze f\u00fcr viele Menschen, 80% der Angestellten sind Frauen.\u2028<\/p>\n<p><b>Dies sind zertifizierte GreenPalm Stearinkerzen.<br \/><\/b>GreenPalm ist ein zertifiziertes Handelsprogramm, um die Umweltbelastungen und die sozialen Probleme, welche durch die Produktion von Palm\u00f6l entstehen, anzugehen. <\/p>\n","protected":false},"excerpt":{"rendered":"<p>Patchouli, Labdanum, Weihrauch<\/p>\n","protected":false},"featured_media":5580,"comment_status":"open","ping_status":"closed","template":"","meta":{"_links_to":"","_links_to_target":""},"pwb-brand":[922],"product_brand":[],"product_cat":[924,935],"product_tag":[198,926,936],"class_list":{"0":"post-5581","1":"product","2":"type-product","3":"status-publish","4":"has-post-thumbnail","6":"pwb-brand-yogi-yogini-meditation","7":"product_cat-duftkerzen","8":"product_cat-tafelkerzen","9":"product_tag-chakra","10":"product_tag-duftkerze","11":"product_tag-tafelkerze","13":"first","14":"instock","15":"taxable","16":"shipping-taxable","17":"purchasable","18":"product-type-simple"},"blog_post_layout_featured_media_urls":{"thumbnail":["https:\/\/www.lebens-qi.at\/qishop\/wp-content\/uploads\/tafelkerzen-kronenchakra-150x150.jpg",150,150,true],"full":["https:\/\/www.lebens-qi.at\/qishop\/wp-content\/uploads\/tafelkerzen-kronenchakra.jpg",560,560,false]},"categories":["922"],"categories_names":{"922":{"name":"Yogi &amp; Yogini - Meditation","link":"https:\/\/www.lebens-qi.at\/qishop\/brand\/yogi-yogini-meditation\/"}},"comments_number":"0","brands":[{"id":922,"name":"Yogi &amp; Yogini - Meditation","slug":"yogi-yogini-meditation"}],"_links":{"self":[{"href":"https:\/\/www.lebens-qi.at\/qishop\/wp-json\/wp\/v2\/product\/5581","targetHints":{"allow":["GET"]}}],"collection":[{"href":"https:\/\/www.lebens-qi.at\/qishop\/wp-json\/wp\/v2\/product"}],"about":[{"href":"https:\/\/www.lebens-qi.at\/qishop\/wp-json\/wp\/v2\/types\/product"}],"replies":[{"embeddable":true,"href":"https:\/\/www.lebens-qi.at\/qishop\/wp-json\/wp\/v2\/comments?post=5581"}],"wp:featuredmedia":[{"embeddable":true,"href":"https:\/\/www.lebens-qi.at\/qishop\/wp-json\/wp\/v2\/media\/5580"}],"wp:attachment":[{"href":"https:\/\/www.lebens-qi.at\/qishop\/wp-json\/wp\/v2\/media?parent=5581"}],"wp:term":[{"taxonomy":"pwb-brand","embeddable":true,"href":"https:\/\/www.lebens-qi.at\/qishop\/wp-json\/wp\/v2\/pwb-brand?post=5581"},{"taxonomy":"product_brand","embeddable":true,"href":"https:\/\/www.lebens-qi.at\/qishop\/wp-json\/wp\/v2\/product_brand?post=5581"},{"taxonomy":"product_cat","embeddable":true,"href":"https:\/\/www.lebens-qi.at\/qishop\/wp-json\/wp\/v2\/product_cat?post=5581"},{"taxonomy":"product_tag","embeddable":true,"href":"https:\/\/www.lebens-qi.at\/qishop\/wp-json\/wp\/v2\/product_tag?post=5581"}],"curies":[{"name":"wp","href":"https:\/\/api.w.org\/{rel}","templated":true}]}}