{"id":5635,"date":"2024-03-13T14:25:05","date_gmt":"2024-03-13T13:25:05","guid":{"rendered":"https:\/\/www.lebens-qi.at\/qishop\/produkt\/gluecks-grusskarte-good-fortune\/"},"modified":"2025-02-21T11:44:01","modified_gmt":"2025-02-21T10:44:01","slug":"gluecks-grusskarte-good-fortune","status":"publish","type":"product","link":"https:\/\/www.lebens-qi.at\/qishop\/produkt\/gluecks-grusskarte-good-fortune\/","title":{"rendered":"Gl\u00fccks-Gru\u00dfkarte &quot;Good Fortune&quot;"},"content":{"rendered":"<p>Gru\u00dfkarte ohne Text <\/p>\n<p>Inhalt: Gru\u00dfkarte mit Umschlag, in Zellophan verpackt. <br \/>Die Verpackung der Karten ist biologisch abbaubar und die Umschl\u00e4ge tragen das FSC G\u00fctezeichen.<\/p>\n<p><b><em>Milieu und Druckarbeiten<\/b><br \/>Die Druckerei  arbeitet ausschlie\u00dflich mit dem Verfahren von Offset ohne Wasser und Tinten auf der Basis von pflanzlichem \u00d6l arbeiten. Die Vorteile davon sind weniger Belastung f\u00fcr die Umwelt, keine Emissionen in Luft, Wasser und Erdreich und weniger Geruch.<br \/>In der pflanzlichen Tinte werden keine Erd\u00f6lprodukte verarbeitet, sondern Soja\u00f6l und Tannenharz. Dies ist ein gro\u00dfer Vorteil beim Recyclen.<\/em><\/p>\n","protected":false},"excerpt":{"rendered":"<p>Organic Card<\/p>\n","protected":false},"featured_media":5634,"comment_status":"open","ping_status":"closed","template":"","meta":{"_links_to":"","_links_to_target":""},"pwb-brand":[276],"product_brand":[],"product_cat":[940],"product_tag":[595,941],"class_list":{"0":"post-5635","1":"product","2":"type-product","3":"status-publish","4":"has-post-thumbnail","6":"pwb-brand-mani-bhadra-phoenix-import","7":"product_cat-grusskarten","8":"product_tag-glueck","9":"product_tag-grusskarte","11":"first","12":"instock","13":"taxable","14":"shipping-taxable","15":"purchasable","16":"product-type-simple"},"blog_post_layout_featured_media_urls":{"thumbnail":["https:\/\/www.lebens-qi.at\/qishop\/wp-content\/uploads\/good-luck-karte-150x150.png",150,150,true],"full":["https:\/\/www.lebens-qi.at\/qishop\/wp-content\/uploads\/good-luck-karte.png",550,550,false]},"categories":["276"],"categories_names":{"276":{"name":"Mani Bhadra - Phoenix Import","link":"https:\/\/www.lebens-qi.at\/qishop\/brand\/mani-bhadra-phoenix-import\/"}},"comments_number":"0","brands":[{"id":276,"name":"Mani Bhadra - Phoenix Import","slug":"mani-bhadra-phoenix-import"}],"_links":{"self":[{"href":"https:\/\/www.lebens-qi.at\/qishop\/wp-json\/wp\/v2\/product\/5635","targetHints":{"allow":["GET"]}}],"collection":[{"href":"https:\/\/www.lebens-qi.at\/qishop\/wp-json\/wp\/v2\/product"}],"about":[{"href":"https:\/\/www.lebens-qi.at\/qishop\/wp-json\/wp\/v2\/types\/product"}],"replies":[{"embeddable":true,"href":"https:\/\/www.lebens-qi.at\/qishop\/wp-json\/wp\/v2\/comments?post=5635"}],"wp:featuredmedia":[{"embeddable":true,"href":"https:\/\/www.lebens-qi.at\/qishop\/wp-json\/wp\/v2\/media\/5634"}],"wp:attachment":[{"href":"https:\/\/www.lebens-qi.at\/qishop\/wp-json\/wp\/v2\/media?parent=5635"}],"wp:term":[{"taxonomy":"pwb-brand","embeddable":true,"href":"https:\/\/www.lebens-qi.at\/qishop\/wp-json\/wp\/v2\/pwb-brand?post=5635"},{"taxonomy":"product_brand","embeddable":true,"href":"https:\/\/www.lebens-qi.at\/qishop\/wp-json\/wp\/v2\/product_brand?post=5635"},{"taxonomy":"product_cat","embeddable":true,"href":"https:\/\/www.lebens-qi.at\/qishop\/wp-json\/wp\/v2\/product_cat?post=5635"},{"taxonomy":"product_tag","embeddable":true,"href":"https:\/\/www.lebens-qi.at\/qishop\/wp-json\/wp\/v2\/product_tag?post=5635"}],"curies":[{"name":"wp","href":"https:\/\/api.w.org\/{rel}","templated":true}]}}