{"id":5715,"date":"2024-03-13T20:44:06","date_gmt":"2024-03-13T19:44:06","guid":{"rendered":"https:\/\/www.lebens-qi.at\/qishop\/produkt\/ohrkerzen-fuer-kinder\/"},"modified":"2024-11-18T21:19:45","modified_gmt":"2024-11-18T20:19:45","slug":"ohrkerzen-fuer-kinder","status":"publish","type":"product","link":"https:\/\/www.lebens-qi.at\/qishop\/produkt\/ohrkerzen-fuer-kinder\/","title":{"rendered":"Ohrkerzen f\u00fcr Kinder"},"content":{"rendered":"<p><b>SOMO\u00ae KLASSIK PREMIUM SICHERHEITS OHRKERZEN<br \/>\n<\/b>Handgefertigt mit Bienenwachs und Rosmarin\u00f6l<br \/>\nF\u00fcr Kinder, Jugendliche und Menschen mit kleiner Ohrmuschel bieten sich die Kinder Somo Premium Sicherheits-Ohrkerzen mit kleinerem Durchmesser an.<\/p>\n<p>Die Anwendung der Ohrkerze bringt ein befreiendes Gef\u00fchl f\u00fcr Kopf und Ohren. Strahlen der Ohrenkerzen-Flamme bringen Reinigung und W\u00e4rme in die Aura. Es wird empfohlen, immer an beiden Ohren eine Anwendung zu machen.<\/p>\n<p>\u2022 Handgefertigte Premium Qualit\u00e4t aus \u00d6sterreich<br \/>\n\u2022 Jede SOMO\u00ae Ohr-und K\u00f6rperkerze ist ein Unikat<br \/>\n\u2022 Tropfschutz integriert \u2013 F\u00fcr Ihre Sicherheit<br \/>\n\u2022 Rutscht nicht in den Geh\u00f6rgang dichtet perfekt an der Ohrmuschel ab<br \/>\n\u2022 Gleichm\u00e4\u00dfiger Abbrennvorgang<br \/>\n\u2022 R\u00fcckstandslose Verbrennung<br \/>\n\u2022 Abbrennmarkierung bei 6 cm<\/p>\n<p><b>Lieferumfang:<\/b><br \/>\n2 St\u00fcck Premium Sicherheitsohrkerzen f\u00fcr Kinder mit Beschreibung<br \/>\n<b>Gr\u00f6\u00dfe:<\/b> 21 cm x 1 cm<br \/>\nmit eingebautem Tropfschutz<\/p>\n<p>Produziert in \u00d6sterreich in liebevoller Handarbeit in der hauseigenen SOMO-Manufaktur im S\u00fcdburgenland<\/p>\n<p><em>Bei akuten, schweren Erkrankungen im Ohr-Kopf-Bereich sollten Sie unbedingt R\u00fccksprache mit Ihrem Arzt halten <\/em><\/p>\n","protected":false},"excerpt":{"rendered":"<p>Premium Sicherheitsohrkerzen aus \u00d6sterreich<\/p>\n","protected":false},"featured_media":5714,"comment_status":"open","ping_status":"closed","template":"","meta":{"_links_to":"","_links_to_target":""},"pwb-brand":[961],"product_brand":[],"product_cat":[955],"product_tag":[305,958,957,956],"class_list":{"0":"post-5715","1":"product","2":"type-product","3":"status-publish","4":"has-post-thumbnail","6":"pwb-brand-somo","7":"product_cat-ohr-koerperkerzen","8":"product_tag-handgefertigt","9":"product_tag-kinder","10":"product_tag-ohrkerzen","11":"product_tag-somo","13":"first","14":"instock","15":"taxable","16":"shipping-taxable","17":"purchasable","18":"product-type-simple"},"blog_post_layout_featured_media_urls":{"thumbnail":["https:\/\/www.lebens-qi.at\/qishop\/wp-content\/uploads\/somo-kinder-ohrkerzen-150x150.jpg",150,150,true],"full":["https:\/\/www.lebens-qi.at\/qishop\/wp-content\/uploads\/somo-kinder-ohrkerzen.jpg",600,600,false]},"categories":["961"],"categories_names":{"961":{"name":"SOMO","link":"https:\/\/www.lebens-qi.at\/qishop\/brand\/somo\/"}},"comments_number":"0","brands":[{"id":961,"name":"SOMO","slug":"somo"}],"_links":{"self":[{"href":"https:\/\/www.lebens-qi.at\/qishop\/wp-json\/wp\/v2\/product\/5715","targetHints":{"allow":["GET"]}}],"collection":[{"href":"https:\/\/www.lebens-qi.at\/qishop\/wp-json\/wp\/v2\/product"}],"about":[{"href":"https:\/\/www.lebens-qi.at\/qishop\/wp-json\/wp\/v2\/types\/product"}],"replies":[{"embeddable":true,"href":"https:\/\/www.lebens-qi.at\/qishop\/wp-json\/wp\/v2\/comments?post=5715"}],"wp:featuredmedia":[{"embeddable":true,"href":"https:\/\/www.lebens-qi.at\/qishop\/wp-json\/wp\/v2\/media\/5714"}],"wp:attachment":[{"href":"https:\/\/www.lebens-qi.at\/qishop\/wp-json\/wp\/v2\/media?parent=5715"}],"wp:term":[{"taxonomy":"pwb-brand","embeddable":true,"href":"https:\/\/www.lebens-qi.at\/qishop\/wp-json\/wp\/v2\/pwb-brand?post=5715"},{"taxonomy":"product_brand","embeddable":true,"href":"https:\/\/www.lebens-qi.at\/qishop\/wp-json\/wp\/v2\/product_brand?post=5715"},{"taxonomy":"product_cat","embeddable":true,"href":"https:\/\/www.lebens-qi.at\/qishop\/wp-json\/wp\/v2\/product_cat?post=5715"},{"taxonomy":"product_tag","embeddable":true,"href":"https:\/\/www.lebens-qi.at\/qishop\/wp-json\/wp\/v2\/product_tag?post=5715"}],"curies":[{"name":"wp","href":"https:\/\/api.w.org\/{rel}","templated":true}]}}