{"id":5804,"date":"2024-03-14T00:42:31","date_gmt":"2024-03-13T23:42:31","guid":{"rendered":"https:\/\/www.lebens-qi.at\/qishop\/produkt\/klangschale-ca-13-cm\/"},"modified":"2024-12-13T12:50:30","modified_gmt":"2024-12-13T11:50:30","slug":"klangschale-ca-13-cm","status":"publish","type":"product","link":"https:\/\/www.lebens-qi.at\/qishop\/produkt\/klangschale-ca-13-cm\/","title":{"rendered":"Klangschale ca. 12,5 cm"},"content":{"rendered":"<p>Klangschale OHNE Zubeh\u00f6r<br \/>\ntoller Klang, da handgeh\u00e4mmert<\/p>\n<div class=\"product-short-description\">\n<p><strong>Klangschale ca. 12,5 cm, 475-525 g, Messing, Handarbeit aus Nepal<\/strong><\/p>\n<\/div>\n<p>Bitte passendes Zubeh\u00f6r (Kl\u00f6ppel, Kissen, etc.) gleich mitbestellen!<\/p>\n<p><b>Original handgeschlagene Klangschale aus Nepal. Erweiterte, breite Form mit einem besonderen, lang anhaltenden Klang.<\/b><\/p>\n<p>\u00dcber geh\u00e4mmerte Klangschalen: Geschlagene oder geh\u00e4mmerte Klangschalen sind vollst\u00e4ndig von Hand hergestellt. Jede einzelne Klangschale wurde sorgsam von Hand geh\u00e4mmert, was mehrere Arbeitsschritte erfordert. F\u00fcr die Herstellung werden zun\u00e4chst die verschiedenen Zusammensetzungen von Rohstoffmetallen (Kupfer, Zinn, Zink, Eisen, Blei, Gold und Silber) im Ofen geschmolzen, abh\u00e4ngig von den Manufakturanforderungen von Bronze Klangschalen oder Sieben-Metalle Klangschalen usw. Das hei\u00dfe, geschmolzene Metall wird aus dem Ofen genommen und in verschieden gro\u00dfe und schwere Becher- oder W\u00fcrfelformen gegossen. Dann werden die Metallformen in runde Metallbl\u00e4tter der erforderlichen Gr\u00f6\u00dfe und Dicke ausgewalzt. Anschlie\u00dfend werden die Bl\u00e4tter nach pr\u00e4zisen Messvorgaben von Hand geh\u00e4mmert oder geschlagen und nach Gewicht und Gr\u00f6\u00dfe kategorisiert. F\u00fcr den H\u00e4mmerprozess werden 4 bis 5 Metallbl\u00e4tter aufeinander gestapelt und dann bis zur Gluthitze aufgeheizt. Die rot gl\u00fchenden Metallbl\u00e4tter werden von einer Gruppe von Kunsthandwerkexperten geh\u00e4mmert bis die Hitze im Metall bleibt. Es folgen weitere Erhitzungen und H\u00e4mmern, um die Klangschale zu auszuformen. Das Erhitzen und Schlagen der gestapelten Metallbl\u00e4tter wird fortgesetzt bis die gew\u00fcnschte Form und Gr\u00f6\u00dfe aus dem Metallblatt entsteht. (Das ist der Grund f\u00fcr die Schwankungen in der Gr\u00f6\u00dfe der handgeh\u00e4mmerten Klangschalen). Nur wenn das Metallblatt rot gl\u00fcht kann es geh\u00e4mmert werden, k\u00fchlt es ab, verliert es seine Weichheit und Flexibilit\u00e4t, wird h\u00e4rter und bekommt Risse oder Br\u00fcche, wenn man es bearbeitet. Nach der Fertigstellung der gew\u00fcnschten Form, beginnt der individuelle Herstellungsprozess. W\u00e4hrend dieses Vorgangs wird jede Schale in die gleiche Form und Gr\u00f6\u00dfe gebracht, was wiederum Erhitzung bis zur Gluthitze erfordert.<\/p>\n<p>Nachdem Form und Gr\u00f6\u00dfe fertiggestellt sind, werden Feinheiten der Form ausgebessert. Abschlie\u00dfend werden die individuellen Klangschalen graviert und die Oberfl\u00e4che von Innen und Au\u00dfen gegl\u00e4ttet.<\/p>\n","protected":false},"excerpt":{"rendered":"<p>Original handgeschlagene Klangschale aus Nepal<\/p>\n","protected":false},"featured_media":5849,"comment_status":"open","ping_status":"closed","template":"","meta":{"_links_to":"","_links_to_target":""},"pwb-brand":[617],"product_brand":[],"product_cat":[974],"product_tag":[976,975,831,452,158],"class_list":{"0":"post-5804","1":"product","2":"type-product","3":"status-publish","4":"has-post-thumbnail","6":"pwb-brand-yantra","7":"product_cat-klangschalen","8":"product_tag-handgehaemmert","9":"product_tag-klangschale","10":"product_tag-meditation","11":"product_tag-nepal","12":"product_tag-yoga","14":"first","15":"instock","16":"taxable","17":"shipping-taxable","18":"purchasable","19":"product-type-simple"},"blog_post_layout_featured_media_urls":{"thumbnail":["https:\/\/www.lebens-qi.at\/qishop\/wp-content\/uploads\/klangschale-12cm-150x150.jpg",150,150,true],"full":["https:\/\/www.lebens-qi.at\/qishop\/wp-content\/uploads\/klangschale-12cm.jpg",600,600,false]},"categories":["617"],"categories_names":{"617":{"name":"Yantra","link":"https:\/\/www.lebens-qi.at\/qishop\/brand\/yantra\/"}},"comments_number":"0","brands":[{"id":617,"name":"Yantra","slug":"yantra"}],"_links":{"self":[{"href":"https:\/\/www.lebens-qi.at\/qishop\/wp-json\/wp\/v2\/product\/5804","targetHints":{"allow":["GET"]}}],"collection":[{"href":"https:\/\/www.lebens-qi.at\/qishop\/wp-json\/wp\/v2\/product"}],"about":[{"href":"https:\/\/www.lebens-qi.at\/qishop\/wp-json\/wp\/v2\/types\/product"}],"replies":[{"embeddable":true,"href":"https:\/\/www.lebens-qi.at\/qishop\/wp-json\/wp\/v2\/comments?post=5804"}],"wp:featuredmedia":[{"embeddable":true,"href":"https:\/\/www.lebens-qi.at\/qishop\/wp-json\/wp\/v2\/media\/5849"}],"wp:attachment":[{"href":"https:\/\/www.lebens-qi.at\/qishop\/wp-json\/wp\/v2\/media?parent=5804"}],"wp:term":[{"taxonomy":"pwb-brand","embeddable":true,"href":"https:\/\/www.lebens-qi.at\/qishop\/wp-json\/wp\/v2\/pwb-brand?post=5804"},{"taxonomy":"product_brand","embeddable":true,"href":"https:\/\/www.lebens-qi.at\/qishop\/wp-json\/wp\/v2\/product_brand?post=5804"},{"taxonomy":"product_cat","embeddable":true,"href":"https:\/\/www.lebens-qi.at\/qishop\/wp-json\/wp\/v2\/product_cat?post=5804"},{"taxonomy":"product_tag","embeddable":true,"href":"https:\/\/www.lebens-qi.at\/qishop\/wp-json\/wp\/v2\/product_tag?post=5804"}],"curies":[{"name":"wp","href":"https:\/\/api.w.org\/{rel}","templated":true}]}}