{"id":5812,"date":"2024-03-14T00:42:39","date_gmt":"2024-03-13T23:42:39","guid":{"rendered":"https:\/\/www.lebens-qi.at\/qishop\/produkt\/trommelschlaeger-mit-filz\/"},"modified":"2025-02-10T15:24:47","modified_gmt":"2025-02-10T14:24:47","slug":"trommelschlaeger-mit-filz","status":"publish","type":"product","link":"https:\/\/www.lebens-qi.at\/qishop\/produkt\/trommelschlaeger-mit-filz\/","title":{"rendered":"Trommelschl\u00e4ger mit Filz"},"content":{"rendered":"<p><b>Zubeh\u00f6r f\u00fcr unsere Klangschalen!<\/b><\/p>\n<p>Dicker Filzklangstab<br \/>\nf\u00fcr angenehmen Klang bei tibetische Klangschalen<\/p>\n<p>Gr\u00f6\u00dfe: ca. 33 cmDurchmesser Filz: ca. 7 cm<\/p>\n","protected":false},"excerpt":{"rendered":"<p>Filzklangstab &#8211; gro\u00dfer Kl\u00f6ppel f\u00fcr die Klangschale<\/p>\n","protected":false},"featured_media":8618,"comment_status":"open","ping_status":"closed","template":"","meta":{"_links_to":"","_links_to_target":""},"pwb-brand":[307],"product_brand":[],"product_cat":[974],"product_tag":[975,977,978],"class_list":{"0":"post-5812","1":"product","2":"type-product","3":"status-publish","4":"has-post-thumbnail","6":"pwb-brand-berk","7":"product_cat-klangschalen","8":"product_tag-klangschale","9":"product_tag-klangstab","10":"product_tag-kloeppel","12":"first","13":"instock","14":"taxable","15":"shipping-taxable","16":"purchasable","17":"product-type-simple"},"blog_post_layout_featured_media_urls":{"thumbnail":["https:\/\/www.lebens-qi.at\/qishop\/wp-content\/uploads\/kh-77-klangschalenkloeppel-150x150.jpg",150,150,true],"full":["https:\/\/www.lebens-qi.at\/qishop\/wp-content\/uploads\/kh-77-klangschalenkloeppel.jpg",300,300,false]},"categories":["307"],"categories_names":{"307":{"name":"Berk","link":"https:\/\/www.lebens-qi.at\/qishop\/brand\/berk\/"}},"comments_number":"0","brands":[{"id":307,"name":"Berk","slug":"berk"}],"_links":{"self":[{"href":"https:\/\/www.lebens-qi.at\/qishop\/wp-json\/wp\/v2\/product\/5812","targetHints":{"allow":["GET"]}}],"collection":[{"href":"https:\/\/www.lebens-qi.at\/qishop\/wp-json\/wp\/v2\/product"}],"about":[{"href":"https:\/\/www.lebens-qi.at\/qishop\/wp-json\/wp\/v2\/types\/product"}],"replies":[{"embeddable":true,"href":"https:\/\/www.lebens-qi.at\/qishop\/wp-json\/wp\/v2\/comments?post=5812"}],"wp:featuredmedia":[{"embeddable":true,"href":"https:\/\/www.lebens-qi.at\/qishop\/wp-json\/wp\/v2\/media\/8618"}],"wp:attachment":[{"href":"https:\/\/www.lebens-qi.at\/qishop\/wp-json\/wp\/v2\/media?parent=5812"}],"wp:term":[{"taxonomy":"pwb-brand","embeddable":true,"href":"https:\/\/www.lebens-qi.at\/qishop\/wp-json\/wp\/v2\/pwb-brand?post=5812"},{"taxonomy":"product_brand","embeddable":true,"href":"https:\/\/www.lebens-qi.at\/qishop\/wp-json\/wp\/v2\/product_brand?post=5812"},{"taxonomy":"product_cat","embeddable":true,"href":"https:\/\/www.lebens-qi.at\/qishop\/wp-json\/wp\/v2\/product_cat?post=5812"},{"taxonomy":"product_tag","embeddable":true,"href":"https:\/\/www.lebens-qi.at\/qishop\/wp-json\/wp\/v2\/product_tag?post=5812"}],"curies":[{"name":"wp","href":"https:\/\/api.w.org\/{rel}","templated":true}]}}