{"id":6095,"date":"2024-03-26T15:09:29","date_gmt":"2024-03-26T14:09:29","guid":{"rendered":"https:\/\/www.lebens-qi.at\/qishop\/produkt\/rudraksha-pendel-silberfarbig\/"},"modified":"2025-02-21T11:38:12","modified_gmt":"2025-02-21T10:38:12","slug":"rudraksha-pendel-silberfarbig","status":"publish","type":"product","link":"https:\/\/www.lebens-qi.at\/qishop\/produkt\/rudraksha-pendel-silberfarbig\/","title":{"rendered":"Rudraksha Pendel silberfarbig"},"content":{"rendered":"<p><b>Rudraksha Samen &#8211; Pendel mit silberfarbener Kette und Spitze<\/b><br \/>Dieses Pendel angefertigt aus einem Rudraksha Samen, mit Metall-Spitze f\u00fcr ein aussagekr\u00e4ftigeres Pendelergebnis. <br \/>Rudraksha bedeutet Tr\u00e4nen der Rudra&#8220; (Lord Shiva). Der Rudraksha-Samen soll heilig sein und mystische Kr\u00e4fte haben. Seit Tausenden von Jahren verwenden Menschen diesen Samen, um spirituelle, materielle und gesundheitliche Vorteile zu erzielen. Es wird angenommen, dass jemand, der Rudraksha tr\u00e4gt, vor jeglicher Negativit\u00e4t gesch\u00fctzt ist und die heiligen Rudraksha-Samen die Konzentration, den Fokus und die geistige Ausdauer verbessern.<\/p>\n<p><b>Material: Same, Metall<\/b><br \/>Gr\u00f6\u00dfe: ca. 45 mm<br \/>Gewicht: ca. 7 g<\/p>\n<p>Lieferumfang: 1 Pendel inkl. kleinem Pendelt\u00e4schchen&#8220;<\/p>\n","protected":false},"excerpt":{"rendered":"<p>inkl. Pendelt\u00e4schchen<\/p>\n","protected":false},"featured_media":6094,"comment_status":"open","ping_status":"closed","template":"","meta":{"_links_to":"","_links_to_target":""},"pwb-brand":[276],"product_brand":[],"product_cat":[1004],"product_tag":[1006,1005,1010],"class_list":{"0":"post-6095","1":"product","2":"type-product","3":"status-publish","4":"has-post-thumbnail","6":"pwb-brand-mani-bhadra-phoenix-import","7":"product_cat-pendel","8":"product_tag-pendel","9":"product_tag-radiaesthesie","10":"product_tag-rudrakshasame","12":"first","13":"instock","14":"taxable","15":"shipping-taxable","16":"purchasable","17":"product-type-simple"},"blog_post_layout_featured_media_urls":{"thumbnail":["https:\/\/www.lebens-qi.at\/qishop\/wp-content\/uploads\/16413-150x150.jpg",150,150,true],"full":["https:\/\/www.lebens-qi.at\/qishop\/wp-content\/uploads\/16413.jpg",800,800,false]},"categories":["276"],"categories_names":{"276":{"name":"Mani Bhadra - Phoenix Import","link":"https:\/\/www.lebens-qi.at\/qishop\/brand\/mani-bhadra-phoenix-import\/"}},"comments_number":"0","brands":[{"id":276,"name":"Mani Bhadra - Phoenix Import","slug":"mani-bhadra-phoenix-import"}],"_links":{"self":[{"href":"https:\/\/www.lebens-qi.at\/qishop\/wp-json\/wp\/v2\/product\/6095","targetHints":{"allow":["GET"]}}],"collection":[{"href":"https:\/\/www.lebens-qi.at\/qishop\/wp-json\/wp\/v2\/product"}],"about":[{"href":"https:\/\/www.lebens-qi.at\/qishop\/wp-json\/wp\/v2\/types\/product"}],"replies":[{"embeddable":true,"href":"https:\/\/www.lebens-qi.at\/qishop\/wp-json\/wp\/v2\/comments?post=6095"}],"wp:featuredmedia":[{"embeddable":true,"href":"https:\/\/www.lebens-qi.at\/qishop\/wp-json\/wp\/v2\/media\/6094"}],"wp:attachment":[{"href":"https:\/\/www.lebens-qi.at\/qishop\/wp-json\/wp\/v2\/media?parent=6095"}],"wp:term":[{"taxonomy":"pwb-brand","embeddable":true,"href":"https:\/\/www.lebens-qi.at\/qishop\/wp-json\/wp\/v2\/pwb-brand?post=6095"},{"taxonomy":"product_brand","embeddable":true,"href":"https:\/\/www.lebens-qi.at\/qishop\/wp-json\/wp\/v2\/product_brand?post=6095"},{"taxonomy":"product_cat","embeddable":true,"href":"https:\/\/www.lebens-qi.at\/qishop\/wp-json\/wp\/v2\/product_cat?post=6095"},{"taxonomy":"product_tag","embeddable":true,"href":"https:\/\/www.lebens-qi.at\/qishop\/wp-json\/wp\/v2\/product_tag?post=6095"}],"curies":[{"name":"wp","href":"https:\/\/api.w.org\/{rel}","templated":true}]}}