{"id":6165,"date":"2024-03-28T17:41:42","date_gmt":"2024-03-28T16:41:42","guid":{"rendered":"https:\/\/www.lebens-qi.at\/qishop\/?post_type=product&#038;p=6165"},"modified":"2024-12-11T11:38:43","modified_gmt":"2024-12-11T10:38:43","slug":"erzengel-gabriel-karten","status":"publish","type":"product","link":"https:\/\/www.lebens-qi.at\/qishop\/produkt\/erzengel-gabriel-karten\/","title":{"rendered":"Erzengel Gabriel &#8211; Karten"},"content":{"rendered":"<p><b>Karten: Erzengel Gabriel<\/b><br \/>\n44 Orakel-Karten mit Anleitung<br \/>\n<em>von Doreen Virtue<\/em><\/p>\n<p><strong>Mit Kreativit\u00e4t das Leben meistern<\/strong><\/p>\n<p>Jede Karte hat ein wundersch\u00f6nes Motiv aus der Engelwelt im Stil der Alten Meister, zusammen mit einer positiven Botschaft. Im begleitenden Handbuch wird erkl\u00e4rt, wie man diese Botschaften f\u00fcr sich selbst und f\u00fcr andere nutzt. Die erweiterte Bedeutung jeder einzelnen Karte wird anschaulich erl\u00e4utert.<\/p>\n<p>In diesem mit klassischen Motiven gestalteten Orakeldeck vermittelt die Bestsellerautorin Doreen Virtue dem Leser Hilfe f\u00fcr die kreativen Prozesse des Lebens.<\/p>\n<p>44 Karten mit Begleitbuch<\/p>\n","protected":false},"excerpt":{"rendered":"<p>44 Orakel-Karten mit Anleitung<\/p>\n","protected":false},"featured_media":6166,"comment_status":"open","ping_status":"closed","template":"","meta":{"_links_to":"","_links_to_target":""},"pwb-brand":[812],"product_brand":[],"product_cat":[952,879],"product_tag":[861,545,204,216,667,863],"class_list":{"0":"post-6165","1":"product","2":"type-product","3":"status-publish","4":"has-post-thumbnail","6":"pwb-brand-allegria-verlag","7":"product_cat-engelbuecher-kartendecks","8":"product_cat-engelkarten","9":"product_tag-doreen-virtue","10":"product_tag-engel","11":"product_tag-erzengel","12":"product_tag-gabriel","13":"product_tag-kartendeck","14":"product_tag-orakel","16":"first","17":"instock","18":"taxable","19":"shipping-taxable","20":"purchasable","21":"product-type-simple"},"blog_post_layout_featured_media_urls":{"thumbnail":["https:\/\/www.lebens-qi.at\/qishop\/wp-content\/uploads\/erzengel-gabriel-orakelkarten-150x150.jpg",150,150,true],"full":["https:\/\/www.lebens-qi.at\/qishop\/wp-content\/uploads\/erzengel-gabriel-orakelkarten.jpg",648,648,false]},"categories":["812"],"categories_names":{"812":{"name":"Allegria Verlag","link":"https:\/\/www.lebens-qi.at\/qishop\/brand\/allegria-verlag\/"}},"comments_number":"0","brands":[{"id":812,"name":"Allegria Verlag","slug":"allegria-verlag"}],"_links":{"self":[{"href":"https:\/\/www.lebens-qi.at\/qishop\/wp-json\/wp\/v2\/product\/6165","targetHints":{"allow":["GET"]}}],"collection":[{"href":"https:\/\/www.lebens-qi.at\/qishop\/wp-json\/wp\/v2\/product"}],"about":[{"href":"https:\/\/www.lebens-qi.at\/qishop\/wp-json\/wp\/v2\/types\/product"}],"replies":[{"embeddable":true,"href":"https:\/\/www.lebens-qi.at\/qishop\/wp-json\/wp\/v2\/comments?post=6165"}],"wp:featuredmedia":[{"embeddable":true,"href":"https:\/\/www.lebens-qi.at\/qishop\/wp-json\/wp\/v2\/media\/6166"}],"wp:attachment":[{"href":"https:\/\/www.lebens-qi.at\/qishop\/wp-json\/wp\/v2\/media?parent=6165"}],"wp:term":[{"taxonomy":"pwb-brand","embeddable":true,"href":"https:\/\/www.lebens-qi.at\/qishop\/wp-json\/wp\/v2\/pwb-brand?post=6165"},{"taxonomy":"product_brand","embeddable":true,"href":"https:\/\/www.lebens-qi.at\/qishop\/wp-json\/wp\/v2\/product_brand?post=6165"},{"taxonomy":"product_cat","embeddable":true,"href":"https:\/\/www.lebens-qi.at\/qishop\/wp-json\/wp\/v2\/product_cat?post=6165"},{"taxonomy":"product_tag","embeddable":true,"href":"https:\/\/www.lebens-qi.at\/qishop\/wp-json\/wp\/v2\/product_tag?post=6165"}],"curies":[{"name":"wp","href":"https:\/\/api.w.org\/{rel}","templated":true}]}}