{"id":6188,"date":"2024-03-29T10:58:07","date_gmt":"2024-03-29T09:58:07","guid":{"rendered":"https:\/\/www.lebens-qi.at\/qishop\/?post_type=product&#038;p=6188"},"modified":"2025-09-17T20:29:31","modified_gmt":"2025-09-17T18:29:31","slug":"goloka-natural-masala-raeucherstaebchen","status":"publish","type":"product","link":"https:\/\/www.lebens-qi.at\/qishop\/produkt\/goloka-natural-masala-raeucherstaebchen\/","title":{"rendered":"Goloka Natural Masala R\u00e4ucherst\u00e4bchen"},"content":{"rendered":"<p><b>Natural Masala R\u00e4ucherst\u00e4bchen aus dem Traditionsbetrieb GOLOKA<\/b><\/p>\n<p>Nach der traditionellen Masala-Methode hergestellte R\u00e4ucherst\u00e4bchen mit besonderen D\u00fcften, die in Indien bereits von den vedischen Weisen verwendet wurden. Die entsprechenden Verse aus den Sanskrit sind auf der Verpackung angef\u00fchrt!<\/p>\n<p><b>Erh\u00e4ltlich in 6 verschiedenen Sorten:<br \/>\n<\/b>\u2022 Astagandha &#8211; Kr\u00e4utermischung f\u00fcr Wohlbefinden<br \/>\n\u2022 Davanam &#8211; Beifu\u00df (Artemisia siversiana) f\u00fcr eine holistische Atmosph\u00e4re<br \/>\n\u2022 Frangipani &#8211; Plumeria f\u00fcr gesteigerte Spiritualit\u00e4t, bessere Stimmung und innere Ruhe<br \/>\n\u2022 Kastoori &#8211; pflanzlicher Moschus f\u00fcr Wohlstand<br \/>\n\u2022 Sandalwood &#8211; Sandelholz f\u00fcr Schutz und um Gl\u00fcck anzuziehen<br \/>\n\u2022 Sri Tulsi &#8211; Hl. Basilikum f\u00fcr Gesundheit und zum Eliminieren von Ungl\u00fcck<\/p>\n<p>Inhalt pro Packung: 15 g<br \/>\nAlle Einnahmen die Goloka durch den Verkauf Ihrer R\u00e4ucherst\u00e4bchen macht werden zu 100 % in Charity-Projekte gesteckt.<br \/>\nKeine Kinderarbeit<br \/>\nManufaktur in Bangalore, Indien<\/p>\n<p><b>Enter the World of Wellness in a Natural and Healthy Way!<\/b><\/p>\n","protected":false},"excerpt":{"rendered":"<p>Enter the World of Wellness in a Natural and Healthy Way<\/p>\n","protected":false},"featured_media":6212,"comment_status":"open","ping_status":"closed","template":"","meta":{"_links_to":"","_links_to_target":""},"pwb-brand":[727],"product_brand":[],"product_cat":[3015],"product_tag":[1039,714,680,228,395],"class_list":{"0":"post-6188","1":"product","2":"type-product","3":"status-publish","4":"has-post-thumbnail","6":"pwb-brand-goloka","7":"product_cat-satya-goloka-hem","8":"product_tag-frangipani","9":"product_tag-goloka","10":"product_tag-raeucherstaebchen","11":"product_tag-sandelholz","12":"product_tag-tulsi","14":"first","15":"instock","16":"taxable","17":"shipping-taxable","18":"purchasable","19":"product-type-variable"},"blog_post_layout_featured_media_urls":{"thumbnail":["https:\/\/www.lebens-qi.at\/qishop\/wp-content\/uploads\/na-61-150x150.jpg",150,150,true],"full":["https:\/\/www.lebens-qi.at\/qishop\/wp-content\/uploads\/na-61.jpg",600,600,false]},"categories":["727"],"categories_names":{"727":{"name":"Goloka","link":"https:\/\/www.lebens-qi.at\/qishop\/brand\/goloka\/"}},"comments_number":"0","brands":[{"id":727,"name":"Goloka","slug":"goloka"}],"_links":{"self":[{"href":"https:\/\/www.lebens-qi.at\/qishop\/wp-json\/wp\/v2\/product\/6188","targetHints":{"allow":["GET"]}}],"collection":[{"href":"https:\/\/www.lebens-qi.at\/qishop\/wp-json\/wp\/v2\/product"}],"about":[{"href":"https:\/\/www.lebens-qi.at\/qishop\/wp-json\/wp\/v2\/types\/product"}],"replies":[{"embeddable":true,"href":"https:\/\/www.lebens-qi.at\/qishop\/wp-json\/wp\/v2\/comments?post=6188"}],"wp:featuredmedia":[{"embeddable":true,"href":"https:\/\/www.lebens-qi.at\/qishop\/wp-json\/wp\/v2\/media\/6212"}],"wp:attachment":[{"href":"https:\/\/www.lebens-qi.at\/qishop\/wp-json\/wp\/v2\/media?parent=6188"}],"wp:term":[{"taxonomy":"pwb-brand","embeddable":true,"href":"https:\/\/www.lebens-qi.at\/qishop\/wp-json\/wp\/v2\/pwb-brand?post=6188"},{"taxonomy":"product_brand","embeddable":true,"href":"https:\/\/www.lebens-qi.at\/qishop\/wp-json\/wp\/v2\/product_brand?post=6188"},{"taxonomy":"product_cat","embeddable":true,"href":"https:\/\/www.lebens-qi.at\/qishop\/wp-json\/wp\/v2\/product_cat?post=6188"},{"taxonomy":"product_tag","embeddable":true,"href":"https:\/\/www.lebens-qi.at\/qishop\/wp-json\/wp\/v2\/product_tag?post=6188"}],"curies":[{"name":"wp","href":"https:\/\/api.w.org\/{rel}","templated":true}]}}