{"id":6581,"date":"2024-04-03T19:10:14","date_gmt":"2024-04-03T17:10:14","guid":{"rendered":"https:\/\/www.lebens-qi.at\/qishop\/?post_type=product&#038;p=6581"},"modified":"2025-07-02T15:20:49","modified_gmt":"2025-07-02T13:20:49","slug":"tender-love-1500-teile-puzzle","status":"publish","type":"product","link":"https:\/\/www.lebens-qi.at\/qishop\/produkt\/tender-love-1500-teile-puzzle\/","title":{"rendered":"Tender Love &#8211; 1500 Teile Puzzle"},"content":{"rendered":"<p><b>Bezauberndes Motiv &#8222;Tender Love&#8220; der K\u00fcnstlerin Sandra Kuck<br \/>\n<\/b><\/p>\n<p>wei\u00dfe Friedenstauben, zarte Bl\u00fcten und ein kleines Engerl, das ein H\u00e4schen streichelt<\/p>\n<p>Teileanzahl: 1500 Teile<br \/>\nBildfl\u00e4che: 68 x 47 cm<br \/>\nVerpackung: Puzzlekarton<br \/>\nMaterial: Karton<br \/>\nAlter: Puzzle f\u00fcr Erwachsene<\/p>\n<p>K\u00fcnstlerin: Sandra Kuck<\/p>\n<p><b>Achtung!<br \/>\n<\/b><em>Nicht f\u00fcr Kinder unter 3 Jahren geeignet!<\/em><\/p>\n","protected":false},"excerpt":{"rendered":"<p>Z\u00e4rtliche Liebe &#8211; Engel von Sandra Kuck<\/p>\n","protected":false},"featured_media":15855,"comment_status":"open","ping_status":"closed","template":"","meta":{"_links_to":"","_links_to_target":""},"pwb-brand":[143],"product_brand":[],"product_cat":[149],"product_tag":[545,518,174,141,1176],"class_list":{"0":"post-6581","1":"product","2":"type-product","3":"status-publish","4":"has-post-thumbnail","6":"pwb-brand-castorland","7":"product_cat-1500-teile","8":"product_tag-engel","9":"product_tag-frieden","10":"product_tag-liebe","11":"product_tag-puzzle","12":"product_tag-tauben","14":"first","15":"instock","16":"sold-individually","17":"taxable","18":"shipping-taxable","19":"purchasable","20":"product-type-simple"},"blog_post_layout_featured_media_urls":{"thumbnail":["https:\/\/www.lebens-qi.at\/qishop\/wp-content\/uploads\/tender-love-2-150x150.png",150,150,true],"full":["https:\/\/www.lebens-qi.at\/qishop\/wp-content\/uploads\/tender-love-2.png",800,800,false]},"categories":["143"],"categories_names":{"143":{"name":"Castorland","link":"https:\/\/www.lebens-qi.at\/qishop\/brand\/castorland\/"}},"comments_number":"0","brands":[{"id":143,"name":"Castorland","slug":"castorland"}],"_links":{"self":[{"href":"https:\/\/www.lebens-qi.at\/qishop\/wp-json\/wp\/v2\/product\/6581","targetHints":{"allow":["GET"]}}],"collection":[{"href":"https:\/\/www.lebens-qi.at\/qishop\/wp-json\/wp\/v2\/product"}],"about":[{"href":"https:\/\/www.lebens-qi.at\/qishop\/wp-json\/wp\/v2\/types\/product"}],"replies":[{"embeddable":true,"href":"https:\/\/www.lebens-qi.at\/qishop\/wp-json\/wp\/v2\/comments?post=6581"}],"wp:featuredmedia":[{"embeddable":true,"href":"https:\/\/www.lebens-qi.at\/qishop\/wp-json\/wp\/v2\/media\/15855"}],"wp:attachment":[{"href":"https:\/\/www.lebens-qi.at\/qishop\/wp-json\/wp\/v2\/media?parent=6581"}],"wp:term":[{"taxonomy":"pwb-brand","embeddable":true,"href":"https:\/\/www.lebens-qi.at\/qishop\/wp-json\/wp\/v2\/pwb-brand?post=6581"},{"taxonomy":"product_brand","embeddable":true,"href":"https:\/\/www.lebens-qi.at\/qishop\/wp-json\/wp\/v2\/product_brand?post=6581"},{"taxonomy":"product_cat","embeddable":true,"href":"https:\/\/www.lebens-qi.at\/qishop\/wp-json\/wp\/v2\/product_cat?post=6581"},{"taxonomy":"product_tag","embeddable":true,"href":"https:\/\/www.lebens-qi.at\/qishop\/wp-json\/wp\/v2\/product_tag?post=6581"}],"curies":[{"name":"wp","href":"https:\/\/api.w.org\/{rel}","templated":true}]}}