{"id":6665,"date":"2024-04-09T11:28:02","date_gmt":"2024-04-09T09:28:02","guid":{"rendered":"https:\/\/www.lebens-qi.at\/qishop\/?post_type=product&#038;p=6665"},"modified":"2024-04-09T11:28:02","modified_gmt":"2024-04-09T09:28:02","slug":"miron-violettglasflasche-50-ml","status":"publish","type":"product","link":"https:\/\/www.lebens-qi.at\/qishop\/produkt\/miron-violettglasflasche-50-ml\/","title":{"rendered":"Miron Violettglasflasche 50 ml"},"content":{"rendered":"<div id=\"description\" class=\"cmsContent ui-tabs-panel ui-widget-content ui-corner-bottom\" role=\"tabpanel\" aria-labelledby=\"ui-id-1\" aria-expanded=\"true\" aria-hidden=\"false\"><b>Sie wollen die beste Verpackung f\u00fcr Ihre eigenen Aromatherapie-, Aura- oder Raumsprays?<\/b><br \/>\nMiron Violettglasflaschen sind der perfekte Schutz f\u00fcr Ihre Sprays!<br \/>\nViolettglas sch\u00fctzt den Inhalt vor Lichteinstrahlung, wodurch Sprays l\u00e4nger haltbar sind. Geruch, Bioenergie und Eigenschaften des Produkts sind somit l\u00e4nger gew\u00e4hrleistet.<\/p>\n<p>Lieferumfang: gem\u00e4\u00df Auswahl<br \/>\nF\u00fcllvolumen: 50 ml<br \/>\nDurchmesser: ca. 37 mm<br \/>\nH\u00f6he: inkl. Verschluss\/Spr\u00fchkopf ca. 13 cm<\/p>\n<p><b>Aufgrund der bioenergetischen Eigenschaften ist diese Verpackung auch besonders gut f\u00fcr Essenzen, Bachbl\u00fcten, Kolloidales Silber\/Gold,&#8230; geeignet.<\/b><\/div>\n","protected":false},"excerpt":{"rendered":"<p>die perfekte Spr\u00fchflasche f\u00fcr Ihre eigenen Duftkreationen<\/p>\n","protected":false},"featured_media":6668,"comment_status":"open","ping_status":"closed","template":"","meta":{"_links_to":"","_links_to_target":""},"pwb-brand":[],"product_brand":[],"product_cat":[1199],"product_tag":[157,1203,1201,1200,1202],"class_list":{"0":"post-6665","1":"product","2":"type-product","3":"status-publish","4":"has-post-thumbnail","6":"product_cat-zubehoer-fuer-aromatherapie","7":"product_tag-auraspray","8":"product_tag-flasche","9":"product_tag-miron","10":"product_tag-spruehflasche","11":"product_tag-violettglas","13":"first","14":"instock","15":"sale","16":"taxable","17":"shipping-taxable","18":"purchasable","19":"product-type-variable"},"blog_post_layout_featured_media_urls":{"thumbnail":["https:\/\/www.lebens-qi.at\/qishop\/wp-content\/uploads\/miron-spruehflasche-150x150.jpg",150,150,true],"full":["https:\/\/www.lebens-qi.at\/qishop\/wp-content\/uploads\/miron-spruehflasche.jpg",665,665,false]},"categories":null,"categories_names":null,"comments_number":"0","brands":[],"_links":{"self":[{"href":"https:\/\/www.lebens-qi.at\/qishop\/wp-json\/wp\/v2\/product\/6665","targetHints":{"allow":["GET"]}}],"collection":[{"href":"https:\/\/www.lebens-qi.at\/qishop\/wp-json\/wp\/v2\/product"}],"about":[{"href":"https:\/\/www.lebens-qi.at\/qishop\/wp-json\/wp\/v2\/types\/product"}],"replies":[{"embeddable":true,"href":"https:\/\/www.lebens-qi.at\/qishop\/wp-json\/wp\/v2\/comments?post=6665"}],"wp:featuredmedia":[{"embeddable":true,"href":"https:\/\/www.lebens-qi.at\/qishop\/wp-json\/wp\/v2\/media\/6668"}],"wp:attachment":[{"href":"https:\/\/www.lebens-qi.at\/qishop\/wp-json\/wp\/v2\/media?parent=6665"}],"wp:term":[{"taxonomy":"pwb-brand","embeddable":true,"href":"https:\/\/www.lebens-qi.at\/qishop\/wp-json\/wp\/v2\/pwb-brand?post=6665"},{"taxonomy":"product_brand","embeddable":true,"href":"https:\/\/www.lebens-qi.at\/qishop\/wp-json\/wp\/v2\/product_brand?post=6665"},{"taxonomy":"product_cat","embeddable":true,"href":"https:\/\/www.lebens-qi.at\/qishop\/wp-json\/wp\/v2\/product_cat?post=6665"},{"taxonomy":"product_tag","embeddable":true,"href":"https:\/\/www.lebens-qi.at\/qishop\/wp-json\/wp\/v2\/product_tag?post=6665"}],"curies":[{"name":"wp","href":"https:\/\/api.w.org\/{rel}","templated":true}]}}