{"id":6844,"date":"2024-05-08T11:36:18","date_gmt":"2024-05-08T09:36:18","guid":{"rendered":"https:\/\/www.lebens-qi.at\/qishop\/?post_type=product&#038;p=6844"},"modified":"2024-12-13T12:49:11","modified_gmt":"2024-12-13T11:49:11","slug":"tulsi-mala","status":"publish","type":"product","link":"https:\/\/www.lebens-qi.at\/qishop\/produkt\/tulsi-mala\/","title":{"rendered":"Tulsi Mala"},"content":{"rendered":"<p><b>Tulsi-Mala<br \/>\n<\/b> mit 108 Perlen aus Rudrakshasamen mit einem Durchmesser von ca. 5 mm<\/p>\n<p><strong>Tulsi &#8211; Schutz der Lakshmi:<\/strong><br \/>\nDer &#8222;heilige Basilikum&#8220; ist die Inkarnation der Gl\u00fccksg\u00f6ttin Lakshmi. Im Schutz des G\u00f6ttlichen bewahrt Tulsi vor Unheil und negativen M\u00e4chten. \u00d6ffnet Herz und Geist und l\u00e4sst so die eigene Pers\u00f6nlichkeit erstrahlen.<\/p>\n<p>Lieferung inkl. Geschenkbeutel<\/p>\n<p><b> \u00dcber Malas:<br \/>\n<\/b> Malas sind Gebetsketten, die im Hinduismus und Buddhismus zum Rezitieren von Mantren verwendet werden. Sie bestehen zumeist aus 108 Perlen, da das Mantra traditionell 108 mal wiederholt wird. Die Mala wird meist entweder als Halskette, oder um das Handgelenk gewickelt getragen.<\/p>\n","protected":false},"excerpt":{"rendered":"<p>mit 108 Perlen und Quaste<\/p>\n","protected":false},"featured_media":6845,"comment_status":"open","ping_status":"closed","template":"","meta":{"_links_to":"","_links_to_target":""},"pwb-brand":[617],"product_brand":[],"product_cat":[1260],"product_tag":[396,1263,948,395],"class_list":{"0":"post-6844","1":"product","2":"type-product","3":"status-publish","4":"has-post-thumbnail","6":"pwb-brand-yantra","7":"product_cat-malas","8":"product_tag-basilikum","9":"product_tag-lakshmi","10":"product_tag-mala","11":"product_tag-tulsi","13":"first","14":"instock","15":"taxable","16":"shipping-taxable","17":"purchasable","18":"product-type-simple"},"blog_post_layout_featured_media_urls":{"thumbnail":["https:\/\/www.lebens-qi.at\/qishop\/wp-content\/uploads\/mala-tulsi-ma-05-150x150.jpg",150,150,true],"full":["https:\/\/www.lebens-qi.at\/qishop\/wp-content\/uploads\/mala-tulsi-ma-05.jpg",600,600,false]},"categories":["617"],"categories_names":{"617":{"name":"Yantra","link":"https:\/\/www.lebens-qi.at\/qishop\/brand\/yantra\/"}},"comments_number":"0","brands":[{"id":617,"name":"Yantra","slug":"yantra"}],"_links":{"self":[{"href":"https:\/\/www.lebens-qi.at\/qishop\/wp-json\/wp\/v2\/product\/6844","targetHints":{"allow":["GET"]}}],"collection":[{"href":"https:\/\/www.lebens-qi.at\/qishop\/wp-json\/wp\/v2\/product"}],"about":[{"href":"https:\/\/www.lebens-qi.at\/qishop\/wp-json\/wp\/v2\/types\/product"}],"replies":[{"embeddable":true,"href":"https:\/\/www.lebens-qi.at\/qishop\/wp-json\/wp\/v2\/comments?post=6844"}],"wp:featuredmedia":[{"embeddable":true,"href":"https:\/\/www.lebens-qi.at\/qishop\/wp-json\/wp\/v2\/media\/6845"}],"wp:attachment":[{"href":"https:\/\/www.lebens-qi.at\/qishop\/wp-json\/wp\/v2\/media?parent=6844"}],"wp:term":[{"taxonomy":"pwb-brand","embeddable":true,"href":"https:\/\/www.lebens-qi.at\/qishop\/wp-json\/wp\/v2\/pwb-brand?post=6844"},{"taxonomy":"product_brand","embeddable":true,"href":"https:\/\/www.lebens-qi.at\/qishop\/wp-json\/wp\/v2\/product_brand?post=6844"},{"taxonomy":"product_cat","embeddable":true,"href":"https:\/\/www.lebens-qi.at\/qishop\/wp-json\/wp\/v2\/product_cat?post=6844"},{"taxonomy":"product_tag","embeddable":true,"href":"https:\/\/www.lebens-qi.at\/qishop\/wp-json\/wp\/v2\/product_tag?post=6844"}],"curies":[{"name":"wp","href":"https:\/\/api.w.org\/{rel}","templated":true}]}}