{"id":6893,"date":"2024-05-10T11:21:56","date_gmt":"2024-05-10T09:21:56","guid":{"rendered":"https:\/\/www.lebens-qi.at\/qishop\/?post_type=product&#038;p=6893"},"modified":"2025-02-10T16:20:20","modified_gmt":"2025-02-10T15:20:20","slug":"der-schungit","status":"publish","type":"product","link":"https:\/\/www.lebens-qi.at\/qishop\/produkt\/der-schungit\/","title":{"rendered":"Der Schungit"},"content":{"rendered":"<p><b>Der Schungit<\/b><br \/>\nHerkunft und Anwendung eines einzigartigen Heilsteins<br \/>\n<em>von Ulla Rosenberger<br \/>\n<\/em><\/p>\n<p><strong>Geheimnisvoll, bemerkenswert und sagenumwoben<\/strong><\/p>\n<p>Der legend\u00e4re Schungit aus dem russischen Norden ist f\u00fcr seine umfassende Heilkraft und seine sch\u00fctzende Wirkung bekannt. Er schirmt uns gegen Strahlungen und Elektrosmog ab und besitzt dabei eine einzigartige Eigenschaft: Er l\u00e4dt sich niemals negativ auf!<\/p>\n<p>Ulla Rosenberger befasst sich sein 25 Jahren mit Edelsteinen. Einfach und kompakt zeigt sie Ihnen, wie Sie die vielf\u00e4ltigen Kr\u00e4fte des Schungits im Alltag optimal nutzen k\u00f6nnen, um zu entgiften, Ihre Gesundheit zu st\u00e4rken, sich neuen Wegen zu \u00f6ffnen oder an Stabilit\u00e4t und Balance zu gewinnen. Dar\u00fcber hinaus erl\u00e4utert sie, welche anderen Heilsteine vom Schungit profitieren und in welchen Steinkombinationen er seine volle Kraft entfaltet.<\/p>\n<p><strong>Entdecken Sie die einzigartigen Kr\u00e4fte des Schungits f\u00fcr sich!<\/strong><\/p>\n<p>&nbsp;<\/p>\n","protected":false},"excerpt":{"rendered":"<p>Herkunft und Anwendung eines einzigartigen Heilsteins<\/p>\n","protected":false},"featured_media":6894,"comment_status":"open","ping_status":"closed","template":"","meta":{"_links_to":"","_links_to_target":""},"pwb-brand":[814],"product_brand":[],"product_cat":[803,1619],"product_tag":[580,1288,870,1286,1282,1287],"class_list":{"0":"post-6893","1":"product","2":"type-product","3":"status-publish","4":"has-post-thumbnail","6":"pwb-brand-schirner-verlag","7":"product_cat-heilsteine","8":"product_cat-steinebuecher","9":"product_tag-buch","10":"product_tag-elektrosmog","11":"product_tag-heilsteine","12":"product_tag-schungit","13":"product_tag-taschenbuch","14":"product_tag-ulla-rosenberger","16":"first","17":"instock","18":"taxable","19":"shipping-taxable","20":"purchasable","21":"product-type-simple"},"blog_post_layout_featured_media_urls":{"thumbnail":["https:\/\/www.lebens-qi.at\/qishop\/wp-content\/uploads\/der-schungit-9783843451406-X-150x150.jpg",150,150,true],"full":["https:\/\/www.lebens-qi.at\/qishop\/wp-content\/uploads\/der-schungit-9783843451406-X.jpg",648,648,false]},"categories":["814"],"categories_names":{"814":{"name":"Schirner Verlag","link":"https:\/\/www.lebens-qi.at\/qishop\/brand\/schirner-verlag\/"}},"comments_number":"0","brands":[{"id":814,"name":"Schirner Verlag","slug":"schirner-verlag"}],"_links":{"self":[{"href":"https:\/\/www.lebens-qi.at\/qishop\/wp-json\/wp\/v2\/product\/6893","targetHints":{"allow":["GET"]}}],"collection":[{"href":"https:\/\/www.lebens-qi.at\/qishop\/wp-json\/wp\/v2\/product"}],"about":[{"href":"https:\/\/www.lebens-qi.at\/qishop\/wp-json\/wp\/v2\/types\/product"}],"replies":[{"embeddable":true,"href":"https:\/\/www.lebens-qi.at\/qishop\/wp-json\/wp\/v2\/comments?post=6893"}],"wp:featuredmedia":[{"embeddable":true,"href":"https:\/\/www.lebens-qi.at\/qishop\/wp-json\/wp\/v2\/media\/6894"}],"wp:attachment":[{"href":"https:\/\/www.lebens-qi.at\/qishop\/wp-json\/wp\/v2\/media?parent=6893"}],"wp:term":[{"taxonomy":"pwb-brand","embeddable":true,"href":"https:\/\/www.lebens-qi.at\/qishop\/wp-json\/wp\/v2\/pwb-brand?post=6893"},{"taxonomy":"product_brand","embeddable":true,"href":"https:\/\/www.lebens-qi.at\/qishop\/wp-json\/wp\/v2\/product_brand?post=6893"},{"taxonomy":"product_cat","embeddable":true,"href":"https:\/\/www.lebens-qi.at\/qishop\/wp-json\/wp\/v2\/product_cat?post=6893"},{"taxonomy":"product_tag","embeddable":true,"href":"https:\/\/www.lebens-qi.at\/qishop\/wp-json\/wp\/v2\/product_tag?post=6893"}],"curies":[{"name":"wp","href":"https:\/\/api.w.org\/{rel}","templated":true}]}}