{"id":7074,"date":"2024-05-13T00:54:56","date_gmt":"2024-05-12T22:54:56","guid":{"rendered":"https:\/\/www.lebens-qi.at\/qishop\/?post_type=product&#038;p=7074"},"modified":"2024-12-12T16:06:26","modified_gmt":"2024-12-12T15:06:26","slug":"extra-fuer-dich-herzfoermiges-energie-amulett-gross","status":"publish","type":"product","link":"https:\/\/www.lebens-qi.at\/qishop\/produkt\/extra-fuer-dich-herzfoermiges-energie-amulett-gross\/","title":{"rendered":"Extra f\u00fcr dich &#8211; Herzf\u00f6rmiges Energie-Amulett gro\u00df"},"content":{"rendered":"<p><b>Herzf\u00f6rmiges Energie-Amulett mit Agnihotra-Asche<br \/>\n<\/b> mit Relief (verschiedene Muster\/Symbole) und einem ca. 5 mm gro\u00dfem Loch, damit das Amulett an einem Band getragen werden kann.<br \/>\nGr\u00f6\u00dfe: ca. 35 x 40 mm<\/p>\n<p><b>WUNSCHANFERTIGUNG &#8211; extra f\u00fcr dich<\/b><br \/>\nFarbe und Muster\/Symbol werden von dir ausgew\u00e4hlt\/kombiniert. <strong>Mit etwas Gl\u00fcck ist dein Wunschamulett bereits fertig und wird umgehend zu dir geschickt.<\/strong> Falls deine Auswahl gerade nicht verf\u00fcgbar ist, dann fertigt Petra dein Wunschamulett speziell f\u00fcr dich an.<strong> In diesem Fall dauert die Lieferung bis dein Anh\u00e4nger angefertigt wurde.<\/strong> Gerne informieren wir dich \u00fcber das voraussichtliche Lieferdatum!<\/p>\n<p><b>\u00dcber die Energie-Amulette mit Agnihotra-Asche<\/b><br \/>\nDiese Amulette und Perlen aus Keramik wirken harmonisierend, reinigend &amp; st\u00e4rkend. Die Asche vom Agnihotra-Ritual wurde in den Ton eingearbeitet. Agnihotra ist ein vedisches Feuerritual, das zu Sonnenauf- &amp; Sonnenuntergang durchgef\u00fchrt wird. Wenn die Flamme erlischt, wird die Energie in der entstehenden Asche eingeschlossen.<br \/>\nDie Schwingung des Amuletts oder der Perle wirkt somit positiv auf das Energiefeld \/ die Aura ein.<\/p>\n<p><b><em>Hinweis:<\/em><\/b><em><br \/>\nJedes St\u00fcck wird in liebevoller Handarbeit in Weikendorf\/Nieder\u00f6sterreich hergestellt und ist jeweils ein Unikat. Unsere Fotos sind Symbolfotos, Abweichungen in Form, Muster oder Farbe sind daher m\u00f6glich. INDIVIDUELLE SONDERANFERTIGUNG UND DAHER L\u00c4NGERE LIEFERZEIT M\u00d6GLICH!<\/em><\/p>\n<p><em><br \/>\n<b>Lieferumfang: <\/b> 1 Amulett in gew\u00e4hlter Ausf\u00fchrung ohne Band oder Kette. Zubeh\u00f6r bitte separat bestellen!<\/em><\/p>\n","protected":false},"excerpt":{"rendered":"<p>Wunschanfertigung Amulett mit Agnihotra-Asche<\/p>\n","protected":false},"featured_media":7120,"comment_status":"open","ping_status":"closed","template":"","meta":{"_links_to":"","_links_to_target":""},"pwb-brand":[323],"product_brand":[],"product_cat":[1466,1476],"product_tag":[775,1477,117,640,305,1478,303],"class_list":{"0":"post-7074","1":"product","2":"type-product","3":"status-publish","4":"has-post-thumbnail","6":"pwb-brand-kreatives-by-petra","7":"product_cat-agnihotra","8":"product_cat-energie-amulette","9":"product_tag-agnihotra","10":"product_tag-amulett","11":"product_tag-anhaenger","12":"product_tag-energie","13":"product_tag-handgefertigt","14":"product_tag-herz","15":"product_tag-keramik","16":"pa_herkunft-oesterreich","18":"first","19":"instock","20":"taxable","21":"shipping-taxable","22":"purchasable","23":"product-type-variable"},"blog_post_layout_featured_media_urls":{"thumbnail":["https:\/\/www.lebens-qi.at\/qishop\/wp-content\/uploads\/wunsch-herz-roh-mit-text-150x150.jpg",150,150,true],"full":["https:\/\/www.lebens-qi.at\/qishop\/wp-content\/uploads\/wunsch-herz-roh-mit-text.jpg",567,567,false]},"categories":["323"],"categories_names":{"323":{"name":"Kreatives by Petra","link":"https:\/\/www.lebens-qi.at\/qishop\/brand\/kreatives-by-petra\/"}},"comments_number":"0","brands":[{"id":323,"name":"Kreatives by Petra","slug":"kreatives-by-petra"}],"_links":{"self":[{"href":"https:\/\/www.lebens-qi.at\/qishop\/wp-json\/wp\/v2\/product\/7074","targetHints":{"allow":["GET"]}}],"collection":[{"href":"https:\/\/www.lebens-qi.at\/qishop\/wp-json\/wp\/v2\/product"}],"about":[{"href":"https:\/\/www.lebens-qi.at\/qishop\/wp-json\/wp\/v2\/types\/product"}],"replies":[{"embeddable":true,"href":"https:\/\/www.lebens-qi.at\/qishop\/wp-json\/wp\/v2\/comments?post=7074"}],"wp:featuredmedia":[{"embeddable":true,"href":"https:\/\/www.lebens-qi.at\/qishop\/wp-json\/wp\/v2\/media\/7120"}],"wp:attachment":[{"href":"https:\/\/www.lebens-qi.at\/qishop\/wp-json\/wp\/v2\/media?parent=7074"}],"wp:term":[{"taxonomy":"pwb-brand","embeddable":true,"href":"https:\/\/www.lebens-qi.at\/qishop\/wp-json\/wp\/v2\/pwb-brand?post=7074"},{"taxonomy":"product_brand","embeddable":true,"href":"https:\/\/www.lebens-qi.at\/qishop\/wp-json\/wp\/v2\/product_brand?post=7074"},{"taxonomy":"product_cat","embeddable":true,"href":"https:\/\/www.lebens-qi.at\/qishop\/wp-json\/wp\/v2\/product_cat?post=7074"},{"taxonomy":"product_tag","embeddable":true,"href":"https:\/\/www.lebens-qi.at\/qishop\/wp-json\/wp\/v2\/product_tag?post=7074"}],"curies":[{"name":"wp","href":"https:\/\/api.w.org\/{rel}","templated":true}]}}