{"id":7701,"date":"2024-05-25T12:15:59","date_gmt":"2024-05-25T10:15:59","guid":{"rendered":"https:\/\/www.lebens-qi.at\/qishop\/?post_type=product&#038;p=7701"},"modified":"2025-02-21T12:06:56","modified_gmt":"2025-02-21T11:06:56","slug":"alleskoenner-aetherische-oele","status":"publish","type":"product","link":"https:\/\/www.lebens-qi.at\/qishop\/produkt\/alleskoenner-aetherische-oele\/","title":{"rendered":"Allesk\u00f6nner \u00e4therische \u00d6le"},"content":{"rendered":"<p><b>Allesk\u00f6nner \u00e4therische \u00d6le<\/b><br \/>\nDie nat\u00fcrliche Kraft der Pflanzenessenzen nutzen<br \/>\n<em>von Susan Branson<\/em><\/p>\n<p>\u2022 f\u00fcr Gesundheit und Wohlbefinden<br \/>\n\u2022 zur K\u00f6rperpflege<br \/>\n\u2022 zur Anwendung im Haushalt<em><br \/>\n<\/em><br \/>\n<strong>\u00c4therische \u00d6le riechen nicht nur fantastisch, in ihnen steckt auch jede Menge Power.<\/strong><\/p>\n<p>Die hoch konzentrierten Essenzen wirken pflegend, entz\u00fcndungshemmend und antibakteriell, sodass sie neben der klassischen Aromatherapie vielseitig einsetzbar sind:<br \/>\nVermischt mit Basisstoffen k\u00f6nnen Sie Pflegeprodukte wie Haut\u00f6le, Haarsp\u00fclungen, Shampoos oder Deos selbst zubereiten, gesundheitliche Beschwerden wie Fieber, Verdauungsst\u00f6rungen, Herpes, Bluthochdruck oder Pilzinfektionen behandeln und Ihr Zuhause sauber und frisch halten. Dar\u00fcber hinaus sind die naturreinen \u00d6le nicht nur umweltfreundlich, sondern wirken im Gegensatz zu industriell hergestellten Produkten auf sanfte und nat\u00fcrliche Weise.<\/p>\n<p>Lernen Sie in <strong>\u00fcber 100 Tipps und Rezepten<\/strong> die kraftvolle Wirkung \u00e4therischer \u00d6le kennen, um sie gezielt f\u00fcr sich und Ihre Familie zu nutzen.<\/p>\n","protected":false},"excerpt":{"rendered":"<p>Die nat\u00fcrliche Kraft der Pflanzenessenzen nutzen<\/p>\n","protected":false},"featured_media":7702,"comment_status":"open","ping_status":"closed","template":"","meta":{"_links_to":"","_links_to_target":""},"pwb-brand":[823],"product_brand":[],"product_cat":[579,815],"product_tag":[855,128,580,546,253,1334,1552,1553,905,1421],"class_list":{"0":"post-7701","1":"product","2":"type-product","3":"status-publish","4":"has-post-thumbnail","6":"pwb-brand-riva","7":"product_cat-aromatherapie-buecher","8":"product_cat-buecher-aromatherapie","9":"product_tag-aromatherapie","10":"product_tag-aetherische-oele","11":"product_tag-buch","12":"product_tag-gesundheit","13":"product_tag-koerperpflege","14":"product_tag-rezepte","15":"product_tag-susan-branson","16":"product_tag-tipps","17":"product_tag-wirkung","18":"product_tag-wohlbefinden","20":"first","21":"instock","22":"taxable","23":"shipping-taxable","24":"purchasable","25":"product-type-simple"},"blog_post_layout_featured_media_urls":{"thumbnail":["https:\/\/www.lebens-qi.at\/qishop\/wp-content\/uploads\/alleskoenner-aetherische-oele-9783742318121-X-150x150.jpg",150,150,true],"full":["https:\/\/www.lebens-qi.at\/qishop\/wp-content\/uploads\/alleskoenner-aetherische-oele-9783742318121-X.jpg",648,648,false]},"categories":["823"],"categories_names":{"823":{"name":"riva","link":"https:\/\/www.lebens-qi.at\/qishop\/brand\/riva\/"}},"comments_number":"0","brands":[{"id":823,"name":"riva","slug":"riva"}],"_links":{"self":[{"href":"https:\/\/www.lebens-qi.at\/qishop\/wp-json\/wp\/v2\/product\/7701","targetHints":{"allow":["GET"]}}],"collection":[{"href":"https:\/\/www.lebens-qi.at\/qishop\/wp-json\/wp\/v2\/product"}],"about":[{"href":"https:\/\/www.lebens-qi.at\/qishop\/wp-json\/wp\/v2\/types\/product"}],"replies":[{"embeddable":true,"href":"https:\/\/www.lebens-qi.at\/qishop\/wp-json\/wp\/v2\/comments?post=7701"}],"wp:featuredmedia":[{"embeddable":true,"href":"https:\/\/www.lebens-qi.at\/qishop\/wp-json\/wp\/v2\/media\/7702"}],"wp:attachment":[{"href":"https:\/\/www.lebens-qi.at\/qishop\/wp-json\/wp\/v2\/media?parent=7701"}],"wp:term":[{"taxonomy":"pwb-brand","embeddable":true,"href":"https:\/\/www.lebens-qi.at\/qishop\/wp-json\/wp\/v2\/pwb-brand?post=7701"},{"taxonomy":"product_brand","embeddable":true,"href":"https:\/\/www.lebens-qi.at\/qishop\/wp-json\/wp\/v2\/product_brand?post=7701"},{"taxonomy":"product_cat","embeddable":true,"href":"https:\/\/www.lebens-qi.at\/qishop\/wp-json\/wp\/v2\/product_cat?post=7701"},{"taxonomy":"product_tag","embeddable":true,"href":"https:\/\/www.lebens-qi.at\/qishop\/wp-json\/wp\/v2\/product_tag?post=7701"}],"curies":[{"name":"wp","href":"https:\/\/api.w.org\/{rel}","templated":true}]}}