{"id":7717,"date":"2024-05-25T16:47:51","date_gmt":"2024-05-25T14:47:51","guid":{"rendered":"https:\/\/www.lebens-qi.at\/qishop\/?post_type=product&#038;p=7717"},"modified":"2024-12-11T11:20:27","modified_gmt":"2024-12-11T10:20:27","slug":"chakra-raeucherstaebchenhalter-bunt","status":"publish","type":"product","link":"https:\/\/www.lebens-qi.at\/qishop\/produkt\/chakra-raeucherstaebchenhalter-bunt\/","title":{"rendered":"Chakra R\u00e4ucherst\u00e4bchenhalter bunt"},"content":{"rendered":"<p><strong>Chakra R\u00e4ucherst\u00e4bchenhalter bunt<\/strong><br \/>\nEin leichter R\u00e4ucherst\u00e4bchenhalter mit bunten Chakrasymbolen.<br \/>\nZur gr\u00f6\u00dferen Stabilit\u00e4t sind an der Unterseite 4 F\u00fc\u00dfchen angebracht.<br \/>\nLeicht abwaschbar.<\/p>\n<p><b>Material: <\/b>Wei\u00dfmetall<br \/>\n<b>Gr\u00f6\u00dfe:<\/b> 25 cm lang, 4,5 cm breit<\/p>\n","protected":false},"excerpt":{"rendered":"<p>aus Wei\u00dfmetall<\/p>\n","protected":false},"featured_media":7718,"comment_status":"open","ping_status":"closed","template":"","meta":{"_links_to":"","_links_to_target":""},"pwb-brand":[307],"product_brand":[],"product_cat":[740,729],"product_tag":[1216,198,730,680,576],"class_list":{"0":"post-7717","1":"product","2":"type-product","3":"status-publish","4":"has-post-thumbnail","6":"pwb-brand-berk","7":"product_cat-metallhalter","8":"product_cat-schiffchenhalter","9":"product_tag-bunt","10":"product_tag-chakra","11":"product_tag-halter","12":"product_tag-raeucherstaebchen","13":"product_tag-symbole","15":"first","16":"instock","17":"taxable","18":"shipping-taxable","19":"purchasable","20":"product-type-simple"},"blog_post_layout_featured_media_urls":{"thumbnail":["https:\/\/www.lebens-qi.at\/qishop\/wp-content\/uploads\/KH-944-chakra-halter-150x150.jpg",150,150,true],"full":["https:\/\/www.lebens-qi.at\/qishop\/wp-content\/uploads\/KH-944-chakra-halter.jpg",600,600,false]},"categories":["307"],"categories_names":{"307":{"name":"Berk","link":"https:\/\/www.lebens-qi.at\/qishop\/brand\/berk\/"}},"comments_number":"0","brands":[{"id":307,"name":"Berk","slug":"berk"}],"_links":{"self":[{"href":"https:\/\/www.lebens-qi.at\/qishop\/wp-json\/wp\/v2\/product\/7717","targetHints":{"allow":["GET"]}}],"collection":[{"href":"https:\/\/www.lebens-qi.at\/qishop\/wp-json\/wp\/v2\/product"}],"about":[{"href":"https:\/\/www.lebens-qi.at\/qishop\/wp-json\/wp\/v2\/types\/product"}],"replies":[{"embeddable":true,"href":"https:\/\/www.lebens-qi.at\/qishop\/wp-json\/wp\/v2\/comments?post=7717"}],"wp:featuredmedia":[{"embeddable":true,"href":"https:\/\/www.lebens-qi.at\/qishop\/wp-json\/wp\/v2\/media\/7718"}],"wp:attachment":[{"href":"https:\/\/www.lebens-qi.at\/qishop\/wp-json\/wp\/v2\/media?parent=7717"}],"wp:term":[{"taxonomy":"pwb-brand","embeddable":true,"href":"https:\/\/www.lebens-qi.at\/qishop\/wp-json\/wp\/v2\/pwb-brand?post=7717"},{"taxonomy":"product_brand","embeddable":true,"href":"https:\/\/www.lebens-qi.at\/qishop\/wp-json\/wp\/v2\/product_brand?post=7717"},{"taxonomy":"product_cat","embeddable":true,"href":"https:\/\/www.lebens-qi.at\/qishop\/wp-json\/wp\/v2\/product_cat?post=7717"},{"taxonomy":"product_tag","embeddable":true,"href":"https:\/\/www.lebens-qi.at\/qishop\/wp-json\/wp\/v2\/product_tag?post=7717"}],"curies":[{"name":"wp","href":"https:\/\/api.w.org\/{rel}","templated":true}]}}