{"id":7741,"date":"2024-05-27T10:17:46","date_gmt":"2024-05-27T08:17:46","guid":{"rendered":"https:\/\/www.lebens-qi.at\/qishop\/?post_type=product&#038;p=7741"},"modified":"2025-02-21T15:45:20","modified_gmt":"2025-02-21T14:45:20","slug":"yogi-yogini-yogablock-aus-kork","status":"publish","type":"product","link":"https:\/\/www.lebens-qi.at\/qishop\/produkt\/yogi-yogini-yogablock-aus-kork\/","title":{"rendered":"Yogi &#038; Yogini Yogablock aus Kork"},"content":{"rendered":"<p><b>Yogi &amp; Yogini Yogablock aus Kork<\/b><br \/>\nmit abgerundeten Ecken<\/p>\n<p>Diese Yogabl\u00f6cke werden unter anderem zur Aus\u00fcbung von Iyengar-, Anusara-, Ashtanga-, Power und therapeutischem Yoga eingesetzt. So werden sie zur Unterst\u00fctzung des R\u00fcckens bei Beugungen mit Hohlkreuz oder auch der H\u00e4nde bei stehenden Haltungen verwendet. Auch in der Physiotherapie sind sie als Hilfsmittel weit verbreitet.<\/p>\n<ul>\n<li>Nat\u00fcrliches Material<\/li>\n<li>geruchsneutral<\/li>\n<li>abgerundete Kanten und Ecken f\u00fcr einfachen und komfortablen Gebrauch<\/li>\n<li>leicht elastisch und doch robust<\/li>\n<li>geringes Gewicht<\/li>\n<li>Anti-Rutsch<\/li>\n<\/ul>\n<p>Material: Kork<br \/>\nFarbe: Natur<br \/>\nGr\u00f6\u00dfe: 23 x 12 x 7,5 cm<\/p>\n<p>Pflegehinweis: mit einem warmen, feuchten Tuch reinigen.<\/p>\n<p><em><strong>Information zu Kork:<\/strong><\/em><\/p>\n<p><em>Umweltfreundlich geerntet &#8211; Kork ist ein 100% nat\u00fcrliches, wiederverwertbares und biologisch abbaubares Material, das durch einen umweltfreundlichen Ernteprozess gewonnen wird.<\/em><\/p>\n<p><em>Manuell f\u00fcr Langlebigkeit geerntet &#8211; Es werden keine B\u00e4ume zum Ernten von Kork abgeholzt, stattdessen wird die Rinde der Korkeichen alle neun Jahre von Hand geerntet. Korkeichen k\u00f6nnen bis zu 300 Jahre alt werden!<\/em><\/p>\n","protected":false},"excerpt":{"rendered":"<p>Hilfsmittel f\u00fcr verschiedene Yoga-Arten<\/p>\n","protected":false},"featured_media":7742,"comment_status":"open","ping_status":"closed","template":"","meta":{"_links_to":"","_links_to_target":""},"pwb-brand":[922],"product_brand":[],"product_cat":[1182],"product_tag":[1180,158,1573,1481],"class_list":{"0":"post-7741","1":"product","2":"type-product","3":"status-publish","4":"has-post-thumbnail","6":"pwb-brand-yogi-yogini-meditation","7":"product_cat-yogamatten","8":"product_tag-kork","9":"product_tag-yoga","10":"product_tag-yogablock","11":"product_tag-yogazubehoer","12":"pa_herkunft-portugal","14":"first","15":"instock","16":"taxable","17":"shipping-taxable","18":"purchasable","19":"product-type-simple"},"blog_post_layout_featured_media_urls":{"thumbnail":["https:\/\/www.lebens-qi.at\/qishop\/wp-content\/uploads\/2120-yogablock-kork-150x150.jpg",150,150,true],"full":["https:\/\/www.lebens-qi.at\/qishop\/wp-content\/uploads\/2120-yogablock-kork.jpg",800,800,false]},"categories":["922"],"categories_names":{"922":{"name":"Yogi &amp; Yogini - Meditation","link":"https:\/\/www.lebens-qi.at\/qishop\/brand\/yogi-yogini-meditation\/"}},"comments_number":"0","brands":[{"id":922,"name":"Yogi &amp; Yogini - Meditation","slug":"yogi-yogini-meditation"}],"_links":{"self":[{"href":"https:\/\/www.lebens-qi.at\/qishop\/wp-json\/wp\/v2\/product\/7741","targetHints":{"allow":["GET"]}}],"collection":[{"href":"https:\/\/www.lebens-qi.at\/qishop\/wp-json\/wp\/v2\/product"}],"about":[{"href":"https:\/\/www.lebens-qi.at\/qishop\/wp-json\/wp\/v2\/types\/product"}],"replies":[{"embeddable":true,"href":"https:\/\/www.lebens-qi.at\/qishop\/wp-json\/wp\/v2\/comments?post=7741"}],"wp:featuredmedia":[{"embeddable":true,"href":"https:\/\/www.lebens-qi.at\/qishop\/wp-json\/wp\/v2\/media\/7742"}],"wp:attachment":[{"href":"https:\/\/www.lebens-qi.at\/qishop\/wp-json\/wp\/v2\/media?parent=7741"}],"wp:term":[{"taxonomy":"pwb-brand","embeddable":true,"href":"https:\/\/www.lebens-qi.at\/qishop\/wp-json\/wp\/v2\/pwb-brand?post=7741"},{"taxonomy":"product_brand","embeddable":true,"href":"https:\/\/www.lebens-qi.at\/qishop\/wp-json\/wp\/v2\/product_brand?post=7741"},{"taxonomy":"product_cat","embeddable":true,"href":"https:\/\/www.lebens-qi.at\/qishop\/wp-json\/wp\/v2\/product_cat?post=7741"},{"taxonomy":"product_tag","embeddable":true,"href":"https:\/\/www.lebens-qi.at\/qishop\/wp-json\/wp\/v2\/product_tag?post=7741"}],"curies":[{"name":"wp","href":"https:\/\/api.w.org\/{rel}","templated":true}]}}