{"id":7748,"date":"2024-05-27T10:51:52","date_gmt":"2024-05-27T08:51:52","guid":{"rendered":"https:\/\/www.lebens-qi.at\/qishop\/?post_type=product&#038;p=7748"},"modified":"2025-05-23T10:32:43","modified_gmt":"2025-05-23T08:32:43","slug":"7-chakra-splitterarmband","status":"publish","type":"product","link":"https:\/\/www.lebens-qi.at\/qishop\/produkt\/7-chakra-splitterarmband\/","title":{"rendered":"7-Chakra Splitterarmband"},"content":{"rendered":"<p><b>Chakra-Armband aus Halbedelstein in Splitterform<br \/>\n<\/b>auf elastischem Band gef\u00e4delt<br \/>\nkleine Edelsteinchips (ca. 5 mm gro\u00df) in unregelm\u00e4\u00dfiger Form<\/p>\n<p><b>Dieses Armband besteht aus folgenden Steinsorten: <\/b><br \/>\nAmethyst, Lapislazuli, Iolith, Peridot, Citrin, Karneol, Granat<\/p>\n<p>Gr\u00f6\u00dfe: Innendurchmesser ca. 8 cm<\/p>\n","protected":false},"excerpt":{"rendered":"<p>aus Amethyst, Lapislazuli, Iolith, Peridot, Citrin, Karneol, Granat<\/p>\n","protected":false},"featured_media":15250,"comment_status":"open","ping_status":"closed","template":"","meta":{"_links_to":"","_links_to_target":""},"pwb-brand":[276],"product_brand":[],"product_cat":[920,921],"product_tag":[81,1223,198,446,1578,1327,171,1576,1579,241,1577,1581,1580],"class_list":{"0":"post-7748","1":"product","2":"type-product","3":"status-publish","4":"has-post-thumbnail","6":"pwb-brand-mani-bhadra-phoenix-import","7":"product_cat-armbaender","8":"product_cat-armbaender-steinschmuck","9":"product_tag-amethyst","10":"product_tag-armband","11":"product_tag-chakra","12":"product_tag-chakren","13":"product_tag-citrin","14":"product_tag-edelsteine","15":"product_tag-granat","16":"product_tag-iolith","17":"product_tag-karneol","18":"product_tag-lapislazuli","19":"product_tag-peridot","20":"product_tag-splitterarmband","21":"product_tag-steinsplitter","23":"first","24":"instock","25":"taxable","26":"shipping-taxable","27":"purchasable","28":"product-type-simple"},"blog_post_layout_featured_media_urls":{"thumbnail":["https:\/\/www.lebens-qi.at\/qishop\/wp-content\/uploads\/Chakra-Splitter1-150x150.png",150,150,true],"full":["https:\/\/www.lebens-qi.at\/qishop\/wp-content\/uploads\/Chakra-Splitter1.png",800,800,false]},"categories":["276"],"categories_names":{"276":{"name":"Mani Bhadra - Phoenix Import","link":"https:\/\/www.lebens-qi.at\/qishop\/brand\/mani-bhadra-phoenix-import\/"}},"comments_number":"0","brands":[{"id":276,"name":"Mani Bhadra - Phoenix Import","slug":"mani-bhadra-phoenix-import"}],"_links":{"self":[{"href":"https:\/\/www.lebens-qi.at\/qishop\/wp-json\/wp\/v2\/product\/7748","targetHints":{"allow":["GET"]}}],"collection":[{"href":"https:\/\/www.lebens-qi.at\/qishop\/wp-json\/wp\/v2\/product"}],"about":[{"href":"https:\/\/www.lebens-qi.at\/qishop\/wp-json\/wp\/v2\/types\/product"}],"replies":[{"embeddable":true,"href":"https:\/\/www.lebens-qi.at\/qishop\/wp-json\/wp\/v2\/comments?post=7748"}],"wp:featuredmedia":[{"embeddable":true,"href":"https:\/\/www.lebens-qi.at\/qishop\/wp-json\/wp\/v2\/media\/15250"}],"wp:attachment":[{"href":"https:\/\/www.lebens-qi.at\/qishop\/wp-json\/wp\/v2\/media?parent=7748"}],"wp:term":[{"taxonomy":"pwb-brand","embeddable":true,"href":"https:\/\/www.lebens-qi.at\/qishop\/wp-json\/wp\/v2\/pwb-brand?post=7748"},{"taxonomy":"product_brand","embeddable":true,"href":"https:\/\/www.lebens-qi.at\/qishop\/wp-json\/wp\/v2\/product_brand?post=7748"},{"taxonomy":"product_cat","embeddable":true,"href":"https:\/\/www.lebens-qi.at\/qishop\/wp-json\/wp\/v2\/product_cat?post=7748"},{"taxonomy":"product_tag","embeddable":true,"href":"https:\/\/www.lebens-qi.at\/qishop\/wp-json\/wp\/v2\/product_tag?post=7748"}],"curies":[{"name":"wp","href":"https:\/\/api.w.org\/{rel}","templated":true}]}}