{"id":8071,"date":"2024-06-07T11:08:59","date_gmt":"2024-06-07T09:08:59","guid":{"rendered":"https:\/\/www.lebens-qi.at\/qishop\/?post_type=product&#038;p=8071"},"modified":"2024-12-12T16:05:32","modified_gmt":"2024-12-12T15:05:32","slug":"soul-keramik-pitschn-mandala","status":"publish","type":"product","link":"https:\/\/www.lebens-qi.at\/qishop\/produkt\/soul-keramik-pitschn-mandala\/","title":{"rendered":"Soul-Keramik Pitschn &#8211; Mandala"},"content":{"rendered":"<p><strong>PITSCHN*<\/strong> &#8211; handgefertigte XL Tasse aus Keramik, diese H\u00e4ferln sind wegen ihrer Gr\u00f6\u00dfe auch als Suppenschalen geeignet<\/p>\n<p><b>mit eingepr\u00e4gter Blumenmandala-Struktur<\/b><\/p>\n<p>Diese Keramiktassen werden einzeln von Petra angefertigt und glasiert &#8211; daher ist jedes St\u00fcck ein Unikat. Handarbeit aus \u00d6sterreich, daher sind Abweichungen in Form, Struktur und Farbe vom Foto m\u00f6glich.<\/p>\n<p>Material: Soul-Keramik (Keramik mit eingebrannter Agnihotra-Asche)<br \/>\nInhalt: 0,6 l<br \/>\nLieferumfang: 1 Tasse, Farbe gem\u00e4\u00df Auswahl<br \/>\nHinweis: sp\u00fclmaschinen-\/mikrowellenfest<\/p>\n<p><b>\u00dcber SOUL KERAMIK\u00a0 Tassen mit Agnihotra-Asche<\/b><br \/>\nDiese Jumbotassen haben es in sich! Es wurde Asche vom Agnihotra-Ritual in den Ton der Soul-Keramik eingearbeitet. Agnihotra ist ein vedisches Feuerritual, das zu Sonnenauf- &amp; Sonnenuntergang durchgef\u00fchrt wird. Wenn die Flamme erlischt, wird die harmonisierende und kraftvolle Energie in der entstehenden Asche eingeschlossen.<br \/>\nDie Schwingung der Tasse beeinflusst den Inhalt &#8211; und da Wasser ja bekanntlich als Infomationstr\u00e4ger bzw. zum Energiespeichern verwendet wird, wird das Getr\u00e4nk in der Soul-Keramik Pitschn energetisch aufgeladen. Diese Energetisierung ist \u00fcber Boviseinheiten messbar.<\/p>\n<p>*&#8220;Pitschn&#8220;: Weinviertler Dialektausdruck f\u00fcr Jumbotasse<\/p>\n","protected":false},"excerpt":{"rendered":"<p>mit verschiedenfarbigen Glasuren<\/p>\n","protected":false},"featured_media":8082,"comment_status":"open","ping_status":"closed","template":"","meta":{"_links_to":"","_links_to_target":""},"pwb-brand":[323],"product_brand":[],"product_cat":[1466,436],"product_tag":[775,1641,305,1643,1642,749,1655,1640,443,751],"class_list":{"0":"post-8071","1":"product","2":"type-product","3":"status-publish","4":"has-post-thumbnail","6":"pwb-brand-kreatives-by-petra","7":"product_cat-agnihotra","8":"product_cat-tassen","9":"product_tag-agnihotra","10":"product_tag-haeferl","11":"product_tag-handgefertigt","12":"product_tag-jumbotasse","13":"product_tag-kaffee","14":"product_tag-mandala","15":"product_tag-suppenschale","16":"product_tag-tasse","17":"product_tag-tee","18":"product_tag-unikat","19":"pa_herkunft-oesterreich","21":"first","22":"instock","23":"taxable","24":"shipping-taxable","25":"purchasable","26":"product-type-variable"},"blog_post_layout_featured_media_urls":{"thumbnail":["https:\/\/www.lebens-qi.at\/qishop\/wp-content\/uploads\/soul-pitschn-passionsblume-mandala2-150x150.jpg",150,150,true],"full":["https:\/\/www.lebens-qi.at\/qishop\/wp-content\/uploads\/soul-pitschn-passionsblume-mandala2.jpg",1181,1181,false]},"categories":["323"],"categories_names":{"323":{"name":"Kreatives by Petra","link":"https:\/\/www.lebens-qi.at\/qishop\/brand\/kreatives-by-petra\/"}},"comments_number":"0","brands":[{"id":323,"name":"Kreatives by Petra","slug":"kreatives-by-petra"}],"_links":{"self":[{"href":"https:\/\/www.lebens-qi.at\/qishop\/wp-json\/wp\/v2\/product\/8071","targetHints":{"allow":["GET"]}}],"collection":[{"href":"https:\/\/www.lebens-qi.at\/qishop\/wp-json\/wp\/v2\/product"}],"about":[{"href":"https:\/\/www.lebens-qi.at\/qishop\/wp-json\/wp\/v2\/types\/product"}],"replies":[{"embeddable":true,"href":"https:\/\/www.lebens-qi.at\/qishop\/wp-json\/wp\/v2\/comments?post=8071"}],"wp:featuredmedia":[{"embeddable":true,"href":"https:\/\/www.lebens-qi.at\/qishop\/wp-json\/wp\/v2\/media\/8082"}],"wp:attachment":[{"href":"https:\/\/www.lebens-qi.at\/qishop\/wp-json\/wp\/v2\/media?parent=8071"}],"wp:term":[{"taxonomy":"pwb-brand","embeddable":true,"href":"https:\/\/www.lebens-qi.at\/qishop\/wp-json\/wp\/v2\/pwb-brand?post=8071"},{"taxonomy":"product_brand","embeddable":true,"href":"https:\/\/www.lebens-qi.at\/qishop\/wp-json\/wp\/v2\/product_brand?post=8071"},{"taxonomy":"product_cat","embeddable":true,"href":"https:\/\/www.lebens-qi.at\/qishop\/wp-json\/wp\/v2\/product_cat?post=8071"},{"taxonomy":"product_tag","embeddable":true,"href":"https:\/\/www.lebens-qi.at\/qishop\/wp-json\/wp\/v2\/product_tag?post=8071"}],"curies":[{"name":"wp","href":"https:\/\/api.w.org\/{rel}","templated":true}]}}