{"id":8516,"date":"2024-07-18T11:32:07","date_gmt":"2024-07-18T09:32:07","guid":{"rendered":"https:\/\/www.lebens-qi.at\/qishop\/?post_type=product&#038;p=8516"},"modified":"2025-02-10T16:20:17","modified_gmt":"2025-02-10T15:20:17","slug":"erzengel-die-kraft-der-himmlischen-wesen-karten-set","status":"publish","type":"product","link":"https:\/\/www.lebens-qi.at\/qishop\/produkt\/erzengel-die-kraft-der-himmlischen-wesen-karten-set\/","title":{"rendered":"Erzengel &#8211; Die Kraft der himmlischen Wesen &#8211; Karten-Set"},"content":{"rendered":"<p><b>Kartenset: Erzengel &#8211; <\/b><strong>Die Kraft der himmlischen Wesen<\/strong><br \/>\nLichtvolle Botschaften f\u00fcr Heilung, Segen und Liebe &#8211; 40 Karten mit Begleitbuch<br \/>\n<em>von Ulrike Annyma Kern<br \/>\n<\/em><\/p>\n<p>Erzengel und Engelf\u00fcrsten sind H\u00fcter gro\u00dfen Wissens. Ihre Liebe und ihr Segen kennen keine Grenzen. Folgen wir ihrem himmlischen Ruf, lassen sie Wahrheit, Erl\u00f6sung und Gl\u00fcckseligkeit in unser Leben flie\u00dfen. Diese liebevoll gestalteten Engelkarten \u00f6ffnen uns f\u00fcr die Lichtbotschaften der Erzengel, wir werden auf h\u00f6here Bewusstseinsebenen getragen und in die Mysterien des Lebens eingeweiht. Dann sind wir selbst Botschafter der g\u00f6ttlichen Wahrheit, und das Licht der Engel strahlt durch uns. So k\u00f6nnen wir gemeinsam mit den Engeln Himmel und Erde verbinden f\u00fcr eine lichtvollere, liebevollere Welt \u2013 f\u00fcr uns und alle Wesen.<\/p>\n<p>40 Karten (Format: 89 x 127 mm) mit farbigem Begleitbuch<\/p>\n","protected":false},"excerpt":{"rendered":"<p>Lichtvolle Botschaften f\u00fcr Heilung, Segen und Liebe &#8211; 40 Karten mit Begleitbuch<\/p>\n","protected":false},"featured_media":8517,"comment_status":"open","ping_status":"closed","template":"","meta":{"_links_to":"","_links_to_target":""},"pwb-brand":[814],"product_brand":[],"product_cat":[952,879],"product_tag":[873,545,204,667,863,1790],"class_list":{"0":"post-8516","1":"product","2":"type-product","3":"status-publish","4":"has-post-thumbnail","6":"pwb-brand-schirner-verlag","7":"product_cat-engelbuecher-kartendecks","8":"product_cat-engelkarten","9":"product_tag-botschaften","10":"product_tag-engel","11":"product_tag-erzengel","12":"product_tag-kartendeck","13":"product_tag-orakel","14":"product_tag-ulrike-annyma-kern","16":"first","17":"instock","18":"taxable","19":"shipping-taxable","20":"purchasable","21":"product-type-simple"},"blog_post_layout_featured_media_urls":{"thumbnail":["https:\/\/www.lebens-qi.at\/qishop\/wp-content\/uploads\/9146_erzengel-150x150.jpg",150,150,true],"full":["https:\/\/www.lebens-qi.at\/qishop\/wp-content\/uploads\/9146_erzengel.jpg",600,600,false]},"categories":["814"],"categories_names":{"814":{"name":"Schirner Verlag","link":"https:\/\/www.lebens-qi.at\/qishop\/brand\/schirner-verlag\/"}},"comments_number":"0","brands":[{"id":814,"name":"Schirner Verlag","slug":"schirner-verlag"}],"_links":{"self":[{"href":"https:\/\/www.lebens-qi.at\/qishop\/wp-json\/wp\/v2\/product\/8516","targetHints":{"allow":["GET"]}}],"collection":[{"href":"https:\/\/www.lebens-qi.at\/qishop\/wp-json\/wp\/v2\/product"}],"about":[{"href":"https:\/\/www.lebens-qi.at\/qishop\/wp-json\/wp\/v2\/types\/product"}],"replies":[{"embeddable":true,"href":"https:\/\/www.lebens-qi.at\/qishop\/wp-json\/wp\/v2\/comments?post=8516"}],"wp:featuredmedia":[{"embeddable":true,"href":"https:\/\/www.lebens-qi.at\/qishop\/wp-json\/wp\/v2\/media\/8517"}],"wp:attachment":[{"href":"https:\/\/www.lebens-qi.at\/qishop\/wp-json\/wp\/v2\/media?parent=8516"}],"wp:term":[{"taxonomy":"pwb-brand","embeddable":true,"href":"https:\/\/www.lebens-qi.at\/qishop\/wp-json\/wp\/v2\/pwb-brand?post=8516"},{"taxonomy":"product_brand","embeddable":true,"href":"https:\/\/www.lebens-qi.at\/qishop\/wp-json\/wp\/v2\/product_brand?post=8516"},{"taxonomy":"product_cat","embeddable":true,"href":"https:\/\/www.lebens-qi.at\/qishop\/wp-json\/wp\/v2\/product_cat?post=8516"},{"taxonomy":"product_tag","embeddable":true,"href":"https:\/\/www.lebens-qi.at\/qishop\/wp-json\/wp\/v2\/product_tag?post=8516"}],"curies":[{"name":"wp","href":"https:\/\/api.w.org\/{rel}","templated":true}]}}