{"id":8527,"date":"2024-07-18T12:49:48","date_gmt":"2024-07-18T10:49:48","guid":{"rendered":"https:\/\/www.lebens-qi.at\/qishop\/?post_type=product&#038;p=8527"},"modified":"2025-02-10T16:20:16","modified_gmt":"2025-02-10T15:20:16","slug":"ich-bin-ich-karten","status":"publish","type":"product","link":"https:\/\/www.lebens-qi.at\/qishop\/produkt\/ich-bin-ich-karten\/","title":{"rendered":"Ich bin ich! &#8211; Karten"},"content":{"rendered":"<p><b>Karten: Ich bin ich!<\/b><br \/>\n40 Affirmationen und Rituale, die Kinder stark machen<br \/>\n<em>von Alexandra Molina und Stefanie K\u00f6ster<br \/>\n<\/em><\/p>\n<p><b>Unsicherheit, Stress und Leistungsdruck: Aktuelle Studien zeigen, wie sehr schon unsere Kinder unter den Anforderungen unserer krisengesch\u00fcttelten Zeit leiden. Fast jedes dritte Kind weist heute bereits psychische Auff\u00e4lligkeiten auf.<\/b><\/p>\n<p><i>Sorgen Sie sich um die mentale Gesundheit Ihres Kindes?<\/i><\/p>\n<p>In diesem Kartenset vermitteln liebenswerte Tierhelden Ihrem Kind mit 40 best\u00e4rkenden Affirmationen Vertrauen, Mut, Zuversicht, Freude, Leichtigkeit und einen guten Umgang mit starken Gef\u00fchlen. Einfach eine Karte ziehen, Spruch lesen und die kurze \u00dcbung auf der R\u00fcckseite machen.<\/p>\n<p><b>\u00bbIch glaub an mich.\u00ab<\/p>\n<p>\u00bbWas ich sage, ist wichtig.\u00ab<\/p>\n<p>\u00bbIch bin ein Gl\u00fcckskind.\u00ab<\/b><\/p>\n<p>Das m\u00f6gen einfache Aussagen sein, doch ihre Wirkkraft auf eine junge Seele ist enorm. Sie helfen Ihrem Kind dabei, zu einem selbstbewussten und resilienten Erwachsenen heranzuwachsen. Mehr als 26.000 zufriedene Kunden schw\u00f6ren auf die kleinen Rituale am Morgen, vor dem Schlafengehen oder f\u00fcr zwischendurch.<\/p>\n<p><b>Lassen Sie sich begeistern von:<\/b><\/p>\n<p>\u2022 kindgerechten Affirmationen, die Ihr Kind stark machen<br \/>\n\u2022 kleinen Ritualen \u2013 von der zertifizierten Kinder- und Jugendcoachin Alexandra Molina entwickelt<br \/>\n\u2022 liebevoll illustrierten Tierhelden, mit denen sich Ihr Kind leicht identifiziert<br \/>\n\u2022 hochwertig produzierten Karten<\/p>\n<p><b>Jedes Kind verdient es, mit starken positiven Glaubenss\u00e4tzen aufzuwachsen!<\/b><\/p>\n<p>40 gro\u00dfformatige Karten (Format: 100 x 150 mm) mit Anleitung<\/p>\n","protected":false},"excerpt":{"rendered":"<p>40 Affirmationen und Rituale, die Kinder stark machen<\/p>\n","protected":false},"featured_media":8528,"comment_status":"open","ping_status":"closed","template":"","meta":{"_links_to":"","_links_to_target":""},"pwb-brand":[814],"product_brand":[],"product_cat":[862],"product_tag":[1410,1797,667,958,1685,863,1210,1796,1022,1703],"class_list":{"0":"post-8527","1":"product","2":"type-product","3":"status-publish","4":"has-post-thumbnail","6":"pwb-brand-schirner-verlag","7":"product_cat-impulskarten","8":"product_tag-affirmationen","9":"product_tag-alexandra-molina","10":"product_tag-kartendeck","11":"product_tag-kinder","12":"product_tag-mut","13":"product_tag-orakel","14":"product_tag-rituale","15":"product_tag-stefanie-koester","16":"product_tag-vertrauen","17":"product_tag-zuversicht","19":"first","20":"instock","21":"taxable","22":"shipping-taxable","23":"purchasable","24":"product-type-simple"},"blog_post_layout_featured_media_urls":{"thumbnail":["https:\/\/www.lebens-qi.at\/qishop\/wp-content\/uploads\/9181_ich-bin-ich-150x150.jpg",150,150,true],"full":["https:\/\/www.lebens-qi.at\/qishop\/wp-content\/uploads\/9181_ich-bin-ich.jpg",600,600,false]},"categories":["814"],"categories_names":{"814":{"name":"Schirner Verlag","link":"https:\/\/www.lebens-qi.at\/qishop\/brand\/schirner-verlag\/"}},"comments_number":"0","brands":[{"id":814,"name":"Schirner Verlag","slug":"schirner-verlag"}],"_links":{"self":[{"href":"https:\/\/www.lebens-qi.at\/qishop\/wp-json\/wp\/v2\/product\/8527","targetHints":{"allow":["GET"]}}],"collection":[{"href":"https:\/\/www.lebens-qi.at\/qishop\/wp-json\/wp\/v2\/product"}],"about":[{"href":"https:\/\/www.lebens-qi.at\/qishop\/wp-json\/wp\/v2\/types\/product"}],"replies":[{"embeddable":true,"href":"https:\/\/www.lebens-qi.at\/qishop\/wp-json\/wp\/v2\/comments?post=8527"}],"wp:featuredmedia":[{"embeddable":true,"href":"https:\/\/www.lebens-qi.at\/qishop\/wp-json\/wp\/v2\/media\/8528"}],"wp:attachment":[{"href":"https:\/\/www.lebens-qi.at\/qishop\/wp-json\/wp\/v2\/media?parent=8527"}],"wp:term":[{"taxonomy":"pwb-brand","embeddable":true,"href":"https:\/\/www.lebens-qi.at\/qishop\/wp-json\/wp\/v2\/pwb-brand?post=8527"},{"taxonomy":"product_brand","embeddable":true,"href":"https:\/\/www.lebens-qi.at\/qishop\/wp-json\/wp\/v2\/product_brand?post=8527"},{"taxonomy":"product_cat","embeddable":true,"href":"https:\/\/www.lebens-qi.at\/qishop\/wp-json\/wp\/v2\/product_cat?post=8527"},{"taxonomy":"product_tag","embeddable":true,"href":"https:\/\/www.lebens-qi.at\/qishop\/wp-json\/wp\/v2\/product_tag?post=8527"}],"curies":[{"name":"wp","href":"https:\/\/api.w.org\/{rel}","templated":true}]}}