{"id":8878,"date":"2024-08-27T11:33:11","date_gmt":"2024-08-27T09:33:11","guid":{"rendered":"https:\/\/www.lebens-qi.at\/qishop\/produkt\/schutzengel-herz-anhaenger-vergoldet\/"},"modified":"2025-05-03T10:54:03","modified_gmt":"2025-05-03T08:54:03","slug":"schutzengel-herz-anhaenger-vergoldet","status":"publish","type":"product","link":"https:\/\/www.lebens-qi.at\/qishop\/produkt\/schutzengel-herz-anhaenger-vergoldet\/","title":{"rendered":"Schutzengel-Herz Anh\u00e4nger &#8211; vergoldet"},"content":{"rendered":"<p><b>Klassisches Engelmotiv in kleinem Herz &#8211; als Gl\u00fccksbringer und Schutzengel, passend auch als Geschenk f\u00fcr Taufe, Erstkommion oder Firmung. M\u00f6ge dein Engel dich stets begleiten!<\/b><\/p>\n<p>Anh\u00e4nger Schutzengel-Herz<br \/>\npassend zur feinen Gl\u00fcckshalskette<br \/>\n<b>Material:<\/b> Edelstahl mit einer 14K Goldlegierung veredelt<br \/>\n<b>Farbe: <\/b>Gold<br \/>\n<b>Gr\u00f6\u00dfe:<\/b> ca. 1,5 cm<br \/>\nmit Anh\u00e4nger\u00f6se und kleinem eingravierten Gl\u00fccksbuddha auf der R\u00fcckseite des Anh\u00e4ngers<\/p>\n","protected":false},"excerpt":{"rendered":"<p>M\u00f6ge dein Engel dich stets begleiten!<\/p>\n","protected":false},"featured_media":14594,"comment_status":"open","ping_status":"closed","template":"","meta":{"_links_to":"","_links_to_target":""},"pwb-brand":[1860],"product_brand":[],"product_cat":[1902,1852],"product_tag":[117,784,545,1484,1478,118,121,544],"class_list":{"0":"post-8878","1":"product","2":"type-product","3":"status-publish","4":"has-post-thumbnail","6":"pwb-brand-gluecksbringer","7":"product_cat-engelschmuck","8":"product_cat-gluecksbringer","9":"product_tag-anhaenger","10":"product_tag-edelstahl","11":"product_tag-engel","12":"product_tag-gluecksbringer","13":"product_tag-herz","14":"product_tag-schmuck","15":"product_tag-schutz","16":"product_tag-schutzengel","18":"first","19":"instock","20":"taxable","21":"shipping-taxable","22":"purchasable","23":"product-type-simple"},"blog_post_layout_featured_media_urls":{"thumbnail":["https:\/\/www.lebens-qi.at\/qishop\/wp-content\/uploads\/Engel-im-Herz-gold2-150x150.png",150,150,true],"full":["https:\/\/www.lebens-qi.at\/qishop\/wp-content\/uploads\/Engel-im-Herz-gold2.png",800,800,false]},"categories":["1860"],"categories_names":{"1860":{"name":"Gl\u00fccksbringer","link":"https:\/\/www.lebens-qi.at\/qishop\/brand\/gluecksbringer\/"}},"comments_number":"0","brands":[{"id":1860,"name":"Gl\u00fccksbringer","slug":"gluecksbringer"}],"_links":{"self":[{"href":"https:\/\/www.lebens-qi.at\/qishop\/wp-json\/wp\/v2\/product\/8878","targetHints":{"allow":["GET"]}}],"collection":[{"href":"https:\/\/www.lebens-qi.at\/qishop\/wp-json\/wp\/v2\/product"}],"about":[{"href":"https:\/\/www.lebens-qi.at\/qishop\/wp-json\/wp\/v2\/types\/product"}],"replies":[{"embeddable":true,"href":"https:\/\/www.lebens-qi.at\/qishop\/wp-json\/wp\/v2\/comments?post=8878"}],"wp:featuredmedia":[{"embeddable":true,"href":"https:\/\/www.lebens-qi.at\/qishop\/wp-json\/wp\/v2\/media\/14594"}],"wp:attachment":[{"href":"https:\/\/www.lebens-qi.at\/qishop\/wp-json\/wp\/v2\/media?parent=8878"}],"wp:term":[{"taxonomy":"pwb-brand","embeddable":true,"href":"https:\/\/www.lebens-qi.at\/qishop\/wp-json\/wp\/v2\/pwb-brand?post=8878"},{"taxonomy":"product_brand","embeddable":true,"href":"https:\/\/www.lebens-qi.at\/qishop\/wp-json\/wp\/v2\/product_brand?post=8878"},{"taxonomy":"product_cat","embeddable":true,"href":"https:\/\/www.lebens-qi.at\/qishop\/wp-json\/wp\/v2\/product_cat?post=8878"},{"taxonomy":"product_tag","embeddable":true,"href":"https:\/\/www.lebens-qi.at\/qishop\/wp-json\/wp\/v2\/product_tag?post=8878"}],"curies":[{"name":"wp","href":"https:\/\/api.w.org\/{rel}","templated":true}]}}