{"id":9128,"date":"2024-09-06T09:48:00","date_gmt":"2024-09-06T07:48:00","guid":{"rendered":"https:\/\/www.lebens-qi.at\/qishop\/?post_type=product&#038;p=9128"},"modified":"2025-09-24T11:49:36","modified_gmt":"2025-09-24T09:49:36","slug":"bergkristall-obelisk","status":"publish","type":"product","link":"https:\/\/www.lebens-qi.at\/qishop\/produkt\/bergkristall-obelisk\/","title":{"rendered":"Bergkristall Obelisk"},"content":{"rendered":"<p><b>Bergkristall zu einem Obelisken mit 8 Facetten geschliffen<br \/>\n<\/b><br \/>\nFarbe: klar\/wei\u00df<br \/>\nChakrazuordnung:Kronenchakra<br \/>\nThemen: Klarheit<\/p>\n<p>Informationen bez\u00fcglich Eigenschaften, Wirkung, Verwendung bitte in der entsprechenden Literatur nachlesen. Wir d\u00fcrfen diesbez\u00fcglich keinerlei Aussagen treffen. <a href=\"https:\/\/www.lebens-qi.at\/qishop\/produkt-kategorie\/mehr\/buecher\/heilsteine\/\">Eine Auswahl an empfehlenswerten B\u00fcchern gibt es hier.<\/a><\/p>\n<p>Gr\u00f6\u00dfe: ca. 7,5 bis 10 cm hoch<br \/>\nStandfl\u00e4che: ca. 2 cm<br \/>\nHerkunft: Indien<\/p>\n<p>Zum Verst\u00e4rken dieser Wirkung empfehlen wir das regelm\u00e4\u00dfige Einspr\u00fchen mit unserem <a href=\"https:\/\/www.lebens-qi.at\/qishop\/produkt\/reinigung-bergkristall-spray\/\">Bergkristall-Spray<\/a>.<\/p>\n<p><em>Lieferumfang 1 St\u00fcck<br \/>\nSymbolfoto \u2013 bei Steinen sind deutliche Abweichungen in Struktur und Farbe m\u00f6glich!<\/em><\/p>\n<p>&nbsp;<\/p>\n","protected":false},"excerpt":{"rendered":"<p>Stein der Klarheit<\/p>\n","protected":false},"featured_media":9129,"comment_status":"open","ping_status":"closed","template":"","meta":{"_links_to":"","_links_to_target":""},"pwb-brand":[276],"product_brand":[],"product_cat":[1594],"product_tag":[167,627,1679,1768,1583,1769],"class_list":{"0":"post-9128","1":"product","2":"type-product","3":"status-publish","4":"has-post-thumbnail","6":"pwb-brand-mani-bhadra-phoenix-import","7":"product_cat-kugeln-pyramiden-co","8":"product_tag-bergkristall","9":"product_tag-klarheit","10":"product_tag-lichtbringer","11":"product_tag-obelisk","12":"product_tag-quarz","13":"product_tag-steindeko","14":"pa_herkunft-indien","16":"first","17":"instock","18":"taxable","19":"shipping-taxable","20":"purchasable","21":"product-type-simple"},"blog_post_layout_featured_media_urls":{"thumbnail":["https:\/\/www.lebens-qi.at\/qishop\/wp-content\/uploads\/bergkristall-obelisk-150x150.jpg",150,150,true],"full":["https:\/\/www.lebens-qi.at\/qishop\/wp-content\/uploads\/bergkristall-obelisk.jpg",2048,2048,false]},"categories":["276"],"categories_names":{"276":{"name":"Mani Bhadra - Phoenix Import","link":"https:\/\/www.lebens-qi.at\/qishop\/brand\/mani-bhadra-phoenix-import\/"}},"comments_number":"0","brands":[{"id":276,"name":"Mani Bhadra - Phoenix Import","slug":"mani-bhadra-phoenix-import"}],"_links":{"self":[{"href":"https:\/\/www.lebens-qi.at\/qishop\/wp-json\/wp\/v2\/product\/9128","targetHints":{"allow":["GET"]}}],"collection":[{"href":"https:\/\/www.lebens-qi.at\/qishop\/wp-json\/wp\/v2\/product"}],"about":[{"href":"https:\/\/www.lebens-qi.at\/qishop\/wp-json\/wp\/v2\/types\/product"}],"replies":[{"embeddable":true,"href":"https:\/\/www.lebens-qi.at\/qishop\/wp-json\/wp\/v2\/comments?post=9128"}],"wp:featuredmedia":[{"embeddable":true,"href":"https:\/\/www.lebens-qi.at\/qishop\/wp-json\/wp\/v2\/media\/9129"}],"wp:attachment":[{"href":"https:\/\/www.lebens-qi.at\/qishop\/wp-json\/wp\/v2\/media?parent=9128"}],"wp:term":[{"taxonomy":"pwb-brand","embeddable":true,"href":"https:\/\/www.lebens-qi.at\/qishop\/wp-json\/wp\/v2\/pwb-brand?post=9128"},{"taxonomy":"product_brand","embeddable":true,"href":"https:\/\/www.lebens-qi.at\/qishop\/wp-json\/wp\/v2\/product_brand?post=9128"},{"taxonomy":"product_cat","embeddable":true,"href":"https:\/\/www.lebens-qi.at\/qishop\/wp-json\/wp\/v2\/product_cat?post=9128"},{"taxonomy":"product_tag","embeddable":true,"href":"https:\/\/www.lebens-qi.at\/qishop\/wp-json\/wp\/v2\/product_tag?post=9128"}],"curies":[{"name":"wp","href":"https:\/\/api.w.org\/{rel}","templated":true}]}}