{"id":9267,"date":"2024-09-23T14:32:15","date_gmt":"2024-09-23T12:32:15","guid":{"rendered":"https:\/\/www.lebens-qi.at\/qishop\/?post_type=product&#038;p=9267"},"modified":"2024-12-11T11:19:35","modified_gmt":"2024-12-11T10:19:35","slug":"lebenskraft-anhaenger","status":"publish","type":"product","link":"https:\/\/www.lebens-qi.at\/qishop\/produkt\/lebenskraft-anhaenger\/","title":{"rendered":"Lebenskraft Anh\u00e4nger"},"content":{"rendered":"<div class=\"content--description\">\n<div class=\"product--description\">\n<p><strong>Lebenskraft Anh\u00e4nger aus echtem Silber mit Peridot<\/strong><br \/>\nAus einem kleinen Samenkorn sprie\u00dft ein zartes Pfl\u00e4nzchen und wird zu einem starken Baum. Wie stark ist die Kraft, die dieses Leben hervorbringt!<br \/>\nDieses Schmuckst\u00fcck erinnert uns daran, dass wir alles, was wir mit unserer innenwohnenden Lebenskraft konzentriert mit Energie n\u00e4hren, zu einem starkem Baum heranw\u00e4chst, welcher uns dann sch\u00fctzend zur Seite steht. Wir sind die Sch\u00f6pfer unserer eigenen Wirklichkeit!<\/p>\n<p>Anh\u00e4nger Lebenskraft<br \/>\npassend f\u00fcr Halsketten oder Textilb\u00e4nder<br \/>\n<b>Material:<\/b> 925er Silber, Peridot<br \/>\n<b>Farbe: <\/b>Silber\/Hellgr\u00fcn<br \/>\n<b>Gr\u00f6\u00dfe:<\/b> ca. 23 mm<br \/>\nmit Anh\u00e4nger\u00f6se, Peridot gefasst<\/p>\n<p><em><strong>Hinweis:<\/strong> Lieferumfang ohne Kette oder Band &#8211; <a href=\"https:\/\/www.lebens-qi.at\/qishop\/produkt-kategorie\/mehr\/schmuck-mit-wirkung\/ketten-baender\/\">bitte separat bestellen<\/a>!<\/em><\/p>\n<\/div>\n<\/div>\n","protected":false},"excerpt":{"rendered":"<p>echt Silber mit Peridot<\/p>\n","protected":false},"featured_media":9268,"comment_status":"open","ping_status":"closed","template":"","meta":{"_links_to":"","_links_to_target":""},"pwb-brand":[307],"product_brand":[],"product_cat":[1011],"product_tag":[117,1501,1577,118,1241],"class_list":{"0":"post-9267","1":"product","2":"type-product","3":"status-publish","4":"has-post-thumbnail","6":"pwb-brand-berk","7":"product_cat-symbolschmuck","8":"product_tag-anhaenger","9":"product_tag-lebenskraft","10":"product_tag-peridot","11":"product_tag-schmuck","12":"product_tag-silber","14":"first","15":"instock","16":"taxable","17":"shipping-taxable","18":"purchasable","19":"product-type-simple"},"blog_post_layout_featured_media_urls":{"thumbnail":["https:\/\/www.lebens-qi.at\/qishop\/wp-content\/uploads\/P-413_1-lebenskraft-anhaenger-150x150.jpg",150,150,true],"full":["https:\/\/www.lebens-qi.at\/qishop\/wp-content\/uploads\/P-413_1-lebenskraft-anhaenger.jpg",600,600,false]},"categories":["307"],"categories_names":{"307":{"name":"Berk","link":"https:\/\/www.lebens-qi.at\/qishop\/brand\/berk\/"}},"comments_number":"0","brands":[{"id":307,"name":"Berk","slug":"berk"}],"_links":{"self":[{"href":"https:\/\/www.lebens-qi.at\/qishop\/wp-json\/wp\/v2\/product\/9267","targetHints":{"allow":["GET"]}}],"collection":[{"href":"https:\/\/www.lebens-qi.at\/qishop\/wp-json\/wp\/v2\/product"}],"about":[{"href":"https:\/\/www.lebens-qi.at\/qishop\/wp-json\/wp\/v2\/types\/product"}],"replies":[{"embeddable":true,"href":"https:\/\/www.lebens-qi.at\/qishop\/wp-json\/wp\/v2\/comments?post=9267"}],"wp:featuredmedia":[{"embeddable":true,"href":"https:\/\/www.lebens-qi.at\/qishop\/wp-json\/wp\/v2\/media\/9268"}],"wp:attachment":[{"href":"https:\/\/www.lebens-qi.at\/qishop\/wp-json\/wp\/v2\/media?parent=9267"}],"wp:term":[{"taxonomy":"pwb-brand","embeddable":true,"href":"https:\/\/www.lebens-qi.at\/qishop\/wp-json\/wp\/v2\/pwb-brand?post=9267"},{"taxonomy":"product_brand","embeddable":true,"href":"https:\/\/www.lebens-qi.at\/qishop\/wp-json\/wp\/v2\/product_brand?post=9267"},{"taxonomy":"product_cat","embeddable":true,"href":"https:\/\/www.lebens-qi.at\/qishop\/wp-json\/wp\/v2\/product_cat?post=9267"},{"taxonomy":"product_tag","embeddable":true,"href":"https:\/\/www.lebens-qi.at\/qishop\/wp-json\/wp\/v2\/product_tag?post=9267"}],"curies":[{"name":"wp","href":"https:\/\/api.w.org\/{rel}","templated":true}]}}