{"id":9728,"date":"2024-10-03T10:50:25","date_gmt":"2024-10-03T08:50:25","guid":{"rendered":"https:\/\/www.lebens-qi.at\/qishop\/?post_type=product&#038;p=9728"},"modified":"2024-12-10T11:24:08","modified_gmt":"2024-12-10T10:24:08","slug":"die-weisheit-der-drachen-karten","status":"publish","type":"product","link":"https:\/\/www.lebens-qi.at\/qishop\/produkt\/die-weisheit-der-drachen-karten\/","title":{"rendered":"Die Weisheit der Drachen &#8211; Karten"},"content":{"rendered":"<p><b>Karten: Die Weisheit der Drachen<br \/>\n<\/b>Das Orakel &#8211; 44 Karten &amp; Begleitbuch<br \/>\n<em>von Diana Cooper<br \/>\n<\/em><\/p>\n<p><strong>Drachen sind m\u00e4chtige, weise Seelenbegleiter, die uns aus der geistigen Welt geschickt werden.<\/strong> Mit dem neuen Kartenset von Diana Cooper wird es m\u00f6glich, sich auf spielerische Weise mit ihnen zu verbinden und ihre starken Energien in unser Leben zu holen. So erhalten wir Hilfe und Schutz, k\u00f6nnen unser spirituelles Wachstum f\u00f6rdern und unsere Seelenaufgabe erf\u00fcllen.<\/p>\n<p>Die 44 wundersch\u00f6n gestalteten Karten enthalten jeweils eine kurze Beschreibung, was jeder einzelne Drache bewirken kann, sowie eine Botschaft, wie wir seine Kraft bestm\u00f6glich zu unserem Wohl und zum Besten der Erde einsetzen. Das Begleitbuch bietet praktische Anleitung und eine vertiefende Deutung der Karten.<\/p>\n<p>44 Karten mit Begleitbuch<\/p>\n","protected":false},"excerpt":{"rendered":"<p>Das Orakel &#8211; 44 Karten &amp; Begleitbuch<\/p>\n","protected":false},"featured_media":9729,"comment_status":"open","ping_status":"closed","template":"","meta":{"_links_to":"","_links_to_target":""},"pwb-brand":[897],"product_brand":[],"product_cat":[887],"product_tag":[884,890,667,863,121,2001,2002,2003],"class_list":{"0":"post-9728","1":"product","2":"type-product","3":"status-publish","4":"has-post-thumbnail","6":"pwb-brand-ansata","7":"product_cat-schamanismus-krafttiere","8":"product_tag-diana-cooper","9":"product_tag-drachen","10":"product_tag-kartendeck","11":"product_tag-orakel","12":"product_tag-schutz","13":"product_tag-seelenbegleiter","14":"product_tag-spiritualiaet","15":"product_tag-wachstum","17":"first","18":"instock","19":"taxable","20":"shipping-taxable","21":"purchasable","22":"product-type-simple"},"blog_post_layout_featured_media_urls":{"thumbnail":["https:\/\/www.lebens-qi.at\/qishop\/wp-content\/uploads\/4250939400013-X-weisheit-der-drachen-150x150.jpg",150,150,true],"full":["https:\/\/www.lebens-qi.at\/qishop\/wp-content\/uploads\/4250939400013-X-weisheit-der-drachen.jpg",648,648,false]},"categories":["897"],"categories_names":{"897":{"name":"Ansata","link":"https:\/\/www.lebens-qi.at\/qishop\/brand\/ansata\/"}},"comments_number":"0","brands":[{"id":897,"name":"Ansata","slug":"ansata"}],"_links":{"self":[{"href":"https:\/\/www.lebens-qi.at\/qishop\/wp-json\/wp\/v2\/product\/9728","targetHints":{"allow":["GET"]}}],"collection":[{"href":"https:\/\/www.lebens-qi.at\/qishop\/wp-json\/wp\/v2\/product"}],"about":[{"href":"https:\/\/www.lebens-qi.at\/qishop\/wp-json\/wp\/v2\/types\/product"}],"replies":[{"embeddable":true,"href":"https:\/\/www.lebens-qi.at\/qishop\/wp-json\/wp\/v2\/comments?post=9728"}],"wp:featuredmedia":[{"embeddable":true,"href":"https:\/\/www.lebens-qi.at\/qishop\/wp-json\/wp\/v2\/media\/9729"}],"wp:attachment":[{"href":"https:\/\/www.lebens-qi.at\/qishop\/wp-json\/wp\/v2\/media?parent=9728"}],"wp:term":[{"taxonomy":"pwb-brand","embeddable":true,"href":"https:\/\/www.lebens-qi.at\/qishop\/wp-json\/wp\/v2\/pwb-brand?post=9728"},{"taxonomy":"product_brand","embeddable":true,"href":"https:\/\/www.lebens-qi.at\/qishop\/wp-json\/wp\/v2\/product_brand?post=9728"},{"taxonomy":"product_cat","embeddable":true,"href":"https:\/\/www.lebens-qi.at\/qishop\/wp-json\/wp\/v2\/product_cat?post=9728"},{"taxonomy":"product_tag","embeddable":true,"href":"https:\/\/www.lebens-qi.at\/qishop\/wp-json\/wp\/v2\/product_tag?post=9728"}],"curies":[{"name":"wp","href":"https:\/\/api.w.org\/{rel}","templated":true}]}}